{"id":794,"date":"2021-01-15T11:41:08","date_gmt":"2021-01-15T10:41:08","guid":{"rendered":"http:\/\/paryskiesalonyromantykow.pl\/?page_id=794"},"modified":"2021-01-15T11:41:08","modified_gmt":"2021-01-15T10:41:08","slug":"potomkowie-narcyzy-zmichowskiej","status":"publish","type":"page","link":"https:\/\/paryskiesalonyromantykow.pl\/index.php\/potomkowie-narcyzy-zmichowskiej\/","title":{"rendered":"Potomkowie Narcyzy \u017bmichowskiej"},"content":{"rendered":"\n<figure class=\"wp-block-image size-large\"><img loading=\"lazy\" width=\"1024\" height=\"576\" src=\"https:\/\/paryskiesalonyromantykow.pl\/wp-content\/uploads\/2021\/01\/pjimage-10-3-1024x576.jpg\" alt=\"\" class=\"wp-image-795\" srcset=\"https:\/\/paryskiesalonyromantykow.pl\/wp-content\/uploads\/2021\/01\/pjimage-10-3-1024x576.jpg 1024w, https:\/\/paryskiesalonyromantykow.pl\/wp-content\/uploads\/2021\/01\/pjimage-10-3-300x169.jpg 300w, https:\/\/paryskiesalonyromantykow.pl\/wp-content\/uploads\/2021\/01\/pjimage-10-3-768x432.jpg 768w, https:\/\/paryskiesalonyromantykow.pl\/wp-content\/uploads\/2021\/01\/pjimage-10-3-1536x864.jpg 1536w, https:\/\/paryskiesalonyromantykow.pl\/wp-content\/uploads\/2021\/01\/pjimage-10-3.jpg 1920w\" sizes=\"(max-width: 1024px) 100vw, 1024px\" \/><figcaption>Narcyza \u017bmichowska oraz potomkowie jej si\u00f3str &#8211; Oscar Michu\u0142ka i Weronika Rostworowska-Kenig<\/figcaption><\/figure>\n\n\n\n<p><em>Narcyza \u017bmichowska, poetka, pisarka i edukatorka, nie doczeka\u0142a si\u0119 potomstwa, lecz jej siostry, Kornelia i Lilia mia\u0142y dzieci, kt\u00f3rych potomkowie \u017cyj\u0105 do dzi\u015b. Praprawnuk Lilii ze \u017bmichowskich i Jana Macieja Zalewskiego, Oscar Michu\u0142ka, aktualnie studiuje prawo w W\u00fcrzburgu w Niemczech, a Weronika Rostworowska-Kenig, praprawnuczka Kornelii ze \u017bmichowskich i jej m\u0119\u017ca Karola Glogera, pracuje jako historyk sztuki w Krakowie.<\/em><\/p>\n\n\n\n<p><strong>Paryskie salony romantyk\u00f3w: Na pocz\u0105tek o rodzinie. Jan i Wiktoria \u017bmichowscy mieli dziesi\u0119cioro dzieci, z kt\u00f3rych jedynie najm\u0142odsza Narcyza zdoby\u0142a s\u0142aw\u0119. Jakie by\u0142y losy jej starszych si\u00f3str, Lilii i Kornelii?<\/strong><\/p>\n\n\n\n<p>Oscar Michu\u0142ka: Lilia \u017bmichowska wysz\u0142a ok. 1840 roku za Jana Zalewskiego, kt\u00f3ry by\u0142 ju\u017c wdowcem. Stefania Paprocka, najm\u0142odsza c\u00f3rka pary opisuje jej matk\u0119 Lilli\u0119 Zalewsk\u0105 jako kobiet\u0119 szlachetn\u0105, wysoce wykszta\u0142con\u0105 i gor\u0105c\u0105 patriotk\u0119. Lilia jak wszystkie jej siostry sko\u0144czy\u0142y znan\u0105 w\u00f3wczas pensj\u0119 pani Wilczy\u0144skiej. Ciotka Lewi\u0144ska, m\u0142odo owdowia\u0142a i maj\u0119tna by\u0142a opiekunk\u0105 ca\u0142ej rodziny, kt\u00f3ra na wszystkie \u015bwi\u0119ta i wakacje u niej si\u0119 gromadzi\u0142a. Wed\u0142ug Stefanii Paprockiej jej matka i ciotki odznacza\u0142y si\u0119 niezwyk\u0142\u0105 urod\u0105, wszystkie opr\u00f3cz Narcyzy \u017bmichowskiej. Jan Zalewski by\u0142 profesorem w Korpusie Kadet\u00f3w w Kaliszu. By\u0142a to elitarna szko\u0142a wojskowa dla dzieci szlacheckich w zaborze pruskim. Jan Zalewski by\u0142 cz\u0142owiekiem m\u0105drym i wykszta\u0142conym. Z pierwszego ma\u0142\u017ce\u0144stwa mia\u0142 dw\u00f3ch syn\u00f3w: Adama i Stanis\u0142awa Zalewskiego. Obaj byli prawnikami. Adam by\u0142 s\u0119dzi\u0105 w pocz\u0105tkowym okresie swojej kariery. Nast\u0119pnie pe\u0142ni\u0142 wysok\u0105 funkcj\u0119 urz\u0119dnicz\u0105 w Banku Polskim w Warszawie. Stanis\u0142aw Zalewski, kt\u00f3ry si\u0119 urodzi\u0142 w 1823 r. zwi\u0105za\u0142 si\u0119 adwokatur\u0105 podczas swojego \u017cycia zawodowego. By\u0142 doktorem prawa, mecenasem, utalentowanym prawnikiem i dodatkowo \u015bwietnym m\u00f3wc\u0105. Po\u015bwi\u0119ca\u0142 du\u017co czasu na pisaniu i opracowaniu rozpraw z zakresu prawa. Za udzia\u0142 w Powstaniu Styczniowym zosta\u0142 zes\u0142any do Jadrynia, z kt\u00f3rego powr\u00f3ci\u0142 w 1865 r. \u017bon\u0105 Stanis\u0142awa Zalewskiego by\u0142a Balbina z Wo\u0142owskich. Najstarszym synem z zwi\u0105zku Lilli \u017bmichowskiej i Jana Zalewskiego by\u0142 Erazm, nast\u0119pnym urodzonym w 1842 roku J\u00f3zef, a najm\u0142odszym dzieckiem by\u0142a Stefania Paprocka. J\u00f3zef Zalewski kszta\u0142ci\u0142 si\u0119 nast\u0119pnie w zakresie prawa na Uniwersytecie w Petersburgu oraz uko\u0144czy\u0142 studia in\u017cynierskie w Gandawie. Dzi\u0119ki pomocy jego przyrodniego brata Stanis\u0142awa mia\u0142 mo\u017cliwo\u015b\u0107 kszta\u0142cenia si\u0119. Erazm chodzi\u0142 na wydzia\u0142 lekarski tak\u017ce w Petersburgu. Podobnie jak jego bracia bra\u0142 udzia\u0142 w Powstaniu Styczniowym, za co wywieziony zosta\u0142 na zsy\u0142k\u0119 do Jadrynia. Po powrocie z zes\u0142ania, dzi\u0119ki pomocy brata Stanis\u0142awa i po swoich uko\u0144czonych studiach J\u00f3zef rozpocz\u0105\u0142 aplikacj\u0119 w s\u0105dzie i podj\u0105\u0142 prac\u0119 w resorcie s\u0105downiczym. By\u0142 s\u0119dzi\u0105 S\u0105du Okr\u0119gowego w Siedlicach, a nast\u0119pnie zdoby\u0142 powszechny szacunek w Warszawie pe\u0142ni\u0105c obowi\u0105zki rejenta. Z ma\u0142\u017ce\u0144stwa z Henryk\u0105 Kisielnick\u0105 doczeka\u0142 si\u0119 5 c\u00f3rek.<\/p>\n\n\n\n<p>Weronika Rostworowska-Kenig: Szczerze powiedziawszy nie wiem zbyt wiele. Wi\u0119cej informacji posiadam na temat jej c\u00f3rki, Marii Rostworowskiej. Zas\u0142yn\u0119\u0142a ona jako matka wielkich artyst\u00f3w. Mia\u0142a bardzo zdolne dzieci \u2013 Stanis\u0142aw Jakub zosta\u0142 s\u0142ynnym malarzem, inny syn, Tadeusz, znanym wile\u0144skim architektem, jeszcze inny, Karol, kompozytorem\u2026 Wida\u0107 ewidentnie, \u017ce krew ma na takie rzeczy wp\u0142yw.<\/p>\n\n\n\n<p><strong>PSR: Czy w Pa\u0144stwa rodzinie m\u00f3wi\u0142o si\u0119 o tym, \u017ce siostra prababci by\u0142a wielk\u0105 artystk\u0105? Opowiada\u0142o historie rodzinne, nieznane biografom?<\/strong><\/p>\n\n\n\n<p>OM: Niestety nie m\u00f3wi\u0142o si\u0119, \u017ce siostra Lili \u017bmichowskiej by\u0142a znan\u0105 polsk\u0105 artystk\u0105. Matka mojej babci Janiny Michalak, Wanda Pniewska umar\u0142a w m\u0142odym wieku. Jej Ojciec Zygmunt Mintowt-Czy\u017c nie opowiada\u0142 mojej babci o \u017cyciu Narcyzy \u017bmichowskiej. Trudno jest oceni\u0107, dlaczego nie by\u0142o rozm\u00f3w na temat wielkiej artystki. Z jednej strony powodem braku rozm\u00f3w o Narcyzie by\u0142a mo\u017cliwa niewiedza ze strony rodziny o spokrewnieniu z ni\u0105. Drug\u0105 mo\u017cliwo\u015bci\u0105 jest celowe omini\u0119cie tematu Narcyzy \u017bmichowskiej z powodu jej politycznych i osobistych pogl\u0105d\u00f3w. M\u00f3j pradziadek Zygmunt Mintowt-Czy\u017c by\u0142 bardzo wierz\u0105c\u0105 osob\u0105. Oczywi\u015bcie nie ma na to \u017cadnych dowod\u00f3w, ale mog\u0142a zaistnie\u0107 taka sytuacja, \u017ce bliska rodzina mojej babci wstydzi\u0142a si\u0119 Narcyzy z powodu jej orientacji seksualnej. Na ten czas Narcyza \u017bmichowska mia\u0142a bardzo liberalne pogl\u0105dy i jej dzia\u0142alno\u015b\u0107 zwr\u00f3ci\u0142a uwag\u0119 na rol\u0119 i znaczenie kszta\u0142cenia kobiet w spo\u0142ecze\u0144stwie. Moja babcia dowiedzia\u0142a si\u0119 o Narcyzie podczas sporz\u0105dzania drzewa genealogicznego naszej rodziny przez Juliusza Madali\u0144skiego.<\/p>\n\n\n\n<p>WRK: Nie, u mnie w domu zupe\u0142nie si\u0119 o tym nie m\u00f3wi\u0142o, sama do tego dosz\u0142am podczas badania genealogii swojej rodziny. Zastanawiam si\u0119, dlaczego tak by\u0142o. Mo\u017ce chodzi\u0142o o to, \u017ce Rostworowscy s\u0105 bardzo konserwatywn\u0105 rodzin\u0105, a Narcyza to posta\u0107 do\u015b\u0107 kontrowersyjna.<\/p>\n\n\n\n<p><strong>PSR: Znaj\u0105 Pa\u0144stwo tw\u00f3rczo\u015b\u0107 Narcyzy \u017bmichowskiej? Niestety nie ma jej obecnie w kanonie lektur, a przecie\u017c dla wsp\u00f3\u0142czesnych stanowi\u0142a objawienie.<\/strong><\/p>\n\n\n\n<p>OM: Przeczyta\u0142em jedn\u0105 ksi\u0105\u017ck\u0119 Narcyzy \u017bmichowskiej, mianowicie \u201ePogank\u0119\u201d.<\/p>\n\n\n\n<p>WRK: Znam dwie jej utwory. Oczywi\u015bcie \u201ePogank\u0119\u201d, cho\u0107 nie przeczyta\u0142am jej od deski do deski, a tak\u017ce jej dzie\u0142o o byciu matk\u0105 \u2013 \u201eKsi\u0105\u017cka pami\u0105tek\u201d. Co do kanonu lektur, my\u015bl\u0119, \u017ce czytanie \u201ePoganki\u201d bez kontekstu mo\u017ce by\u0107 trudne. T\u0119 powie\u015b\u0107 trzeba przedstawi\u0107 w szerokim kontek\u015bcie, wskaza\u0107 nawi\u0105zania i aluzje\u2026 \u017beby j\u0105 dobrze om\u00f3wi\u0107, lepsze by\u0142yby spotkania i dyskusje ni\u017c lekcje w szkole.<\/p>\n\n\n\n<p><strong>PSR: Jakie dla Pa\u0144stwa osobi\u015bcie ma znaczenie romantyzm? Muzyka Chopina, poezja Mickiewicza i S\u0142owackiego? A mo\u017ce wol\u0105 Pa\u0144stwo zagranicznych artyst\u00f3w?<\/strong><\/p>\n\n\n\n<p>OM: Kiedy chodzi\u0142em do szko\u0142y w du\u017cym stopniu zajmowa\u0142em si\u0119 okresem romantyzmu. Z powodu sta\u0142ego zamieszkania w Niemczech, mia\u0142em du\u017cy kontakt z niemieckim romantyzmem. Najbardziej znani tw\u00f3rcy tego okresu to dla mnie Joseph von Eichendorff, E. T. A. Hoffmann oraz bracia Wilhelm Karl i Jacob Ludwig Karl Grimmowie. Du\u017ce znaczenie i zainteresowanie budzi\u0142o we mnie motywy romantyzmu w muzyce Beethovena lub Schuberta. Ponadto r\u00f3wnie\u017c mia\u0142em styczno\u015b\u0107 z malarstwem Caspar David Friedricha lub Francisco de Goya. Oczywi\u015bcie nie zajmowa\u0142em si\u0119 tylko niemieckim romantyzmem. W moim wolnym czasie czyta\u0142em kanony lektur polskiego szkolnictwa. Z tego powodu poezja Mickiewicza i S\u0142owackiego by\u0142a dla mnie r\u00f3wnie\u017c znana i wa\u017cna, jak i innych przedstawicieli tego okresu. Du\u017c\u0105 s\u0142aw\u0105 cieszy si\u0119 oczywi\u015bcie muzyka Chopina w Niemczech. Aktualnie w moim wolnym czasie ch\u0119tnie s\u0142ucham muzyki najwa\u017cniejszych kompozyt\u00f3w romantyzmu.<\/p>\n\n\n\n<p>WRK: Mam do tego do\u015b\u0107 przekorny stosunek. Nie ograniczam si\u0119 wy\u0142\u0105cznie do tego okresu. S\u0142ucham bardzo du\u017co muzyki klasycznej, regularnie chodz\u0119 na koncerty.&nbsp; Literatura r\u00f3wnie\u017c mnie interesuje, mo\u017cna powiedzie\u0107, \u017ce z m\u0119\u017cem prowadzimy dom kulturalny. Nie wiem, czy ogranicza\u0142abym si\u0119 do romantyzmu. R\u00f3wnie\u017c w pracy mam wiele styczno\u015bci ze sztuk\u0105. Z muzyki romantycznej s\u0142ucham Chopina, ale niezbyt du\u017co. Wol\u0119 wcze\u015bniejsze epoki \u2013 muzyk\u0119 \u015bredniowieczn\u0105, ale tak\u017ce Bacha, H\u00e4ndela i Vivaldiego.<\/p>\n\n\n\n<p><strong>PSR: Jak\u0105 rol\u0119 odgrywa poezja i muzyka w Pa\u0144stwa \u017cyciu? Zajmuj\u0105 si\u0119 Pa\u0144stwo mo\u017ce jak\u0105\u015b dziedzin\u0105 sztuki?<\/strong><\/p>\n\n\n\n<p>WRK: Sama nie tworz\u0119. Przyznam, \u017ce kiedy\u015b pr\u00f3bowa\u0142am malowa\u0107. M\u00f3j dziadek i babcia byli malarzami, oboje uko\u0144czyli krakowsk\u0105 Akademi\u0119 Sztuk Pi\u0119knych. Ja nie mam tej iskry bo\u017cej, ale studiowa\u0142am histori\u0119 sztuki i tym si\u0119 od 16 lat zajmuj\u0119, cho\u0107 to raczej odtw\u00f3rcze.<\/p>\n","protected":false},"excerpt":{"rendered":"<p>Narcyza \u017bmichowska, poetka, pisarka i edukatorka, nie doczeka\u0142a si\u0119 potomstwa, lecz jej siostry, Kornelia i Lilia mia\u0142y dzieci, kt\u00f3rych potomkowie \u017cyj\u0105 do dzi\u015b. Praprawnuk Lilii ze \u017bmichowskich i Jana Macieja Zalewskiego, Oscar Michu\u0142ka, aktualnie studiuje prawo w W\u00fcrzburgu w Niemczech, a Weronika Rostworowska-Kenig, praprawnuczka Kornelii ze \u017bmichowskich i jej m\u0119\u017ca Karola Glogera, pracuje jako historyk [&hellip;]<\/p>\n","protected":false},"author":1,"featured_media":0,"parent":0,"menu_order":0,"comment_status":"closed","ping_status":"closed","template":"","meta":[],"_links":{"self":[{"href":"https:\/\/paryskiesalonyromantykow.pl\/index.php\/wp-json\/wp\/v2\/pages\/794"}],"collection":[{"href":"https:\/\/paryskiesalonyromantykow.pl\/index.php\/wp-json\/wp\/v2\/pages"}],"about":[{"href":"https:\/\/paryskiesalonyromantykow.pl\/index.php\/wp-json\/wp\/v2\/types\/page"}],"author":[{"embeddable":true,"href":"https:\/\/paryskiesalonyromantykow.pl\/index.php\/wp-json\/wp\/v2\/users\/1"}],"replies":[{"embeddable":true,"href":"https:\/\/paryskiesalonyromantykow.pl\/index.php\/wp-json\/wp\/v2\/comments?post=794"}],"version-history":[{"count":1,"href":"https:\/\/paryskiesalonyromantykow.pl\/index.php\/wp-json\/wp\/v2\/pages\/794\/revisions"}],"predecessor-version":[{"id":797,"href":"https:\/\/paryskiesalonyromantykow.pl\/index.php\/wp-json\/wp\/v2\/pages\/794\/revisions\/797"}],"wp:attachment":[{"href":"https:\/\/paryskiesalonyromantykow.pl\/index.php\/wp-json\/wp\/v2\/media?parent=794"}],"curies":[{"name":"wp","href":"https:\/\/api.w.org\/{rel}","templated":true}]}}