{"id":650,"date":"2021-01-13T12:52:20","date_gmt":"2021-01-13T11:52:20","guid":{"rendered":"http:\/\/paryskiesalonyromantykow.pl\/?page_id=650"},"modified":"2021-01-13T12:52:21","modified_gmt":"2021-01-13T11:52:21","slug":"kontakt-2","status":"publish","type":"page","link":"https:\/\/paryskiesalonyromantykow.pl\/index.php\/kontakt-2\/","title":{"rendered":"Kontakt"},"content":{"rendered":"\n<p class=\"has-text-align-center\">Znajdziecie mnie w mediach spo\u0142eczno\u015bciowych:<\/p>\n\n\n\n<p class=\"has-text-align-center\"><a href=\"https:\/\/www.facebook.com\/paryskiesalonyromantykow\">Facebook<\/a><\/p>\n\n\n\n<p class=\"has-text-align-center\"><a href=\"https:\/\/www.instagram.com\/paryskiesalonyromantykow\/\">Instagram<\/a><\/p>\n\n\n\n<p class=\"has-text-align-center\"><a href=\"https:\/\/patronite.pl\/paryskiesalonyromantykow\">Patronite<\/a><\/p>\n\n\n\n<p class=\"has-text-align-center\">Mo\u017cecie r\u00f3wnie\u017c skontaktowa\u0107 si\u0119 ze mn\u0105 poprzez e-mail:<\/p>\n\n\n\n<p class=\"has-text-align-center\">paryskiesalonyromantykow@gmail.com<\/p>\n","protected":false},"excerpt":{"rendered":"<p>Znajdziecie mnie w mediach spo\u0142eczno\u015bciowych: Facebook Instagram Patronite Mo\u017cecie r\u00f3wnie\u017c skontaktowa\u0107 si\u0119 ze mn\u0105 poprzez e-mail: paryskiesalonyromantykow@gmail.com<\/p>\n","protected":false},"author":1,"featured_media":0,"parent":0,"menu_order":0,"comment_status":"closed","ping_status":"closed","template":"","meta":[],"_links":{"self":[{"href":"https:\/\/paryskiesalonyromantykow.pl\/index.php\/wp-json\/wp\/v2\/pages\/650"}],"collection":[{"href":"https:\/\/paryskiesalonyromantykow.pl\/index.php\/wp-json\/wp\/v2\/pages"}],"about":[{"href":"https:\/\/paryskiesalonyromantykow.pl\/index.php\/wp-json\/wp\/v2\/types\/page"}],"author":[{"embeddable":true,"href":"https:\/\/paryskiesalonyromantykow.pl\/index.php\/wp-json\/wp\/v2\/users\/1"}],"replies":[{"embeddable":true,"href":"https:\/\/paryskiesalonyromantykow.pl\/index.php\/wp-json\/wp\/v2\/comments?post=650"}],"version-history":[{"count":1,"href":"https:\/\/paryskiesalonyromantykow.pl\/index.php\/wp-json\/wp\/v2\/pages\/650\/revisions"}],"predecessor-version":[{"id":652,"href":"https:\/\/paryskiesalonyromantykow.pl\/index.php\/wp-json\/wp\/v2\/pages\/650\/revisions\/652"}],"wp:attachment":[{"href":"https:\/\/paryskiesalonyromantykow.pl\/index.php\/wp-json\/wp\/v2\/media?parent=650"}],"curies":[{"name":"wp","href":"https:\/\/api.w.org\/{rel}","templated":true}]}}