{"id":470,"date":"2021-01-10T15:26:51","date_gmt":"2021-01-10T14:26:51","guid":{"rendered":"http:\/\/paryskiesalonyromantykow.pl\/?page_id=470"},"modified":"2021-11-13T20:27:28","modified_gmt":"2021-11-13T19:27:28","slug":"aleksander-mickiewicz","status":"publish","type":"page","link":"https:\/\/paryskiesalonyromantykow.pl\/index.php\/aleksander-mickiewicz\/","title":{"rendered":"Aleksander Mickiewicz"},"content":{"rendered":"\n<figure class=\"wp-block-table aligncenter is-style-stripes\"><table><tbody><tr><td class=\"has-text-align-left\" data-align=\"left\"><img loading=\"lazy\" width=\"1000\" height=\"1000\" class=\"wp-image-471\" style=\"width: 200px;\" src=\"http:\/\/paryskiesalonyromantykow.pl\/wp-content\/uploads\/2021\/01\/pjimage-23.jpg\" alt=\"\" srcset=\"https:\/\/paryskiesalonyromantykow.pl\/wp-content\/uploads\/2021\/01\/pjimage-23.jpg 1000w, https:\/\/paryskiesalonyromantykow.pl\/wp-content\/uploads\/2021\/01\/pjimage-23-300x300.jpg 300w, https:\/\/paryskiesalonyromantykow.pl\/wp-content\/uploads\/2021\/01\/pjimage-23-150x150.jpg 150w, https:\/\/paryskiesalonyromantykow.pl\/wp-content\/uploads\/2021\/01\/pjimage-23-768x768.jpg 768w\" sizes=\"(max-width: 1000px) 100vw, 1000px\" \/><\/td><td>Aleksander Andrzej Stefan Mickiewicz<\/td><\/tr><tr><td class=\"has-text-align-left\" data-align=\"left\"><strong>Data i miejsce urodzenia<\/strong><\/td><td>3 maja 1842 roku<br>Pary\u017c<\/td><\/tr><tr><td class=\"has-text-align-left\" data-align=\"left\"><strong>Data i miejsce \u015bmierci<\/strong><\/td><td>27 listopada 1864 roku<br>Berlin<\/td><\/tr><tr><td class=\"has-text-align-left\" data-align=\"left\"><strong>Rodzice<\/strong><\/td><td><a href=\"https:\/\/paryskiesalonyromantykow.pl\/index.php\/adam-mickiewicz\/\">Adam Mickiewicz (1798-1855)<\/a><br><a href=\"https:\/\/paryskiesalonyromantykow.pl\/index.php\/celina-mickiewiczowa\/\" data-type=\"page\" data-id=\"157\">Celina z Szymanowskich (1812-1855)<\/a><\/td><\/tr><tr><td class=\"has-text-align-left\" data-align=\"left\"><strong>Rodze\u0144stwo<\/strong><\/td><td><a href=\"https:\/\/paryskiesalonyromantykow.pl\/index.php\/maria-gorecka\/\" data-type=\"page\" data-id=\"260\"><\/a><a href=\"https:\/\/paryskiesalonyromantykow.pl\/index.php\/maria-gorecka\/\">Maria (1835-1922)<\/a><br><a href=\"https:\/\/paryskiesalonyromantykow.pl\/index.php\/wladyslaw-mickiewicz\/\">W\u0142adys\u0142aw (1838-1926)<\/a><br><a href=\"https:\/\/paryskiesalonyromantykow.pl\/index.php\/helena-hryniewiecka\/\">Helena (1840-1897)<\/a><br><a href=\"https:\/\/paryskiesalonyromantykow.pl\/index.php\/jan-mickiewicz\/\">Jan (1845-1885)<\/a><br><a href=\"https:\/\/paryskiesalonyromantykow.pl\/index.php\/jozef-mickiewicz\/\">J\u00f3zef (1850-1938)<\/a><br><a href=\"https:\/\/paryskiesalonyromantykow.pl\/index.php\/klara-mainard\/\" data-type=\"page\" data-id=\"192\">Klara (1850-?)<\/a>&#8211; przyrodnia siostra<\/td><\/tr><\/tbody><\/table><\/figure>\n\n\n\n<p>Aleksander Mickiewicz, syn <a href=\"https:\/\/paryskiesalonyromantykow.pl\/index.php\/adam-mickiewicz\/\" data-type=\"page\" data-id=\"138\">Adama Mickiewicza<\/a> i jego \u017cony <a href=\"https:\/\/paryskiesalonyromantykow.pl\/index.php\/celina-mickiewiczowa\/\" data-type=\"page\" data-id=\"157\">Celiny z Szymanowskich<\/a>, by\u0142 ich czwartym dzieckiem, po <a href=\"https:\/\/paryskiesalonyromantykow.pl\/index.php\/maria-gorecka\/\" data-type=\"page\" data-id=\"260\">Marii<\/a>, <a href=\"https:\/\/paryskiesalonyromantykow.pl\/index.php\/wladyslaw-mickiewicz\/\" data-type=\"page\" data-id=\"421\">W\u0142adys\u0142awie<\/a> i <a href=\"https:\/\/paryskiesalonyromantykow.pl\/index.php\/helena-hryniewiecka\/\" data-type=\"page\" data-id=\"446\">Helenie<\/a>. W dzie\u0144 jego narodzin poeta wyg\u0142osi\u0142 dramatyczne wyst\u0105pienie na spotkaniu Towarzystwa Literackiego, otwarcie g\u0142osz\u0105c idee towianizmu i \u015bcieraj\u0105c si\u0119 z ksi\u0119ciem Adamem Czartoryskim. Ole\u015b by\u0142 dzieckiem chorowitym i niesfornym. Pocz\u0105tkowo wraz z m\u0142odszym bratem <a href=\"https:\/\/paryskiesalonyromantykow.pl\/index.php\/jan-mickiewicz\/\" data-type=\"page\" data-id=\"484\">Jankiem<\/a> ucz\u0119szczali do darmowej szk\u00f3\u0142ki elementarnej, Celinie uda\u0142o si\u0119 jednak wygospodarowa\u0107 pieni\u0105dze na zapisanie ich do presti\u017cowej szko\u0142y Louis-le-Grand i zaopatrzenie ich w wymagan\u0105 uczniowsk\u0105 wyprawk\u0119. Edukacja utemperowa\u0142a nieco jego charakter. Niebawem perfekcyjnie opanowa\u0142 francuski, niemiecki i angielski, mia\u0142 jednak problem z polskim, zw\u0142aszcza w pi\u015bmie.<\/p>\n\n\n\n<p>Gdy mia\u0142 trzyna\u015bcie lat, zmar\u0142a jego matka, a nied\u0142ugo p\u00f3\u017aniej ojciec. Chowa\u0142 go Armand Levy, sekretarz Mickiewicza, kt\u00f3ry zabra\u0142 m\u0142odego Aleksandra w podr\u00f3\u017c do W\u0142och, gdzie nastolatek b\u0142yskawicznie opanowa\u0142 j\u0119zyk w\u0142oski. W 1860 roku Ole\u015b zacz\u0105\u0142 pracowa\u0107 w powsta\u0142ym z inicjatywy Armanda pi\u015bmie &#8222;L&#8217;Esperance&#8221;, mi\u0119dzynarodowym dzienniku liberalno-demokratycznym. By\u0142 wielkim mi\u0142o\u015bnikiem teatru i zdaniem brata W\u0142adys\u0142awa \u017cy\u0142 &#8222;troch\u0119 jak lazzarone&#8221; (ulicznik). Przez powa\u017cn\u0105 chorob\u0119 oczu, z powodu kt\u00f3rej przele\u017ca\u0142 dwa tygodnie z zawi\u0105zanymi oczyma, nie uda\u0142o mu si\u0119 sko\u0144czy\u0107 studi\u00f3w. Zaprzyja\u017ani\u0142 si\u0119 ze swoim kuzynem J\u00f3zefem Malewskim, uda\u0142o mu si\u0119 tak\u017ce zjedna\u0107 jego rodzin\u0119 i nak\u0142oni\u0107 do wyra\u017cenia zgody na \u015blub W\u0142adys\u0142awa i Marii Malewskiej. Wdzi\u0119czny starszy brat wzi\u0105\u0142 Aleksandra za \u015bwiadka uroczysto\u015bci.<\/p>\n\n\n\n<p>Kraj rodzinny swoich rodzic\u00f3w Ole\u015b odwiedzi\u0142 w 1862 roku, przybywaj\u0105c do dworku stryja <a href=\"http:\/\/paryskiesalonyromantykow.pl\/index.php\/franciszek-mickiewicz\/\" data-type=\"page\" data-id=\"1918\">Franciszka Mickiewicza<\/a> w Wielkim Ksi\u0119stwie Pozna\u0144skim. Franciszek zmar\u0142 w kilka dni po jego przyje\u017adzie, wcze\u015bniej jednak zd\u0105\u017cy\u0142 podarowa\u0107 bratankowi swoj\u0105 powsta\u0144cz\u0105 szabl\u0119.<\/p>\n\n\n\n<p>W 1863 roku Ole\u015b zacz\u0105\u0142 pisywa\u0107 artyku\u0142y i opracowania na temat powstania styczniowego, na podstawie relacji uczestnicz\u0105cego w nim Janka. W roku nast\u0119pnym Komisja Nadzwyczajna Rz\u0105du Narodowego zaproponowa\u0142a mu stanowisko drugiego sekretarza Komitetu Polskiego w Pary\u017cu, on jednak odm\u00f3wi\u0142. Zamiast tego wsp\u00f3lnie z W\u0142adys\u0142awem zorganizowa\u0142 kursy j\u0119zyka francuskiego dla nap\u0142ywaj\u0105cej z kraju nowej emigracji i po\u015brednictwo w znajdywaniu dla nich pracy.<\/p>\n\n\n\n<p>Jesieni\u0105 1864 roku wyjecha\u0142 do Pozna\u0144skiego &#8222;w celu bada\u0144 historycznych&#8221;. Zatrzyma\u0142 si\u0119 w Berlinie, gdzie zachorowa\u0142 powa\u017cnie. Zmar\u0142 w wieku zaledwie 22 lat, 6 miesi\u0119cy i 4 dni, i pochowano go w rodzinnym grobowcu na cmentarzu w Montmorency w Pary\u017cu.<\/p>\n","protected":false},"excerpt":{"rendered":"<p>Aleksander Andrzej Stefan Mickiewicz Data i miejsce urodzenia 3 maja 1842 rokuPary\u017c Data i miejsce \u015bmierci 27 listopada 1864 rokuBerlin Rodzice Adam Mickiewicz (1798-1855)Celina z Szymanowskich (1812-1855) Rodze\u0144stwo Maria (1835-1922)W\u0142adys\u0142aw (1838-1926)Helena (1840-1897)Jan (1845-1885)J\u00f3zef (1850-1938)Klara (1850-?)&#8211; przyrodnia siostra Aleksander Mickiewicz, syn Adama Mickiewicza i jego \u017cony Celiny z Szymanowskich, by\u0142 ich czwartym dzieckiem, po Marii, W\u0142adys\u0142awie [&hellip;]<\/p>\n","protected":false},"author":1,"featured_media":0,"parent":0,"menu_order":0,"comment_status":"closed","ping_status":"closed","template":"","meta":[],"_links":{"self":[{"href":"https:\/\/paryskiesalonyromantykow.pl\/index.php\/wp-json\/wp\/v2\/pages\/470"}],"collection":[{"href":"https:\/\/paryskiesalonyromantykow.pl\/index.php\/wp-json\/wp\/v2\/pages"}],"about":[{"href":"https:\/\/paryskiesalonyromantykow.pl\/index.php\/wp-json\/wp\/v2\/types\/page"}],"author":[{"embeddable":true,"href":"https:\/\/paryskiesalonyromantykow.pl\/index.php\/wp-json\/wp\/v2\/users\/1"}],"replies":[{"embeddable":true,"href":"https:\/\/paryskiesalonyromantykow.pl\/index.php\/wp-json\/wp\/v2\/comments?post=470"}],"version-history":[{"count":6,"href":"https:\/\/paryskiesalonyromantykow.pl\/index.php\/wp-json\/wp\/v2\/pages\/470\/revisions"}],"predecessor-version":[{"id":1927,"href":"https:\/\/paryskiesalonyromantykow.pl\/index.php\/wp-json\/wp\/v2\/pages\/470\/revisions\/1927"}],"wp:attachment":[{"href":"https:\/\/paryskiesalonyromantykow.pl\/index.php\/wp-json\/wp\/v2\/media?parent=470"}],"curies":[{"name":"wp","href":"https:\/\/api.w.org\/{rel}","templated":true}]}}