{"id":421,"date":"2021-01-10T13:24:24","date_gmt":"2021-01-10T12:24:24","guid":{"rendered":"http:\/\/paryskiesalonyromantykow.pl\/?page_id=421"},"modified":"2021-06-18T20:22:12","modified_gmt":"2021-06-18T18:22:12","slug":"wladyslaw-mickiewicz","status":"publish","type":"page","link":"https:\/\/paryskiesalonyromantykow.pl\/index.php\/wladyslaw-mickiewicz\/","title":{"rendered":"W\u0142adys\u0142aw Mickiewicz"},"content":{"rendered":"\n<figure class=\"wp-block-table aligncenter is-style-stripes\"><table><tbody><tr><td class=\"has-text-align-left\" data-align=\"left\"><img loading=\"lazy\" width=\"1000\" height=\"1000\" class=\"wp-image-423\" style=\"width: 200px;\" src=\"http:\/\/paryskiesalonyromantykow.pl\/wp-content\/uploads\/2021\/01\/pjimage-16-1.jpg\" alt=\"\" srcset=\"https:\/\/paryskiesalonyromantykow.pl\/wp-content\/uploads\/2021\/01\/pjimage-16-1.jpg 1000w, https:\/\/paryskiesalonyromantykow.pl\/wp-content\/uploads\/2021\/01\/pjimage-16-1-300x300.jpg 300w, https:\/\/paryskiesalonyromantykow.pl\/wp-content\/uploads\/2021\/01\/pjimage-16-1-150x150.jpg 150w, https:\/\/paryskiesalonyromantykow.pl\/wp-content\/uploads\/2021\/01\/pjimage-16-1-768x768.jpg 768w\" sizes=\"(max-width: 1000px) 100vw, 1000px\" \/><\/td><td>W\u0142adys\u0142aw J\u00f3zef Mickiewicz<\/td><\/tr><tr><td class=\"has-text-align-left\" data-align=\"left\"><strong>Data i miejsce urodzenia<\/strong><\/td><td>27 czerwca 1838 roku<br>Pary\u017c<\/td><\/tr><tr><td class=\"has-text-align-left\" data-align=\"left\"><strong>Data i miejsce \u015bmierci<\/strong><\/td><td>9 czerwca 1926 roku<br>Pary\u017c<\/td><\/tr><tr><td class=\"has-text-align-left\" data-align=\"left\"><strong>Rodzice<\/strong><\/td><td><a href=\"https:\/\/paryskiesalonyromantykow.pl\/index.php\/adam-mickiewicz\/\">Adam Mickiewicz (1798-1855)<\/a><br><a href=\"https:\/\/paryskiesalonyromantykow.pl\/index.php\/celina-mickiewiczowa\/\" data-type=\"page\" data-id=\"157\">Celina z Szymanowskich (1812-1855)<\/a><\/td><\/tr><tr><td class=\"has-text-align-left\" data-align=\"left\"><strong>Rodze\u0144stwo<\/strong><\/td><td><a href=\"https:\/\/paryskiesalonyromantykow.pl\/index.php\/maria-gorecka\/\" data-type=\"page\" data-id=\"260\">Maria (1835-1922)<\/a><br><a href=\"https:\/\/paryskiesalonyromantykow.pl\/index.php\/helena-hryniewiecka\/\" data-type=\"page\" data-id=\"446\">Helena (1840-1905)<\/a><br><a href=\"https:\/\/paryskiesalonyromantykow.pl\/index.php\/aleksander-mickiewicz\/\" data-type=\"page\" data-id=\"470\">Aleksander (1842-1864)<\/a><br><a href=\"https:\/\/paryskiesalonyromantykow.pl\/index.php\/jan-mickiewicz\/\" data-type=\"page\" data-id=\"484\">Jan (1845-1885)<\/a><br><a href=\"https:\/\/paryskiesalonyromantykow.pl\/index.php\/jozef-mickiewicz\/\" data-type=\"page\" data-id=\"184\">J\u00f3zef (1850-1938)<\/a><br><a href=\"https:\/\/paryskiesalonyromantykow.pl\/index.php\/klara-mainard\/\" data-type=\"page\" data-id=\"192\">Klara (1850-?)<\/a> &#8211; przyrodnia siostra<\/td><\/tr><tr><td class=\"has-text-align-left\" data-align=\"left\"><strong>\u017bona<\/strong><\/td><td>Maria z Malewskich (1834-1926)<\/td><\/tr><tr><td class=\"has-text-align-left\" data-align=\"left\"><strong>Dzieci<\/strong><\/td><td><a href=\"https:\/\/paryskiesalonyromantykow.pl\/index.php\/helena-mickiewiczowna\/\" data-type=\"page\" data-id=\"1640\">Helena (1864-1896)<\/a><br>Adam (1866-1866)<br>Celina (1867-1870)<br><a href=\"https:\/\/paryskiesalonyromantykow.pl\/index.php\/maria-mickiewiczowna\/\" data-type=\"page\" data-id=\"1633\">Maria (1868-1952)<\/a><br>Adam (1870-1870)<\/td><\/tr><\/tbody><\/table><\/figure>\n\n\n\n<p>W\u0142adys\u0142aw Mickiewicz, najstarszy syn <a href=\"https:\/\/paryskiesalonyromantykow.pl\/index.php\/adam-mickiewicz\/\" data-type=\"page\" data-id=\"138\">Adama<\/a> i <a href=\"https:\/\/paryskiesalonyromantykow.pl\/index.php\/celina-mickiewiczowa\/\" data-type=\"page\" data-id=\"157\">Celiny<\/a> Mickiewicz\u00f3w, ksi\u0119garz, publicysta, biograf swego ojca i dzia\u0142acz sprawy polskiej na emigracji, przyszed\u0142 na \u015bwiat w Pary\u017cu w 1838 roku, za\u015b jego rodzicami chrzestnymi byli ksi\u0105\u017c\u0119 Adam Czartoryski i hrabina Wiera Chlustin, rosyjska przyjaci\u00f3\u0142ka poety. Nied\u0142ugo po jego narodzinach jego matka prze\u017cy\u0142a silny atak tajemniczej choroby psychicznej. W\u0142adzio \u017ale reagowa\u0142 na roz\u0142\u0105k\u0119 z rodzicielk\u0105, niebawem jednak wr\u00f3ci\u0142 do domu. Celin\u0119 w tajemniczy spos\u00f3b uzdrowi\u0142 <a href=\"https:\/\/paryskiesalonyromantykow.pl\/index.php\/andrzej-towianski\/\" data-type=\"page\" data-id=\"203\">Andrzej Towia\u0144ski<\/a>, a w opiece nad rosn\u0105c\u0105 gromadk\u0105 dzieci wspomog\u0142a j\u0105 <a href=\"https:\/\/paryskiesalonyromantykow.pl\/index.php\/ksawera-deybel\/\" data-type=\"page\" data-id=\"188\">Ksawera Deybel<\/a>. W tym czasie W\u0142adzio z\u017cy\u0142 si\u0119 mocno z <a href=\"https:\/\/paryskiesalonyromantykow.pl\/index.php\/maria-gorecka\/\" data-type=\"page\" data-id=\"260\">Maryni\u0105<\/a>, starsz\u0105 siostr\u0105, z kt\u00f3r\u0105 dzieli\u0142 mi\u0142o\u015b\u0107 do poezji ojca i \u017cyw\u0105 inteligencj\u0119.<\/p>\n\n\n\n<p>Rozd\u017awi\u0119k mi\u0119dzy rodze\u0144stwem nast\u0105pi\u0142 dopiero pod wp\u0142ywem siostry ich matki, <a href=\"https:\/\/paryskiesalonyromantykow.pl\/index.php\/zofia-szymanowska\/\" data-type=\"page\" data-id=\"224\">Zofii Szymanowskiej<\/a>, kt\u00f3ra nastawi\u0142a Mari\u0119 przeciwko towia\u0144czykom i przyjacio\u0142om rodzic\u00f3w, a szczeg\u00f3lnie Ksawerze Deybel. Kiedy za\u015b w 1855 roku zmar\u0142a Celina, a nast\u0119pnie Adam, doros\u0142a Maria i niepe\u0142noletni jeszcze W\u0142adys\u0142aw po\u0142\u0105czyli si\u0142y, aby zapewni\u0107 swojemu m\u0142odszemu rodze\u0144stwu godziwe \u017cycie i dach nad g\u0142ow\u0105.<\/p>\n\n\n\n<p>Jednocze\u015bnie syn poety postanowi\u0142 zosta\u0107 stra\u017cnikiem pami\u0119ci swojego ojca. Zacz\u0105\u0142 od d\u0142ugiej podr\u00f3\u017cy \u015bladami Wieszcza &#8211; odwiedzi\u0142 Konstantynopol (gdzie pozna\u0142 <a href=\"https:\/\/paryskiesalonyromantykow.pl\/index.php\/ludwika-sniadecka\/\" data-type=\"page\" data-id=\"409\">Ludwik\u0119 \u015aniadeck\u0105<\/a>), Odess\u0119, Kij\u00f3w (gdzie zaprzyja\u017ani\u0142 si\u0119 z J\u00f3zefem Kraszewskim), Zaosie, Tuhanowicze (lecz <a href=\"https:\/\/paryskiesalonyromantykow.pl\/index.php\/maryla-wereszczakowna\/\" data-type=\"page\" data-id=\"207\">Maryla Wereszczak\u00f3wna Puttkamerowa<\/a> odm\u00f3wi\u0142a spotkania z nim, prawdopodobnie ze wzgl\u0119du na stan zdrowia) i Petersburg, gdzie zawita\u0142 do wujostwa Malewskich i zakocha\u0142 si\u0119 w Marii, swojej kuzynce. Nast\u0119pnie uda\u0142 si\u0119 do Warszawy, gdzie pom\u00f3g\u0142 w przygotowaniach do powstania styczniowego.<\/p>\n\n\n\n<p>Po powrocie do Francji ufundowa\u0142 wydawnictwo Ksi\u0119garnia Luksemburska, kt\u00f3re wydawa\u0142o dzie\u0142a patriotyczne w ramach serii &#8222;Biblioteka Ludowa Polska&#8221;, a tak\u017ce aktywnie promowa\u0142o polsk\u0105 literatur\u0119 (w tym Juliusza S\u0142owackiego). Napisa\u0142 czterotomowy &#8222;\u017bywot Adama Mickiewicza&#8221; oraz &#8222;Emigracj\u0119 Polsk\u0105 1860-1890&#8221;, w tajemnicy przed wszystkimi prowadzi\u0142 te\u017c pami\u0119tniki, kt\u00f3re wydano po jego \u015bmierci. Jednocze\u015bnie po d\u0142ugich staraniach dosta\u0142 zgod\u0119 na po\u015blubienie Marii z Malewskich. Ich ma\u0142\u017ce\u0144stwo przetrwa\u0142o w zgodzie i mi\u0142o\u015bci sze\u015b\u0107dziesi\u0105t trzy lata, a jedyn\u0105 skaz\u0105 na nim by\u0142 brak m\u0119skiego potomstwa, kt\u00f3re do\u017cy\u0142oby doros\u0142o\u015bci &#8211; doczekali jedynie dw\u00f3ch c\u00f3rek, <a href=\"https:\/\/paryskiesalonyromantykow.pl\/index.php\/maria-mickiewiczowna\/\" data-type=\"page\" data-id=\"1633\">Marii<\/a> i <a href=\"https:\/\/paryskiesalonyromantykow.pl\/index.php\/helena-mickiewiczowna\/\" data-type=\"page\" data-id=\"1640\">Heleny<\/a>, kt\u00f3re zreszt\u0105 nie wysz\u0142y za m\u0105\u017c i zmar\u0142y bezpotomnie.<\/p>\n\n\n\n<p>W\u0142adys\u0142aw przez ca\u0142e \u017cycie kolekcjonowa\u0142 pami\u0105tki po ojcu, zbiera\u0142 relacje \u017cyj\u0105cych przyjaci\u00f3\u0142 i dba\u0142 o spu\u015bcizn\u0119 po poecie. W 1890 roku bra\u0142 udzia\u0142 w przeniesieniu jego zw\u0142ok na Wawel w Krakowie, a w 1903 roku za\u0142o\u017cy\u0142 Muzeum Adama Mickiewicza w Pary\u017cu, mieszcz\u0105ce si\u0119 do dzi\u015b w gmachu Biblioteki Polskiej. Jednocze\u015bnie stara\u0142 si\u0119, aby wizerunek jego rodzic\u00f3w pozosta\u0142 nieskazitelny, a w tym celu przeinacza\u0142 b\u0105d\u017a przemilcza\u0142 fakty mog\u0105ce przedstawi\u0107 ich w z\u0142ym \u015bwietle (jak kowie\u0144ska przygoda poety z <a href=\"https:\/\/paryskiesalonyromantykow.pl\/index.php\/karolina-kowalska\/\" data-type=\"page\" data-id=\"281\">Karolin\u0105 Kowalsk\u0105<\/a>). Nie waha\u0142 si\u0119 nawet posun\u0105\u0107 do ostateczno\u015bci &#8211; wsp\u00f3lnie z siostr\u0105 Mari\u0105 zniszczyli niemal wszystkie listy i dokumenty \u015bwiadcz\u0105ce o romansie Adama z Ksawer\u0105 Deybel, w\u0142\u0105cznie z pami\u0119tnikiem Zofii Szymanowskiej.<\/p>\n\n\n\n<p>I wojn\u0119 \u015bwiatow\u0105 sp\u0119dzi\u0142 w Szwajcarii, gdzie bra\u0142 udzia\u0142 w pracach Szwajcarskiego Komitetu Generalnego Pomocy Ofiarom Wojny w Polsce, notabene wsp\u00f3lnie z Henrykiem Sienkiewiczem i Ignacym Mo\u015bcickim. Podobnie jak siostra Maria i najm\u0142odszy brat <a href=\"https:\/\/paryskiesalonyromantykow.pl\/index.php\/jozef-mickiewicz\/\" data-type=\"page\" data-id=\"184\">J\u00f3zef<\/a> do\u017cy\u0142 wolnej Polski, b\u0119d\u0105cej marzeniem ich ojca. Otrzyma\u0142 do\u017cywotni\u0105 pensj\u0119 od Rz\u0105du Rzeczypospolitej, doktoraty honoris causa uniwersytet\u00f3w Stefana Batorego i Jagiello\u0144skiego, Krzy\u017c Komandorski orderu Polonia Restituta oraz literack\u0105 nagrod\u0119 Warszawy. Zmar\u0142 w wieku 88 lat i pochowano go na cmentarzu Montmorency w Pary\u017cu<\/p>\n","protected":false},"excerpt":{"rendered":"<p>W\u0142adys\u0142aw J\u00f3zef Mickiewicz Data i miejsce urodzenia 27 czerwca 1838 rokuPary\u017c Data i miejsce \u015bmierci 9 czerwca 1926 rokuPary\u017c Rodzice Adam Mickiewicz (1798-1855)Celina z Szymanowskich (1812-1855) Rodze\u0144stwo Maria (1835-1922)Helena (1840-1905)Aleksander (1842-1864)Jan (1845-1885)J\u00f3zef (1850-1938)Klara (1850-?) &#8211; przyrodnia siostra \u017bona Maria z Malewskich (1834-1926) Dzieci Helena (1864-1896)Adam (1866-1866)Celina (1867-1870)Maria (1868-1952)Adam (1870-1870) W\u0142adys\u0142aw Mickiewicz, najstarszy syn Adama i [&hellip;]<\/p>\n","protected":false},"author":1,"featured_media":0,"parent":0,"menu_order":0,"comment_status":"closed","ping_status":"closed","template":"","meta":[],"_links":{"self":[{"href":"https:\/\/paryskiesalonyromantykow.pl\/index.php\/wp-json\/wp\/v2\/pages\/421"}],"collection":[{"href":"https:\/\/paryskiesalonyromantykow.pl\/index.php\/wp-json\/wp\/v2\/pages"}],"about":[{"href":"https:\/\/paryskiesalonyromantykow.pl\/index.php\/wp-json\/wp\/v2\/types\/page"}],"author":[{"embeddable":true,"href":"https:\/\/paryskiesalonyromantykow.pl\/index.php\/wp-json\/wp\/v2\/users\/1"}],"replies":[{"embeddable":true,"href":"https:\/\/paryskiesalonyromantykow.pl\/index.php\/wp-json\/wp\/v2\/comments?post=421"}],"version-history":[{"count":8,"href":"https:\/\/paryskiesalonyromantykow.pl\/index.php\/wp-json\/wp\/v2\/pages\/421\/revisions"}],"predecessor-version":[{"id":1740,"href":"https:\/\/paryskiesalonyromantykow.pl\/index.php\/wp-json\/wp\/v2\/pages\/421\/revisions\/1740"}],"wp:attachment":[{"href":"https:\/\/paryskiesalonyromantykow.pl\/index.php\/wp-json\/wp\/v2\/media?parent=421"}],"curies":[{"name":"wp","href":"https:\/\/api.w.org\/{rel}","templated":true}]}}