{"id":390,"date":"2021-01-10T12:27:08","date_gmt":"2021-01-10T11:27:08","guid":{"rendered":"http:\/\/paryskiesalonyromantykow.pl\/?page_id=390"},"modified":"2021-06-18T20:32:56","modified_gmt":"2021-06-18T18:32:56","slug":"salomea-becu","status":"publish","type":"page","link":"https:\/\/paryskiesalonyromantykow.pl\/index.php\/salomea-becu\/","title":{"rendered":"Salomea B\u00e9cu"},"content":{"rendered":"\n<figure class=\"wp-block-table aligncenter is-style-stripes\"><table><tbody><tr><td class=\"has-text-align-left\" data-align=\"left\"><img loading=\"lazy\" width=\"1000\" height=\"1000\" class=\"wp-image-396\" style=\"width: 200px;\" src=\"http:\/\/paryskiesalonyromantykow.pl\/wp-content\/uploads\/2021\/01\/pjimage-12-1.jpg\" alt=\"\" srcset=\"https:\/\/paryskiesalonyromantykow.pl\/wp-content\/uploads\/2021\/01\/pjimage-12-1.jpg 1000w, https:\/\/paryskiesalonyromantykow.pl\/wp-content\/uploads\/2021\/01\/pjimage-12-1-300x300.jpg 300w, https:\/\/paryskiesalonyromantykow.pl\/wp-content\/uploads\/2021\/01\/pjimage-12-1-150x150.jpg 150w, https:\/\/paryskiesalonyromantykow.pl\/wp-content\/uploads\/2021\/01\/pjimage-12-1-768x768.jpg 768w\" sizes=\"(max-width: 1000px) 100vw, 1000px\" \/><\/td><td>Salomea B\u00e9cu z Januszewskich<\/td><\/tr><tr><td class=\"has-text-align-left\" data-align=\"left\"><strong>Data i miejsce urodzenia<\/strong><\/td><td>1792 rok <br>Wilno<\/td><\/tr><tr><td class=\"has-text-align-left\" data-align=\"left\"><strong>Data i miejsce \u015bmierci<\/strong><\/td><td>7 sierpnia 1855 roku<br>Krzemieniec<\/td><\/tr><tr><td class=\"has-text-align-left\" data-align=\"left\"><strong>Rodzice<\/strong><\/td><td>Teodor (1756-1837)<br>Aleksandra z Dumanowskich (1774-1833)<\/td><\/tr><tr><td class=\"has-text-align-left\" data-align=\"left\"><strong>Rodze\u0144stwo<\/strong><\/td><td>Jan (ok. 1796-1831)<br>Teofil (1798-1865)<br>J\u00f3zef (1817-1868)<\/td><\/tr><tr><td class=\"has-text-align-left\" data-align=\"left\"><strong>M\u0105\u017c<\/strong><\/td><td><a href=\"https:\/\/paryskiesalonyromantykow.pl\/index.php\/euzebiusz-slowacki\/\" data-type=\"page\" data-id=\"544\">Euzebiusz S\u0142owacki (1772-1814)<\/a><br><a href=\"https:\/\/paryskiesalonyromantykow.pl\/index.php\/august-becu\/\" data-type=\"page\" data-id=\"587\">August B\u00e9cu (1771-1824)<\/a><\/td><\/tr><tr><td class=\"has-text-align-left\" data-align=\"left\"><strong>Dzieci<\/strong><\/td><td><a href=\"https:\/\/paryskiesalonyromantykow.pl\/index.php\/juliusz-slowacki\/\" data-type=\"page\" data-id=\"153\">Juliusz (1809-1849)<\/a><br><a href=\"https:\/\/paryskiesalonyromantykow.pl\/index.php\/aleksandra-mianowska\/\" data-type=\"page\" data-id=\"325\">Aleksandra (1803-1832)<\/a> &#8211; pasierbica<br><a href=\"https:\/\/paryskiesalonyromantykow.pl\/index.php\/hersylia-januszewska\/\" data-type=\"page\" data-id=\"330\">Hersylia (1805-1872)<\/a> &#8211; pasierbica<\/td><\/tr><\/tbody><\/table><\/figure>\n\n\n\n<p>Salomea, matka <a href=\"https:\/\/paryskiesalonyromantykow.pl\/index.php\/juliusz-slowacki\/\" data-type=\"page\" data-id=\"153\">Juliusza S\u0142owackiego<\/a> by\u0142a c\u00f3rk\u0105 Teodora Januszewskiego, zarz\u0105dcy d\u00f3br Liceum Krzemienieckiego, i Aleksandry z Dumanowskich. Januszewscy nale\u017celi do \u015bredniej szlachty i wywodzili si\u0119 z Ormian. Swoje dzieci kszta\u0142cili w duchu patriotyzmu i mi\u0142o\u015bci do sztuki, szczeg\u00f3lnie do poezji.<\/p>\n\n\n\n<p>W wieku 16 lat Salomea zosta\u0142a wydana za <a href=\"https:\/\/paryskiesalonyromantykow.pl\/index.php\/euzebiusz-slowacki\/\" data-type=\"page\" data-id=\"544\">Euzebiusza S\u0142owackiego<\/a>, teoretyka i historyka literatury, profesora Gimnazjum Wo\u0142y\u0144skiego w Krzemie\u0144cu. By\u0142 to dla niej awans spo\u0142eczny \u2013 wesz\u0142a w ten spos\u00f3b do elity kulturalnej regionu. Cho\u0107 wykszta\u0142cona przeci\u0119tnie, pani S\u0142owacka zawsze lubowa\u0142a si\u0119 w czytaniu ksi\u0105\u017cek, dzi\u0119ki czemu mog\u0142a dyskutowa\u0107 z m\u0119\u017cem i jego znajomymi bez kompleks\u00f3w. 4 wrze\u015bnia 1809 roku urodzi\u0142 si\u0119 ich jedyny syn, Juliusz.<\/p>\n\n\n\n<p>W 1811 roku Euzebiusz otrzyma\u0142 katedr\u0119 wymowy i poezji na Uniwersytecie Wile\u0144skim, wi\u0119c S\u0142owaccy przeprowadzili si\u0119 do Wilna, do domu profesor\u00f3w przy ulicy Zamkowej. Niestety w 1814 roku S\u0142owacki zmar\u0142 na gru\u017alic\u0119, a Salomea wraz z Juliuszem wr\u00f3ci\u0142a do Krzemie\u0144ca. Nied\u0142ugo p\u00f3\u017aniej odwiedzi\u0142 j\u0105 kolega m\u0119\u017ca z Uniwersytetu Wile\u0144skiego, <a href=\"https:\/\/paryskiesalonyromantykow.pl\/index.php\/august-becu\/\">August B\u00e9cu<\/a>, owdowia\u0142y profesor medycyny z dwoma dorastaj\u0105cymi c\u00f3rkami, <a href=\"https:\/\/paryskiesalonyromantykow.pl\/index.php\/aleksandra-mianowska\/\" data-type=\"page\" data-id=\"325\">Aleksandr\u0105<\/a> i <a href=\"https:\/\/paryskiesalonyromantykow.pl\/index.php\/hersylia-januszewska\/\" data-type=\"page\" data-id=\"330\">Hersyli\u0105<\/a>. Zaproponowa\u0142 jej opiek\u0119 i wsparcie finansowe w zamian za pomoc w wychowywaniu c\u00f3rek. Ostatecznie Salomea i August pobrali si\u0119 17 sierpnia 1818 roku, a nast\u0119pnie wraz z dzie\u0107mi wr\u00f3cili do Wilna, do zajmowanego wcze\u015bniej domu przy ulicy Zamkowej. Otworzyli r\u00f3wnie\u017c salon literacki, w kt\u00f3rym przyjmowali uzdolnionych poet\u00f3w z okolicy. W 1822 roku za po\u015brednictwem <a href=\"https:\/\/paryskiesalonyromantykow.pl\/index.php\/antoni-edward-odyniec\/\" data-type=\"page\" data-id=\"1512\">Antoniego Edwarda Ody\u0144ca<\/a> zaproszono r\u00f3wnie\u017c <a href=\"https:\/\/paryskiesalonyromantykow.pl\/index.php\/adam-mickiewicz\/\" data-type=\"page\" data-id=\"138\">Adama Mickiewicza<\/a>, \u015bwie\u017co opromienionego s\u0142aw\u0105 niedawno wydanych \u201eBallad i romans\u00f3w\u201d. Wtedy to trzynastoletni Juliusz po raz pierwszy zobaczy\u0142 starszego o 11 lat Mickiewicza i pokaza\u0142 mu swoje pierwsze pr\u00f3by literackie.<\/p>\n\n\n\n<p>W 1824 roku w \u017cyciu pani B\u00e9cu wydarzy\u0142a si\u0119 kolejna tragedia. Przez Wilno przetoczy\u0142 si\u0119 piorun kulisty, kt\u00f3ry razi\u0142 drzemi\u0105cego Augusta i zabijaj\u0105c go na miejscu. Salomei przyznano do\u017cywotni\u0105 rent\u0119, dzi\u0119ki kt\u00f3rej mog\u0142a pozwoli\u0107 sobie na dostatnie \u017cycie. W 1827 wr\u00f3ci\u0142a z Wilna do Krzemie\u0144ca. Nied\u0142ugo p\u00f3\u017aniej rozchorowa\u0142a si\u0119 powa\u017cnie, co wymusi\u0142o na niej wyjazd dla zdrowia do Karlovych Var w Czechach. W tym czasie Juliusz wyjecha\u0142 do Warszawy, a nast\u0119pnie za granic\u0119. Pociech\u0105 dla osamotnionej Salomei by\u0142a Hersylia B\u00e9cu, kt\u00f3ra wysz\u0142a za jej brata, Teofila Januszewskiego, i zamieszka\u0142a w Ubieniu le\u017c\u0105cym niedaleko od Krzemie\u0144ca. Starsza z si\u00f3str B\u00e9cu, Aleksandra, zmar\u0142a po urodzeniu syna, Jana, kt\u00f3ry prze\u017cy\u0142 zaledwie kilka godzin.<\/p>\n\n\n\n<p>W 1838 roku carska policja, podejrzewaj\u0105ca Salome\u0119 o udzia\u0142 w spisku Szymona Konarskiego, aresztowa\u0142a j\u0105 i zamkn\u0119\u0142a w wi\u0119zieniu w \u017bytomierzu, gdzie sp\u0119dzi\u0142a rok. W 1848 roku w zwi\u0105zku z Wiosn\u0105 Lud\u00f3w pojawi\u0142a si\u0119 okazja na spotkanie z dawno niewidzianym synem. Salomea przyjecha\u0142a do Wroc\u0142awia, gdzie zasta\u0142a Juliusza z zaawansowan\u0105 gru\u017alic\u0105. Sp\u0119dzi\u0142a z nim kilka dni, po czym \u015bcigany przez policj\u0119 S\u0142owacki musia\u0142 wraca\u0107 do Francji. Zmar\u0142 kilka miesi\u0119cy p\u00f3\u017aniej, 3 kwietnia 1849 roku. Matka, kt\u00f3ra utrzymywa\u0142a z nim kontakt przez ca\u0142e \u017cycie, prze\u017cy\u0142a to bardzo mocno. Zmar\u0142a sze\u015b\u0107 lat p\u00f3\u017aniej na choler\u0119 w rodzinnym Krzemie\u0144cu.<\/p>\n","protected":false},"excerpt":{"rendered":"<p>Salomea B\u00e9cu z Januszewskich Data i miejsce urodzenia 1792 rok Wilno Data i miejsce \u015bmierci 7 sierpnia 1855 rokuKrzemieniec Rodzice Teodor (1756-1837)Aleksandra z Dumanowskich (1774-1833) Rodze\u0144stwo Jan (ok. 1796-1831)Teofil (1798-1865)J\u00f3zef (1817-1868) M\u0105\u017c Euzebiusz S\u0142owacki (1772-1814)August B\u00e9cu (1771-1824) Dzieci Juliusz (1809-1849)Aleksandra (1803-1832) &#8211; pasierbicaHersylia (1805-1872) &#8211; pasierbica Salomea, matka Juliusza S\u0142owackiego by\u0142a c\u00f3rk\u0105 Teodora Januszewskiego, zarz\u0105dcy [&hellip;]<\/p>\n","protected":false},"author":1,"featured_media":0,"parent":0,"menu_order":0,"comment_status":"closed","ping_status":"closed","template":"","meta":[],"_links":{"self":[{"href":"https:\/\/paryskiesalonyromantykow.pl\/index.php\/wp-json\/wp\/v2\/pages\/390"}],"collection":[{"href":"https:\/\/paryskiesalonyromantykow.pl\/index.php\/wp-json\/wp\/v2\/pages"}],"about":[{"href":"https:\/\/paryskiesalonyromantykow.pl\/index.php\/wp-json\/wp\/v2\/types\/page"}],"author":[{"embeddable":true,"href":"https:\/\/paryskiesalonyromantykow.pl\/index.php\/wp-json\/wp\/v2\/users\/1"}],"replies":[{"embeddable":true,"href":"https:\/\/paryskiesalonyromantykow.pl\/index.php\/wp-json\/wp\/v2\/comments?post=390"}],"version-history":[{"count":6,"href":"https:\/\/paryskiesalonyromantykow.pl\/index.php\/wp-json\/wp\/v2\/pages\/390\/revisions"}],"predecessor-version":[{"id":1752,"href":"https:\/\/paryskiesalonyromantykow.pl\/index.php\/wp-json\/wp\/v2\/pages\/390\/revisions\/1752"}],"wp:attachment":[{"href":"https:\/\/paryskiesalonyromantykow.pl\/index.php\/wp-json\/wp\/v2\/media?parent=390"}],"curies":[{"name":"wp","href":"https:\/\/api.w.org\/{rel}","templated":true}]}}