{"id":350,"date":"2021-01-10T11:10:21","date_gmt":"2021-01-10T10:10:21","guid":{"rendered":"http:\/\/paryskiesalonyromantykow.pl\/?page_id=350"},"modified":"2022-01-16T13:44:59","modified_gmt":"2022-01-16T12:44:59","slug":"mary-wollstonecraft","status":"publish","type":"page","link":"https:\/\/paryskiesalonyromantykow.pl\/index.php\/mary-wollstonecraft\/","title":{"rendered":"Mary Wollstonecraft"},"content":{"rendered":"\n<figure class=\"wp-block-table aligncenter is-style-stripes\"><table><tbody><tr><td class=\"has-text-align-left\" data-align=\"left\"><img loading=\"lazy\" width=\"1000\" height=\"1000\" class=\"wp-image-351\" style=\"width: 200px;\" src=\"http:\/\/paryskiesalonyromantykow.pl\/wp-content\/uploads\/2021\/01\/pjimage-4-4.jpg\" alt=\"\" srcset=\"https:\/\/paryskiesalonyromantykow.pl\/wp-content\/uploads\/2021\/01\/pjimage-4-4.jpg 1000w, https:\/\/paryskiesalonyromantykow.pl\/wp-content\/uploads\/2021\/01\/pjimage-4-4-300x300.jpg 300w, https:\/\/paryskiesalonyromantykow.pl\/wp-content\/uploads\/2021\/01\/pjimage-4-4-150x150.jpg 150w, https:\/\/paryskiesalonyromantykow.pl\/wp-content\/uploads\/2021\/01\/pjimage-4-4-768x768.jpg 768w\" sizes=\"(max-width: 1000px) 100vw, 1000px\" \/><\/td><td>Mary Godwin z domu Wollstonecraft<\/td><\/tr><tr><td class=\"has-text-align-left\" data-align=\"left\"><strong>Data i miejsce urodzenia<\/strong><\/td><td>27 kwietnia 1759 roku<br>Londyn<\/td><\/tr><tr><td class=\"has-text-align-left\" data-align=\"left\"><strong>Data i miejsce \u015bmierci<\/strong><\/td><td>10 wrze\u015bnia 1797 roku<br>Londyn<\/td><\/tr><tr><td class=\"has-text-align-left\" data-align=\"left\"><strong>Rodzice<\/strong><\/td><td>Edward (1736-1803)<br>Elizabeth z domu Dixon (1729-1782)<\/td><\/tr><tr><td class=\"has-text-align-left\" data-align=\"left\"><strong>Rodze\u0144stwo<\/strong><\/td><td>Henry (1761-?)<br>Elizabeth (1763-ok. 1829)<br>Everina (1765-1843)<br>James (ok. 1768-ok. 1806)<br>Charles (1770-1817)<br>Edward<\/td><\/tr><tr><td class=\"has-text-align-left\" data-align=\"left\"><strong>M\u0105\u017c<\/strong><\/td><td><a href=\"https:\/\/paryskiesalonyromantykow.pl\/index.php\/william-godwin\/\" data-type=\"page\" data-id=\"2070\">William Godwin<\/a> (1756-1836)<\/td><\/tr><tr><td class=\"has-text-align-left\" data-align=\"left\"><strong>Dzieci<\/strong><\/td><td>Fanny (1794-1816)<br><a href=\"https:\/\/paryskiesalonyromantykow.pl\/index.php\/mary-shelley\/\" data-type=\"page\" data-id=\"356\">Mary (1797-1851)<\/a><\/td><\/tr><\/tbody><\/table><\/figure>\n\n\n\n<p>Mary Wollstonecraft, angielska pisarka i prekursorka feminizmu, matka <a href=\"https:\/\/paryskiesalonyromantykow.pl\/index.php\/mary-shelley\/\" data-type=\"page\" data-id=\"356\">Mary Shelley<\/a>, by\u0142a drugim z siedmiorga dzieci Edwarda Wollstonecrafta i jego \u017cony Elizabeth Dixon. Finanse rodziny, pocz\u0105tkowo wystarczaj\u0105ce, podupad\u0142y, gdy Edward zacz\u0105\u0142 coraz cz\u0119\u015bciej chadza\u0107 do pobliskiego pubu. By\u0142 r\u00f3wnie\u017c porywczy i agresywny w stosunku do dzieci i \u017cony, Elizabeth za\u015b nie sprzeciwia\u0142a mu si\u0119 w \u017caden spos\u00f3b.<\/p>\n\n\n\n<p>Kwestie p\u0142ci i dyskryminacji kobiet by\u0142y wa\u017cne ju\u017c dla nastoletniej Mary. Nie podoba\u0142o jej si\u0119, \u017ce ch\u0142opcy mogli uczy\u0107 si\u0119 historii matematyki i \u0142aciny, a dziewczynkom pozostawa\u0142y lekcje szycia i prostego dodawania. Dopiero s\u0105siad, wielebny Henry Clare zadba\u0142 o jej edukacj\u0119 i zapozna\u0142 j\u0105 z pracami najwa\u017cniejszych filozof\u00f3w tamtych czas\u00f3w.<\/p>\n\n\n\n<p>Dziewczyna gor\u0105co pragn\u0119\u0142a uniezale\u017cni\u0107 si\u0119 od rodziny, w 1778 roku przyj\u0119\u0142a wi\u0119c w Bath posad\u0119 damy do towarzystwa bogatej wdowy, Sary Dawson. Po trzech latach wr\u00f3ci\u0142a do domu, aby zaopiekowa\u0107 si\u0119 \u015bmiertelnie chor\u0105 matk\u0105. Po \u015bmierci Elizabeth Mary zamieszka\u0142a z przyjaci\u00f3\u0142k\u0105 Fanny Blood w Walham Green.<\/p>\n\n\n\n<p>W 1783 roku Wollstonecraft i Blood za\u0142o\u017cy\u0142y szko\u0142\u0119 w Islington, kt\u00f3r\u0105 p\u00f3\u017aniej przenios\u0142y do Newington Green. Fanny wysz\u0142a za m\u0105\u017c i ju\u017c w ci\u0105\u017cy wyjecha\u0142a do Lizbony, gdzie gwa\u0142townie podupad\u0142a na zdrowiu. Mary zostawi\u0142a szko\u0142\u0119, aby si\u0119 ni\u0105 opiekowa\u0107, jej starania jednak nic nie da\u0142y. Fanny zmar\u0142a 29 listopada 1785 roku.<\/p>\n\n\n\n<p>Po powrocie do Anglii i upadku szko\u0142y Mary postanowi\u0142a zarabia\u0107 na \u017cycie pisaniem. Zacz\u0119\u0142a od kr\u00f3tkiego pamfletu &#8222;My\u015bli o wykszta\u0142ceniu c\u00f3rek&#8221;, p\u00f3\u017aniej napisa\u0142a opowiadanie &#8222;Mary, fantazja&#8221; i ksi\u0105\u017ceczk\u0119 dla dzieci &#8222;Prawdziwe historie z prawdziwego \u017cycia&#8221;. Wyjecha\u0142a do Londynu, gdzie utrzymywa\u0142a si\u0119 z t\u0142umacze\u0144.<\/p>\n\n\n\n<p>W 1792 roku wyda\u0142a s\u0142ynne &#8222;Wo\u0142anie o prawa kobiety&#8221;, poruszaj\u0105ce takie tematy, jak edukacja dziewcz\u0105t, prawo kobiet do pracy czy prawa wyborcze. Konserwatywne \u015brodowisko rozpocz\u0119\u0142o nagonk\u0119 na pisark\u0119. Mary w tym czasie zakocha\u0142a si\u0119 w \u017conatym malarzu<a href=\"http:\/\/paryskiesalonyromantykow.pl\/index.php\/johann-heinrich-fussli\/\" data-type=\"page\" data-id=\"2062\"> Johannie Heinrichu F\u00fcsslim<\/a>. Chcia\u0142a nawet zamieszka\u0107 z pa\u0144stwem F\u00fcssli, gdy jednak spotka\u0142a j\u0105 odmowa, postanowi\u0142a opu\u015bci\u0107 Londyn i uda\u0107 si\u0119 do ogarni\u0119tej rewolucj\u0105 Francji.<\/p>\n\n\n\n<p>W Pary\u017cu pozna\u0142a Gilberta Imlaya, ubogiego Amerykanina, i natychmiast si\u0119 w nim zakocha\u0142a. Pragn\u0105c \u017cy\u0107 w zgodzie ze swoimi pogl\u0105dami niech\u0119tna ma\u0142\u017ce\u0144stwu Mary nie wysz\u0142a za Imlaya, przyj\u0119\u0142a jednak jego nazwisko i urodzi\u0142a mu c\u00f3rk\u0119, Fanny. Gilbert wyjecha\u0142 do Londynu w sprawach zawodowych, utrzymuj\u0105c z Mary kontakt listowny. Kiedy pisarka wreszcie odwiedzi\u0142a ukochanego, ten nie chcia\u0142 jej widzie\u0107. Rozczarowana usi\u0142owa\u0142a pope\u0142ni\u0107 samob\u00f3jstwo, uda\u0142o si\u0119 j\u0105 jednak odratowa\u0107. Chc\u0105c odzyska\u0107 Gilberta, Mary zgodzi\u0142a si\u0119 reprezentowa\u0107 go w sprawach zawodowych w Skandynawii, co dodatkowo zaowocowa\u0142o ksi\u0105\u017ck\u0105 &#8222;Listy pisane podczas kr\u00f3tkiego pobytu w Szwecji, Norwegii i Danii&#8221;. Po powrocie okaza\u0142 si\u0119, \u017ce Imlay zwi\u0105za\u0142 si\u0119 z aktork\u0105 z w\u0119drownej trupy teatralnej. W pa\u017adzierniku 1795 roku Mary rzuci\u0142a si\u0119 z mostu w Putney do rzek, jednak ponownie j\u0105 uratowano.<\/p>\n\n\n\n<p>W 1797 roku zwi\u0105za\u0142a si\u0119 z <a href=\"https:\/\/paryskiesalonyromantykow.pl\/index.php\/william-godwin\/\" data-type=\"page\" data-id=\"2070\">Williamem Godwinem<\/a>, filozofem i radyka\u0142em, podobnie jak ona znanym z niech\u0119ci do ma\u0142\u017ce\u0144stwa. Kiedy Mary zasz\u0142a w ci\u0105\u017c\u0119, postanowili si\u0119 pobra\u0107, aby ich dziecko nie by\u0142o wykluczone ze spo\u0142ecze\u0144stwa (jak Fanny Imlay). Niestety wkr\u00f3tce po urodzeniu c\u00f3rki Mary zmar\u0142a na gor\u0105czk\u0119 popo\u0142ogow\u0105 w wieku 38 lat<\/p>\n","protected":false},"excerpt":{"rendered":"<p>Mary Godwin z domu Wollstonecraft Data i miejsce urodzenia 27 kwietnia 1759 rokuLondyn Data i miejsce \u015bmierci 10 wrze\u015bnia 1797 rokuLondyn Rodzice Edward (1736-1803)Elizabeth z domu Dixon (1729-1782) Rodze\u0144stwo Henry (1761-?)Elizabeth (1763-ok. 1829)Everina (1765-1843)James (ok. 1768-ok. 1806)Charles (1770-1817)Edward M\u0105\u017c William Godwin (1756-1836) Dzieci Fanny (1794-1816)Mary (1797-1851) Mary Wollstonecraft, angielska pisarka i prekursorka feminizmu, matka Mary [&hellip;]<\/p>\n","protected":false},"author":1,"featured_media":0,"parent":0,"menu_order":0,"comment_status":"closed","ping_status":"closed","template":"","meta":[],"_links":{"self":[{"href":"https:\/\/paryskiesalonyromantykow.pl\/index.php\/wp-json\/wp\/v2\/pages\/350"}],"collection":[{"href":"https:\/\/paryskiesalonyromantykow.pl\/index.php\/wp-json\/wp\/v2\/pages"}],"about":[{"href":"https:\/\/paryskiesalonyromantykow.pl\/index.php\/wp-json\/wp\/v2\/types\/page"}],"author":[{"embeddable":true,"href":"https:\/\/paryskiesalonyromantykow.pl\/index.php\/wp-json\/wp\/v2\/users\/1"}],"replies":[{"embeddable":true,"href":"https:\/\/paryskiesalonyromantykow.pl\/index.php\/wp-json\/wp\/v2\/comments?post=350"}],"version-history":[{"count":5,"href":"https:\/\/paryskiesalonyromantykow.pl\/index.php\/wp-json\/wp\/v2\/pages\/350\/revisions"}],"predecessor-version":[{"id":2078,"href":"https:\/\/paryskiesalonyromantykow.pl\/index.php\/wp-json\/wp\/v2\/pages\/350\/revisions\/2078"}],"wp:attachment":[{"href":"https:\/\/paryskiesalonyromantykow.pl\/index.php\/wp-json\/wp\/v2\/media?parent=350"}],"curies":[{"name":"wp","href":"https:\/\/api.w.org\/{rel}","templated":true}]}}