{"id":335,"date":"2021-01-10T10:24:47","date_gmt":"2021-01-10T09:24:47","guid":{"rendered":"http:\/\/paryskiesalonyromantykow.pl\/?page_id=335"},"modified":"2021-01-17T09:25:31","modified_gmt":"2021-01-17T08:25:31","slug":"eglantyna-pattey","status":"publish","type":"page","link":"https:\/\/paryskiesalonyromantykow.pl\/index.php\/eglantyna-pattey\/","title":{"rendered":"Eglantyna Pattey"},"content":{"rendered":"\n<figure class=\"wp-block-table aligncenter is-style-stripes\"><table><tbody><tr><td class=\"has-text-align-left\" data-align=\"left\"><img loading=\"lazy\" width=\"1000\" height=\"1000\" class=\"wp-image-336\" style=\"width: 200px;\" src=\"http:\/\/paryskiesalonyromantykow.pl\/wp-content\/uploads\/2021\/01\/pjimage-2-3.jpg\" alt=\"\" srcset=\"https:\/\/paryskiesalonyromantykow.pl\/wp-content\/uploads\/2021\/01\/pjimage-2-3.jpg 1000w, https:\/\/paryskiesalonyromantykow.pl\/wp-content\/uploads\/2021\/01\/pjimage-2-3-300x300.jpg 300w, https:\/\/paryskiesalonyromantykow.pl\/wp-content\/uploads\/2021\/01\/pjimage-2-3-150x150.jpg 150w, https:\/\/paryskiesalonyromantykow.pl\/wp-content\/uploads\/2021\/01\/pjimage-2-3-768x768.jpg 768w\" sizes=\"(max-width: 1000px) 100vw, 1000px\" \/><\/td><td>Louise Eglantine De Lup\u00e9 z domu Pattey<\/td><\/tr><tr><td class=\"has-text-align-left\" data-align=\"left\"><strong>Data i miejsce urodzenia<\/strong><\/td><td>10 pa\u017adziernika 1800 roku<br>Lyon<\/td><\/tr><tr><td class=\"has-text-align-left\" data-align=\"left\"><strong>Data i miejsce \u015bmierci<\/strong><\/td><td>13 kwietnia 1880 roku<br>Carouge (obecnie Genewa)<\/td><\/tr><tr><td class=\"has-text-align-left\" data-align=\"left\"><strong>Rodzice<\/strong><\/td><td>Jean-Pierre Pattey<br>Claudine z domu Jaquet<\/td><\/tr><tr><td class=\"has-text-align-left\" data-align=\"left\"><strong>Rodze\u0144stwo<\/strong><\/td><td>Mathilde<\/td><\/tr><tr><td class=\"has-text-align-left\" data-align=\"left\"><strong>M\u0105\u017c<\/strong><\/td><td>Z\u00e9phirin De Lup\u00e9 (1784-1870)<\/td><\/tr><\/tbody><\/table><\/figure>\n\n\n\n<p>Eglantyna Pattey, przyjaci\u00f3\u0142ka <a href=\"https:\/\/paryskiesalonyromantykow.pl\/index.php\/juliusz-slowacki\/\" data-type=\"page\" data-id=\"153\">Juliusza S\u0142owackiego<\/a>, by\u0142a c\u00f3rk\u0105 Pierre&#8217;a Pattey, kt\u00f3ry zmar\u0142 wcze\u015bnie i jego \u017cony Claudii z domu Jacquet, w\u0142a\u015bcicielki pensjonatu w P\u00e2quis pod Genew\u0105. Podczas gdy jej m\u0142odsza siostra, Mathilde, wysz\u0142a w 1824 roku za m\u0105\u017c, Eglantyna wiod\u0142a \u017cywot starej panny. W styczniu 1833 roku w P\u00e2quis pojawi\u0142 si\u0119 dwudziestoczteroletni poeta, przystojny, elegancki i cho\u0107 Polak, wcale nie\u017ale m\u00f3wi\u0105cy po francusku. Obie panie Pattey (matka i c\u00f3rka) od razu zwr\u00f3ci\u0142y na niego uwag\u0119, zw\u0142aszcza \u017ce Juliusz zamieszka\u0142 w ich pensjonacie. Wsp\u00f3lnie sp\u0119dzone miesi\u0105ce zbli\u017cy\u0142y ich do siebie, a mniej wi\u0119cej po roku S\u0142owacki zacz\u0105\u0142 by\u0107 uwa\u017cany za cz\u0142onka rodziny i potencjalnego pretendenta do r\u0119ki Eglantyny. By\u0107 mo\u017ce on sam nie zdawa\u0142 sobie sprawy z tego, czego od niego oczekiwano, a mo\u017ce po prostu nie chcia\u0142. W listach niejednokrotnie okre\u015bla pann\u0119 Pattey mianem siostry, podkre\u015blaj\u0105c wprawdzie \u0142\u0105cz\u0105c\u0105 ich blisk\u0105 relacj\u0119, ale jednak zachowuj\u0105c lekki dystans. Ona za\u015b rozpieszcza\u0142a go i obdarowywa\u0142a prezentami \u2013 podarowa\u0142a mu przywieziony z Lyonu scyzoryk (\u201enic jeszcze bardziej barbarzy\u0144skiego nie widzia\u0142em\u201d, napisa\u0142 S\u0142owacki), z\u0142ot\u0105 obr\u0105czk\u0119 (\u201eobr\u0105czka ta otwiera si\u0119 i we \u015brodku napis: 23. Ao\u00fbt 1833\u201d &#8211; urodziny Juliusza wed\u0142ug kalendarza starego stylu), wyszyte przez siebie w\u0142\u00f3czk\u0105 pantofle oraz \u201e\u0142adny kryszta\u0142owy kielich\u201d.<\/p>\n\n\n\n<p>Niestety jednak w sierpniu 1834 roku Juliusz uda\u0142 si\u0119 na g\u00f3rsk\u0105 wycieczk\u0119 z rodzin\u0105 Wodzi\u0144skich, a w maju roku nast\u0119pnego Wodzi\u0144scy zamieszkali w pensjonacie pa\u0144 Pattey. Poeta zakocha\u0142 si\u0119 w m\u0142odszej o 10 lat <a href=\"https:\/\/paryskiesalonyromantykow.pl\/index.php\/maria-wodzinska\/\" data-type=\"page\" data-id=\"255\">Marii<\/a>, co musia\u0142o by\u0107 podw\u00f3jnym ciosem dla Eglantyny ko\u0144cz\u0105cej 35 lat. Sytuacja w pensjonacie stawa\u0142a si\u0119 coraz bardziej napi\u0119ta, a\u017c w sierpniu Juliusz wyjecha\u0142 do Veytoux. Po\u015bwi\u0119ci\u0142 te\u017c Eglantynie dwa wiersze \u2013 \u201ePrzekle\u0144stwo\u201d i \u201eSumnienie\u201d.<\/p>\n\n\n\n<p>Nie wiadomo jednak, czy panna Pattey mia\u0142a okazj\u0119 przeczyta\u0107 te wiersze, a je\u015bli tak \u2013 to co o nich s\u0105dzi\u0142a. Spotka\u0142a raz jeszcze Juliusza w 1842 roku, gdy przyjecha\u0142a do Pary\u017ca w odwiedziny do brata. Poeta oprowadza\u0142 j\u0105 po mie\u015bcie, pono\u0107 strasznie przy tym cierpi\u0105c. \u201eZe spuszczonymi wi\u0119c uszyma musz\u0119 t\u0119 parafijank\u0119 wodzi\u0107. Jej ton kozacko-panie\u0144ski, jej dezinwoltura starej panny jest mi tortur\u0105\u201d, pisa\u0142 w li\u015bcie do matki.<\/p>\n\n\n\n<p>Eglantyna wysz\u0142a za m\u0105\u017c 22 listopada 1851 roku za podpu\u0142kownika Z\u00e9phirina De Lup\u00e9 i wsp\u00f3lnie zamieszkali w Carouge, miasteczku, kt\u00f3re pod koniec XIX wieku sta\u0142o si\u0119 przedmie\u015bciem Genewy. Podpu\u0142kownik, starszy od niej o 16 lat (zatem w dniu \u015blubu on mia\u0142 67 lat, a ona 51), zmar\u0142 w 1870 r. Nied\u0142ugo p\u00f3\u017aniej Eglantyna straci\u0142a wzrok, ale pomimo podesz\u0142ego wieku nadal zachowa\u0142a sw\u0105 niezwyk\u0142\u0105 urod\u0119.<\/p>\n\n\n\n<p>Juliusz S\u0142owacki odszed\u0142 w 1849 roku, a dwa lata p\u00f3\u017aniej panna Pattey sta\u0142a si\u0119 pani\u0105 De Lup\u00e9. Przypadek? Czy\u017cby czeka\u0142a na niego przez te wszystkie lata, puszczaj\u0105c mimo uszu zniewagi i licz\u0105c, \u017ce kiedy\u015b zmieni zdanie, \u017ce doceni jej starania? Mo\u017cliwe. W 1873 roku, po \u015bmierci podpu\u0142kownika, w pokoju Eglantyny nadal wisia\u0142 portret S\u0142owackiego namalowany w 1836 roku. Tym bole\u015bniejsza wydaje si\u0119 utrata wzroku \u2013 staruszka nie mog\u0142a nawet podziwia\u0107 oblicza ukochanego na obrazie. Je\u015bli faktycznie czeka\u0142a na niego przez te wszystkie lata, los zdecydowanie nie by\u0142 dla niej \u0142askawy.<\/p>\n","protected":false},"excerpt":{"rendered":"<p>Louise Eglantine De Lup\u00e9 z domu Pattey Data i miejsce urodzenia 10 pa\u017adziernika 1800 rokuLyon Data i miejsce \u015bmierci 13 kwietnia 1880 rokuCarouge (obecnie Genewa) Rodzice Jean-Pierre PatteyClaudine z domu Jaquet Rodze\u0144stwo Mathilde M\u0105\u017c Z\u00e9phirin De Lup\u00e9 (1784-1870) Eglantyna Pattey, przyjaci\u00f3\u0142ka Juliusza S\u0142owackiego, by\u0142a c\u00f3rk\u0105 Pierre&#8217;a Pattey, kt\u00f3ry zmar\u0142 wcze\u015bnie i jego \u017cony Claudii z [&hellip;]<\/p>\n","protected":false},"author":1,"featured_media":0,"parent":0,"menu_order":0,"comment_status":"closed","ping_status":"closed","template":"","meta":[],"_links":{"self":[{"href":"https:\/\/paryskiesalonyromantykow.pl\/index.php\/wp-json\/wp\/v2\/pages\/335"}],"collection":[{"href":"https:\/\/paryskiesalonyromantykow.pl\/index.php\/wp-json\/wp\/v2\/pages"}],"about":[{"href":"https:\/\/paryskiesalonyromantykow.pl\/index.php\/wp-json\/wp\/v2\/types\/page"}],"author":[{"embeddable":true,"href":"https:\/\/paryskiesalonyromantykow.pl\/index.php\/wp-json\/wp\/v2\/users\/1"}],"replies":[{"embeddable":true,"href":"https:\/\/paryskiesalonyromantykow.pl\/index.php\/wp-json\/wp\/v2\/comments?post=335"}],"version-history":[{"count":2,"href":"https:\/\/paryskiesalonyromantykow.pl\/index.php\/wp-json\/wp\/v2\/pages\/335\/revisions"}],"predecessor-version":[{"id":1167,"href":"https:\/\/paryskiesalonyromantykow.pl\/index.php\/wp-json\/wp\/v2\/pages\/335\/revisions\/1167"}],"wp:attachment":[{"href":"https:\/\/paryskiesalonyromantykow.pl\/index.php\/wp-json\/wp\/v2\/media?parent=335"}],"curies":[{"name":"wp","href":"https:\/\/api.w.org\/{rel}","templated":true}]}}