{"id":260,"date":"2021-01-09T17:44:04","date_gmt":"2021-01-09T16:44:04","guid":{"rendered":"http:\/\/paryskiesalonyromantykow.pl\/?page_id=260"},"modified":"2021-07-10T10:57:15","modified_gmt":"2021-07-10T08:57:15","slug":"maria-gorecka","status":"publish","type":"page","link":"https:\/\/paryskiesalonyromantykow.pl\/index.php\/maria-gorecka\/","title":{"rendered":"Maria Gorecka"},"content":{"rendered":"\n<figure class=\"wp-block-table aligncenter is-style-stripes\"><table><tbody><tr><td class=\"has-text-align-left\" data-align=\"left\"><img loading=\"lazy\" width=\"1000\" height=\"1000\" class=\"wp-image-261\" style=\"width: 200px;\" src=\"http:\/\/paryskiesalonyromantykow.pl\/wp-content\/uploads\/2021\/01\/pjimage-9-1.jpg\" alt=\"\" srcset=\"https:\/\/paryskiesalonyromantykow.pl\/wp-content\/uploads\/2021\/01\/pjimage-9-1.jpg 1000w, https:\/\/paryskiesalonyromantykow.pl\/wp-content\/uploads\/2021\/01\/pjimage-9-1-300x300.jpg 300w, https:\/\/paryskiesalonyromantykow.pl\/wp-content\/uploads\/2021\/01\/pjimage-9-1-150x150.jpg 150w, https:\/\/paryskiesalonyromantykow.pl\/wp-content\/uploads\/2021\/01\/pjimage-9-1-768x768.jpg 768w\" sizes=\"(max-width: 1000px) 100vw, 1000px\" \/><\/td><td>Maria Helena Julia Gorecka z Mickiewicz\u00f3w<\/td><\/tr><tr><td class=\"has-text-align-left\" data-align=\"left\"><strong>Data i miejsce urodzenia<\/strong><\/td><td>7 wrze\u015bnia 1835 roku<br>Pary\u017c<\/td><\/tr><tr><td class=\"has-text-align-left\" data-align=\"left\"><strong>Data i miejsce \u015bmierci<\/strong><\/td><td>26 listopada 1922 roku<br>Pary\u017c<\/td><\/tr><tr><td class=\"has-text-align-left\" data-align=\"left\"><strong>Rodzice<\/strong><\/td><td><a href=\"https:\/\/paryskiesalonyromantykow.pl\/index.php\/adam-mickiewicz\/\">Adam Mickiewicz (1798-1855)<\/a><br><a href=\"https:\/\/paryskiesalonyromantykow.pl\/index.php\/celina-mickiewiczowa\/\" data-type=\"page\" data-id=\"157\">Celina z Szymanowskich (1812-1855)<\/a><\/td><\/tr><tr><td class=\"has-text-align-left\" data-align=\"left\"><strong>Rodze\u0144stwo<\/strong><\/td><td><a href=\"https:\/\/paryskiesalonyromantykow.pl\/index.php\/wladyslaw-mickiewicz\/\" data-type=\"page\" data-id=\"421\"><\/a><a href=\"https:\/\/paryskiesalonyromantykow.pl\/index.php\/wladyslaw-mickiewicz\/\">W\u0142adys\u0142aw (1838-1926)<\/a><br><a href=\"https:\/\/paryskiesalonyromantykow.pl\/index.php\/helena-hryniewiecka\/\">Helena (1840-1897)<\/a><br><a href=\"https:\/\/paryskiesalonyromantykow.pl\/index.php\/aleksander-mickiewicz\/\">Aleksander (1842-1864)<\/a><br><a href=\"https:\/\/paryskiesalonyromantykow.pl\/index.php\/jan-mickiewicz\/\">Jan (1845-1885)<\/a><br><a href=\"https:\/\/paryskiesalonyromantykow.pl\/index.php\/jozef-mickiewicz\/\">J\u00f3zef (1850-1938)<\/a><br><a href=\"https:\/\/paryskiesalonyromantykow.pl\/index.php\/klara-mainard\/\" data-type=\"page\" data-id=\"192\">Klara (1850-?)<\/a> &#8211; przyrodnia siostra<\/td><\/tr><tr><td class=\"has-text-align-left\" data-align=\"left\"><strong>M\u0105\u017c<\/strong><\/td><td>Tadeusz Gorecki (1825-1868)<\/td><\/tr><tr><td class=\"has-text-align-left\" data-align=\"left\"><strong>Dzieci<\/strong><\/td><td>Celina (1858-1860)<br>Helena (1861-1884)<br>Ludwik (1863-1936)<br>Adam (1864-1890)<\/td><\/tr><\/tbody><\/table><\/figure>\n\n\n\n<p>Maria Gorecka, c\u00f3rka <a href=\"https:\/\/paryskiesalonyromantykow.pl\/index.php\/adam-mickiewicz\/\" data-type=\"page\" data-id=\"138\">Adama<\/a> i <a href=\"https:\/\/paryskiesalonyromantykow.pl\/index.php\/celina-mickiewiczowa\/\" data-type=\"page\" data-id=\"157\">Celiny<\/a> Mickiewicz\u00f3w, by\u0142a pierwszym dzieckiem \u015bwie\u017co po\u015blubionej pary i otrzyma\u0142a imi\u0119 po babce ze strony matki, s\u0142ynnej pianistce <a href=\"https:\/\/paryskiesalonyromantykow.pl\/index.php\/maria-szymanowska\/\" data-type=\"page\" data-id=\"234\">Marii Szymanowskiej<\/a> (podobnie jak jej kuzynka, Maria Malewska, c\u00f3rka <a href=\"https:\/\/paryskiesalonyromantykow.pl\/index.php\/franciszek-malewski\/\" data-type=\"page\" data-id=\"375\">Franciszka Malewskiego<\/a> i <a href=\"https:\/\/paryskiesalonyromantykow.pl\/index.php\/helena-malewska\/\" data-type=\"page\" data-id=\"1699\">Heleny z Szymanowskich<\/a>).<\/p>\n\n\n\n<p>W przeciwie\u0144stwie do m\u0142odszego rodze\u0144stwa Maria Mickiewicz\u00f3wna z rosn\u0105c\u0105 \u015bwiadomo\u015bci\u0105 obserwowa\u0142a problemy, troski i b\u0142\u0119dy rodzic\u00f3w. Mia\u0142a sze\u015b\u0107 lat, kiedy jej ojciec wraz z <a href=\"https:\/\/paryskiesalonyromantykow.pl\/index.php\/andrzej-towianski\/\" data-type=\"page\" data-id=\"203\">Towia\u0144skim<\/a> za\u0142o\u017cyli Ko\u0142o Sprawy Bo\u017cej, a do ich domu zawita\u0142a <a href=\"https:\/\/paryskiesalonyromantykow.pl\/index.php\/ksawera-deybel\/\" data-type=\"page\" data-id=\"188\">Ksawera Deybel<\/a>. Wbrew pozorom dziewczynka i jej opiekunka z pocz\u0105tku bardzo si\u0119 lubi\u0142y. Specyficzny spos\u00f3b wychowywania dzieci zalecany przez Towia\u0144skiego (polegaj\u0105cy m.in. na nieokazywaniu nadmiernej czu\u0142o\u015bci i na &#8222;trzymaniu tonu&#8221; w ka\u017cdym s\u0142owie i ge\u015bcie, a wi\u0119c ograniczaniu spontaniczno\u015bci do minimum) sprawia\u0142 przykro\u015b\u0107 Marii, pami\u0119taj\u0105cej, jak atmosfera w rodzinie wygl\u0105da\u0142a wcze\u015bniej.<\/p>\n\n\n\n<p>Wiele zmieni\u0142o pojawienie si\u0119 w domu Mickiewicz\u00f3w <a href=\"https:\/\/paryskiesalonyromantykow.pl\/index.php\/zofia-szymanowska\/\" data-type=\"page\" data-id=\"224\">Zofii Szymanowskiej<\/a>, przyrodniej siostry Celiny. Dwudziestopi\u0119cioletnia Zofia szybko zaprzyja\u017ani\u0142a si\u0119 z pi\u0119tnastoletni\u0105 Mari\u0105, jednocze\u015bnie nastawiaj\u0105c j\u0105 przeciw Ksawerze Deybel oraz wszystkiemu, co wi\u0105za\u0142o si\u0119 z towianizmem i Ko\u0142em Sprawy Bo\u017cej. Doprowadzi\u0142o to niemal do roz\u0142amu w rodzinie Mickiewicz\u00f3w. Kiedy Ksawera, kt\u00f3ra urodzi\u0142a poecie <a href=\"https:\/\/paryskiesalonyromantykow.pl\/index.php\/klara-mainard\/\" data-type=\"page\" data-id=\"192\">c\u00f3rk\u0119<\/a>, odesz\u0142a z nowym partnerem, Edmunem Mainardem, a Celina zmar\u0142a na nowotw\u00f3r piersi, panna Szymanowska zacz\u0119\u0142a rozg\u0142asza\u0107, \u017ce ostatnim \u017cyczeniem jej zmar\u0142ej siostry by\u0142o, aby ona po\u015blubi\u0142a Adama. Jednak nie tylko sam Adam nie wykaza\u0142 w tym kierunku \u017cadnego zainteresowania, ale i dzieci Celiny, w\u0142\u0105cznie z doros\u0142\u0105 ju\u017c Mari\u0105, sprzeciwi\u0142y si\u0119 temu z ca\u0142\u0105 moc\u0105. Do ko\u0144ca \u017cycia ciotki nie potrafili jej wybaczy\u0107 sk\u0142\u00f3cenia rodziny.<\/p>\n\n\n\n<p>Znajomi, krewni i wielbiciele poety z\u0142o\u017cyli si\u0119 na specjalny fundusz, kt\u00f3ry mia\u0142 zabezpieczy\u0107 przysz\u0142o\u015b\u0107 jego potomstwa. W tym czasie do Marii napisa\u0142a Ksawera (kt\u00f3ra zd\u0105\u017cy\u0142a wyj\u015b\u0107 za m\u0105\u017c za Mainarda), prawdopodobnie z pro\u015bb\u0105 o uwzgl\u0119dnienie Klary, nie\u015blubnej c\u00f3rki Adama i Deybl\u00f3wny, w podziale funduszu. Mickiewicz\u00f3wna jednak stanowczo odm\u00f3wi\u0142a.<\/p>\n\n\n\n<p>Maria i <a href=\"https:\/\/paryskiesalonyromantykow.pl\/index.php\/wladyslaw-mickiewicz\/\" data-type=\"page\" data-id=\"421\">W\u0142adys\u0142aw<\/a>, jej najstarszy brat, postanowili zadba\u0107 o spu\u015bcizn\u0119 po ojcu, mieli jednak zupe\u0142nie inne pogl\u0105dy oraz spojrzenie na poet\u0119. C\u00f3rka nienawidzi\u0142a towianizmu, kt\u00f3ry fascynowa\u0142 jej brata. Wsp\u00f3lnie jednak spisywali wspomnienia, zbierali pami\u0105tki o rodzicach i relacje ich znajomych. Przy okazji zniszczyli wszystko to, co mog\u0142oby przedstawi\u0107 ich ojca w z\u0142ym \u015bwietle, a w pisanych przez siebie biografiach naginali lub przemilczali niewygodne fakty.<\/p>\n\n\n\n<p>Sama Maria, my\u015bl\u0105c bardziej o zapewnieniu nieletniemu rodze\u0144stwu domu ni\u017c osobistym szcz\u0119\u015bciu, odrzuca\u0142a kolejnych adorator\u00f3w, wychodz\u0105c ostatecznie z rozs\u0105dku za malarza religijnego, Tadeusza Goreckiego. W\u0142adys\u0142aw tymczasem zakocha\u0142 si\u0119 we w\u0142asnej kuzynce, wspomnianej ju\u017c Marii Malewskiej, co po pokonaniu oporu rodziny i wielu innych trudach zaowocowa\u0142o bardzo udanym ma\u0142\u017ce\u0144stwem. Maria Gorecka mia\u0142a o wiele mniej szcz\u0119\u015bcia. Wcze\u015bnie owdowia\u0142a, prze\u017cy\u0142a niemal wszystkie ze swojej czw\u00f3rki dzieci. Jedynie jej syn Ludwik za\u0142o\u017cy\u0142 rodzin\u0119, a jego potomstwo \u017cyje do dzi\u015b.<\/p>\n\n\n\n<p>Najstarsza c\u00f3rka Mickiewicz\u00f3w doczeka\u0142a tak upragnionej przez rodzic\u00f3w wolnej Polski. Zmar\u0142a w Pary\u017cu w wieku 87 lat, dok\u0142adnie w rocznic\u0119 \u015bmierci swego ojca, i pochowano j\u0105 w rodzinnym grobie Goreckich z m\u0119\u017cem i dzie\u0107mi.<\/p>\n","protected":false},"excerpt":{"rendered":"<p>Maria Helena Julia Gorecka z Mickiewicz\u00f3w Data i miejsce urodzenia 7 wrze\u015bnia 1835 rokuPary\u017c Data i miejsce \u015bmierci 26 listopada 1922 rokuPary\u017c Rodzice Adam Mickiewicz (1798-1855)Celina z Szymanowskich (1812-1855) Rodze\u0144stwo W\u0142adys\u0142aw (1838-1926)Helena (1840-1897)Aleksander (1842-1864)Jan (1845-1885)J\u00f3zef (1850-1938)Klara (1850-?) &#8211; przyrodnia siostra M\u0105\u017c Tadeusz Gorecki (1825-1868) Dzieci Celina (1858-1860)Helena (1861-1884)Ludwik (1863-1936)Adam (1864-1890) Maria Gorecka, c\u00f3rka Adama i [&hellip;]<\/p>\n","protected":false},"author":1,"featured_media":0,"parent":0,"menu_order":0,"comment_status":"closed","ping_status":"closed","template":"","meta":[],"_links":{"self":[{"href":"https:\/\/paryskiesalonyromantykow.pl\/index.php\/wp-json\/wp\/v2\/pages\/260"}],"collection":[{"href":"https:\/\/paryskiesalonyromantykow.pl\/index.php\/wp-json\/wp\/v2\/pages"}],"about":[{"href":"https:\/\/paryskiesalonyromantykow.pl\/index.php\/wp-json\/wp\/v2\/types\/page"}],"author":[{"embeddable":true,"href":"https:\/\/paryskiesalonyromantykow.pl\/index.php\/wp-json\/wp\/v2\/users\/1"}],"replies":[{"embeddable":true,"href":"https:\/\/paryskiesalonyromantykow.pl\/index.php\/wp-json\/wp\/v2\/comments?post=260"}],"version-history":[{"count":7,"href":"https:\/\/paryskiesalonyromantykow.pl\/index.php\/wp-json\/wp\/v2\/pages\/260\/revisions"}],"predecessor-version":[{"id":1783,"href":"https:\/\/paryskiesalonyromantykow.pl\/index.php\/wp-json\/wp\/v2\/pages\/260\/revisions\/1783"}],"wp:attachment":[{"href":"https:\/\/paryskiesalonyromantykow.pl\/index.php\/wp-json\/wp\/v2\/media?parent=260"}],"curies":[{"name":"wp","href":"https:\/\/api.w.org\/{rel}","templated":true}]}}