{"id":2190,"date":"2022-02-22T12:01:29","date_gmt":"2022-02-22T11:01:29","guid":{"rendered":"http:\/\/paryskiesalonyromantykow.pl\/?page_id=2190"},"modified":"2022-02-22T12:01:30","modified_gmt":"2022-02-22T11:01:30","slug":"friedrich-schiller","status":"publish","type":"page","link":"https:\/\/paryskiesalonyromantykow.pl\/index.php\/friedrich-schiller\/","title":{"rendered":"Friedrich Schiller"},"content":{"rendered":"\n<figure class=\"wp-block-table aligncenter is-style-stripes\"><table><tbody><tr><td class=\"has-text-align-left\" data-align=\"left\"><\/td><td>Johann Christoph Friedrich Schiller<\/td><\/tr><tr><td class=\"has-text-align-left\" data-align=\"left\"><strong>Data i miejsce urodzenia<\/strong><\/td><td>10 listopada 1759 roku<br>Marbach am Neckar<\/td><\/tr><tr><td class=\"has-text-align-left\" data-align=\"left\"><strong>Data i miejsce \u015bmierci<\/strong><\/td><td>9 maja 1805 roku<br>Weimar<\/td><\/tr><tr><td class=\"has-text-align-left\" data-align=\"left\"><strong>Rodzice<\/strong><\/td><td>Johann Kaspar Schiller (1723-1796)<br>Elisabetha Dorothea Kodwei\u00df (1732-1802)<\/td><\/tr><tr><td class=\"has-text-align-left\" data-align=\"left\"><strong>Rodze\u0144stwo<\/strong><\/td><td>Elisabetha Christophine Friederike (1757-1847)<\/td><\/tr><tr><td class=\"has-text-align-left\" data-align=\"left\"><strong>\u017bona<\/strong><\/td><td>Charlotte Luise Antoinette von Lengefeld (1766-1826)<\/td><\/tr><tr><td class=\"has-text-align-left\" data-align=\"left\"><strong>Dzieci<\/strong><\/td><td>Karl Friedrich Ludwig (1793-1857)<br>Ernst Friedrich Wilhelm (1796-1841)<br>Karoline Luise Henriette (1799-1850)<br>Emilie Friederike Henriette (1804-1872)<\/td><\/tr><\/tbody><\/table><\/figure>\n\n\n\n<p>Friedrich Schiller, niemiecki dramaturg, poeta i filozof, prekursor romantyzmu. By\u0142 synem felczera, Johanna Caspara Schillera i jego \u017cony Elisabethy Dorothei z domu Kodwei\u00df. Gdy przyszed\u0142 na \u015bwiat, jego ojciec s\u0142u\u017cy\u0142 w wojnie siedmioletniej. Rodzina by\u0142a uboga i bardzo religijna, tote\u017c Friedrich w dzieci\u0144stwie sp\u0119dza\u0142 sporo czasu na studiowaniu Biblii. Gdy wojna dobieg\u0142a ko\u0144ca, rodzina zamieszka\u0142a w Lorch.<\/p>\n\n\n\n<p>Rodzice pragn\u0119li, by Friedrich zosta\u0142 ksi\u0119dzem, wi\u0119c poprosili lokalnego proboszcza, by uczy\u0142 go \u0142aciny i greki. P\u00f3\u017aniej przeprowadzili si\u0119 do Ludwigsburga, gdzie m\u0142ody Schiller zwr\u00f3ci\u0142 na siebie uwag\u0119 Karola Eugeniusza, ksi\u0119cia Wirtembergii, i wst\u0105pi\u0142 do za\u0142o\u017conej przez niego Karlsschule Stuttgart, elitarnej akademii wojskowej, na studia medyczne i prawnicze. Czytywa\u0142 tam dzie\u0142a Rousseau i <a href=\"http:\/\/paryskiesalonyromantykow.pl\/index.php\/johann-wolfgang-von-goethe\/\" data-type=\"page\" data-id=\"2081\">Goethego<\/a>, a tak\u017ce napisa\u0142 sw\u00f3j pierwszy dramat \u201eZb\u00f3jcy\u201d, kt\u00f3ry przyni\u00f3s\u0142 mu natychmiastow\u0105 s\u0142aw\u0119.<\/p>\n\n\n\n<p>Po uko\u0144czeniu studi\u00f3w otrzyma\u0142 posad\u0119 lekarza pu\u0142kowego w Stuttgarcie, lecz ta praca nie przynosi\u0142a mu satysfakcji. By obejrze\u0107 pierwsze wystawienie \u201eZb\u00f3jc\u00f3w\u201d na deskach teatru w Mannheim, opu\u015bci\u0142 sw\u00f3j pu\u0142k bez pozwolenia, za co zosta\u0142 aresztowany i uwi\u0119ziony na 14 dni. Ksi\u0105\u017c\u0119 Karol Eugeniusz zabroni\u0142 mu tak\u017ce publikowa\u0107 jakichkolwiek dalszych dzie\u0142.<\/p>\n\n\n\n<p>W przebraniu i pod os\u0142on\u0105 nocy Schiller wyjecha\u0142 ze Stuttgartu. Po przystankach we Frankfurcie, Mannheim, Lipsku i Dre\u017anie ostatecznie osiad\u0142 w Weimarze w 1787 roku. Napisa\u0142 wtedy poemat \u201eOda do m\u0142odo\u015bci\u201d, do kt\u00f3rego muzyk\u0119 skomponowa\u0142 Beethoven. W 1789 roku zosta\u0142 wyk\u0142adowc\u0105 historii i filozofii w Jenie, a niebawem po\u015blubi\u0142 Charlotte von Lengefeld, z kt\u00f3r\u0105 mia\u0142 czw\u00f3rk\u0119 dzieci \u2013 Karla Friedricha Ludwiga, Ernsta Friedricha Wilhelma, Karoline Luise Henriette i Luise Henriette Emilie.<\/p>\n\n\n\n<p>W 1799 roku wr\u00f3ci\u0142 do Weimaru, gdzie wsp\u00f3lnie z Goethem, z kt\u00f3rym si\u0119 przyja\u017ani\u0142, za\u0142o\u017cyli Teatr Weimarski, kt\u00f3ry niebawem sta\u0142 si\u0119 czo\u0142owym niemieckim teatrem i przyczyni\u0142 si\u0119 walnie do odrodzenia dramatu w Niemczech. Schiller cierpia\u0142 na gru\u017alic\u0119, na kt\u00f3r\u0105 zmar\u0142 w wieku 45 lat.<\/p>\n","protected":false},"excerpt":{"rendered":"<p>Johann Christoph Friedrich Schiller Data i miejsce urodzenia 10 listopada 1759 rokuMarbach am Neckar Data i miejsce \u015bmierci 9 maja 1805 rokuWeimar Rodzice Johann Kaspar Schiller (1723-1796)Elisabetha Dorothea Kodwei\u00df (1732-1802) Rodze\u0144stwo Elisabetha Christophine Friederike (1757-1847) \u017bona Charlotte Luise Antoinette von Lengefeld (1766-1826) Dzieci Karl Friedrich Ludwig (1793-1857)Ernst Friedrich Wilhelm (1796-1841)Karoline Luise Henriette (1799-1850)Emilie Friederike Henriette [&hellip;]<\/p>\n","protected":false},"author":1,"featured_media":0,"parent":0,"menu_order":0,"comment_status":"closed","ping_status":"closed","template":"","meta":[],"_links":{"self":[{"href":"https:\/\/paryskiesalonyromantykow.pl\/index.php\/wp-json\/wp\/v2\/pages\/2190"}],"collection":[{"href":"https:\/\/paryskiesalonyromantykow.pl\/index.php\/wp-json\/wp\/v2\/pages"}],"about":[{"href":"https:\/\/paryskiesalonyromantykow.pl\/index.php\/wp-json\/wp\/v2\/types\/page"}],"author":[{"embeddable":true,"href":"https:\/\/paryskiesalonyromantykow.pl\/index.php\/wp-json\/wp\/v2\/users\/1"}],"replies":[{"embeddable":true,"href":"https:\/\/paryskiesalonyromantykow.pl\/index.php\/wp-json\/wp\/v2\/comments?post=2190"}],"version-history":[{"count":1,"href":"https:\/\/paryskiesalonyromantykow.pl\/index.php\/wp-json\/wp\/v2\/pages\/2190\/revisions"}],"predecessor-version":[{"id":2192,"href":"https:\/\/paryskiesalonyromantykow.pl\/index.php\/wp-json\/wp\/v2\/pages\/2190\/revisions\/2192"}],"wp:attachment":[{"href":"https:\/\/paryskiesalonyromantykow.pl\/index.php\/wp-json\/wp\/v2\/media?parent=2190"}],"curies":[{"name":"wp","href":"https:\/\/api.w.org\/{rel}","templated":true}]}}

<figure class="wp-block-table aligncenter is-style-stripes"><table><tbody><tr><td class="has-text-align-left" data-align="left"></td><td>Johann Christoph Friedrich Schiller</td></tr><tr><td class="has-text-align-left" data-align="left"><strong>Data i miejsce urodzenia</strong></td><td>10 listopada 1759 roku<br>Marbach am Neckar</td></tr><tr><td class="has-text-align-left" data-align="left"><strong>Data i miejsce śmierci</strong></td><td>9 maja 1805 roku<br>Weimar</td></tr><tr><td class="has-text-align-left" data-align="left"><strong>Rodzice</strong></td><td>Johann Kaspar Schiller (1723-1796)<br>Elisabetha Dorothea Kodweiß (1732-1802)</td></tr><tr><td class="has-text-align-left" data-align="left"><strong>Rodzeństwo</strong></td><td>Elisabetha Christophine Friederike (1757-1847)</td></tr><tr><td class="has-text-align-left" data-align="left"><strong>Żona</strong></td><td>Charlotte Luise Antoinette von Lengefeld (1766-1826)</td></tr><tr><td class="has-text-align-left" data-align="left"><strong>Dzieci</strong></td><td>Karl Friedrich Ludwig (1793-1857)<br>Ernst Friedrich Wilhelm (1796-1841)<br>Karoline Luise Henriette (1799-1850)<br>Emilie Friederike Henriette (1804-1872)</td></tr></tbody></table></figure>



<p>Friedrich Schiller, niemiecki dramaturg, poeta i filozof, prekursor romantyzmu. Był synem felczera, Johanna Caspara Schillera i jego żony Elisabethy Dorothei z domu Kodweiß. Gdy przyszedł na świat, jego ojciec służył w wojnie siedmioletniej. Rodzina była uboga i bardzo religijna, toteż Friedrich w dzieciństwie spędzał sporo czasu na studiowaniu Biblii. Gdy wojna dobiegła końca, rodzina zamieszkała w Lorch.</p>



<p>Rodzice pragnęli, by Friedrich został księdzem, więc poprosili lokalnego proboszcza, by uczył go łaciny i greki. Później przeprowadzili się do Ludwigsburga, gdzie młody Schiller zwrócił na siebie uwagę Karola Eugeniusza, księcia Wirtembergii, i wstąpił do założonej przez niego Karlsschule Stuttgart, elitarnej akademii wojskowej, na studia medyczne i prawnicze. Czytywał tam dzieła Rousseau i <a href="http://paryskiesalonyromantykow.pl/index.php/johann-wolfgang-von-goethe/" data-type="page" data-id="2081">Goethego</a>, a także napisał swój pierwszy dramat „Zbójcy”, który przyniósł mu natychmiastową sławę.</p>



<p>Po ukończeniu studiów otrzymał posadę lekarza pułkowego w Stuttgarcie, lecz ta praca nie przynosiła mu satysfakcji. By obejrzeć pierwsze wystawienie „Zbójców” na deskach teatru w Mannheim, opuścił swój pułk bez pozwolenia, za co został aresztowany i uwięziony na 14 dni. Książę Karol Eugeniusz zabronił mu także publikować jakichkolwiek dalszych dzieł.</p>



<p>W przebraniu i pod osłoną nocy Schiller wyjechał ze Stuttgartu. Po przystankach we Frankfurcie, Mannheim, Lipsku i Dreźnie ostatecznie osiadł w Weimarze w 1787 roku. Napisał wtedy poemat „Oda do młodości”, do którego muzykę skomponował Beethoven. W 1789 roku został wykładowcą historii i filozofii w Jenie, a niebawem poślubił Charlotte von Lengefeld, z którą miał czwórkę dzieci – Karla Friedricha Ludwiga, Ernsta Friedricha Wilhelma, Karoline Luise Henriette i Luise Henriette Emilie.</p>



<p>W 1799 roku wrócił do Weimaru, gdzie wspólnie z Goethem, z którym się przyjaźnił, założyli Teatr Weimarski, który niebawem stał się czołowym niemieckim teatrem i przyczynił się walnie do odrodzenia dramatu w Niemczech. Schiller cierpiał na gruźlicę, na którą zmarł w wieku 45 lat.</p>

<p>Johann Christoph Friedrich Schiller Data i miejsce urodzenia 10 listopada 1759 rokuMarbach am Neckar Data i miejsce śmierci 9 maja 1805 rokuWeimar Rodzice Johann Kaspar Schiller (1723-1796)Elisabetha Dorothea Kodweiß (1732-1802) Rodzeństwo Elisabetha Christophine Friederike (1757-1847) Żona Charlotte Luise Antoinette von Lengefeld (1766-1826) Dzieci Karl Friedrich Ludwig (1793-1857)Ernst Friedrich Wilhelm (1796-1841)Karoline Luise Henriette (1799-1850)Emilie Friederike Henriette [&hellip;]</p>
