{"id":1951,"date":"2021-12-04T16:23:36","date_gmt":"2021-12-04T15:23:36","guid":{"rendered":"http:\/\/paryskiesalonyromantykow.pl\/?page_id=1951"},"modified":"2021-12-04T16:23:37","modified_gmt":"2021-12-04T15:23:37","slug":"fanny-brawne","status":"publish","type":"page","link":"https:\/\/paryskiesalonyromantykow.pl\/index.php\/fanny-brawne\/","title":{"rendered":"Fanny Brawne"},"content":{"rendered":"\n<figure class=\"wp-block-table aligncenter is-style-stripes\"><table><tbody><tr><td class=\"has-text-align-left\" data-align=\"left\"><img loading=\"lazy\" width=\"1000\" height=\"1000\" class=\"wp-image-1952\" style=\"width: 200px;\" src=\"http:\/\/paryskiesalonyromantykow.pl\/wp-content\/uploads\/2021\/12\/pjimage-2.jpg\" alt=\"\" srcset=\"https:\/\/paryskiesalonyromantykow.pl\/wp-content\/uploads\/2021\/12\/pjimage-2.jpg 1000w, https:\/\/paryskiesalonyromantykow.pl\/wp-content\/uploads\/2021\/12\/pjimage-2-300x300.jpg 300w, https:\/\/paryskiesalonyromantykow.pl\/wp-content\/uploads\/2021\/12\/pjimage-2-150x150.jpg 150w, https:\/\/paryskiesalonyromantykow.pl\/wp-content\/uploads\/2021\/12\/pjimage-2-768x768.jpg 768w\" sizes=\"(max-width: 1000px) 100vw, 1000px\" \/><\/td><td>Fanny Brawne<\/td><\/tr><tr><td class=\"has-text-align-left\" data-align=\"left\"><strong>Data i miejsce urodzenia<\/strong><\/td><td>9 sierpnia 1800 roku<br>West End<\/td><\/tr><tr><td class=\"has-text-align-left\" data-align=\"left\"><strong>Data i miejsce \u015bmierci<\/strong><\/td><td>4 grudnia 1865 roku<br>Londyn<\/td><\/tr><tr><td class=\"has-text-align-left\" data-align=\"left\"><strong>Rodzice<\/strong><\/td><td>Samuel (1778-1810)<br>Frances<\/td><\/tr><tr><td class=\"has-text-align-left\" data-align=\"left\"><strong>Rodze\u0144stwo<\/strong><\/td><td>Samuel (1804-?)<br>Margaret (1809-?)<\/td><\/tr><tr><td class=\"has-text-align-left\" data-align=\"left\">M\u0105\u017c<\/td><td>Louis Lindo (1812\u20131872)<\/td><\/tr><tr><td class=\"has-text-align-left\" data-align=\"left\">Dzieci<\/td><td>Edmund (1834-?)<br>Herbert (1838-1909)<br>Margaret (1844-?) <\/td><\/tr><\/tbody><\/table><\/figure>\n\n\n\n<p>Fanny Brawne, narzeczona i muza <a href=\"http:\/\/paryskiesalonyromantykow.pl\/index.php\/john-keats\/\" data-type=\"page\" data-id=\"288\">Johna Keatsa<\/a>, przysz\u0142a na \u015bwiat na farmie rodzic\u00f3w, Samuela i Frances, nieopodal wioski West End w pobli\u017cu Hampstead w Anglii. W 1810 roku Samuel zmar\u0142 na gru\u017alic\u0119, a rodzina przenios\u0142a si\u0119 do Hampstead Heath. Wed\u0142ug zachowanych relacji Fanny by\u0142a do\u015b\u0107 niska (podobnego wzrostu jak jej ukochany), niezbyt pi\u0119kna, ale ujmuj\u0105ca, o niebieskich oczach i br\u0105zowych w\u0142osach. Interesowa\u0142a si\u0119 mod\u0105, zar\u00f3wno aktualn\u0105, jak i historyczn\u0105, a szczeg\u00f3lnie nakryciami g\u0142owy, uwielbia\u0142a r\u00f3wnie\u017c czyta\u0107.<\/p>\n\n\n\n<p>W listopadzie 1818 roku pozna\u0142a Johna Keatsa i od pierwszego spotkania zaiskrzy\u0142o mi\u0119dzy nimi. Poeta opiekowa\u0142 si\u0119 w tym czasie swoim bratem Tomem, kt\u00f3ry zmar\u0142 1 grudnia na gru\u017alic\u0119. Niebawem John zakocha\u0142 si\u0119 w Fanny, z kt\u00f3r\u0105 rozumia\u0142 si\u0119 niemal\u017ce bez s\u0142\u00f3w. 18 pa\u017adziernika 1819 roku zar\u0119czyli si\u0119 w sekrecie. Gdy matka Brawne dowiedzia\u0142a si\u0119 o tej decyzji, sprzeciwi\u0142a si\u0119 &#8211; Keats zostawi\u0142 fach lekarza na rzecz poezji i nie potrafi\u0142 utrzymywa\u0107 finansowo samego siebie, a co dopiero Fanny i ewentualne potomstwo. Ponadto w rodzinie poety cz\u0119sto wyst\u0119powa\u0142a gru\u017alica. Ostatecznie pani Brawne nie zabroni\u0142a m\u0142odym spotyka\u0107 si\u0119, ale oznajmi\u0142a, \u017ce nie wyrazi zgody (potrzebnej do zawarcia ma\u0142\u017ce\u0144stwa), p\u00f3ki ich sytuacja finansowa nie b\u0119dzie stabilna.<\/p>\n\n\n\n<p>W lutym 1820 roku Keats wybra\u0142 si\u0119 do Londynu, z kt\u00f3rego wr\u00f3ci\u0142 chory. Okaza\u0142o si\u0119, \u017ce i jego zaatakowa\u0142a gru\u017alica. Dla lepszego klimatu lekarze zalecili mu wyjazd do W\u0142och. Zakochani ostatni raz widzieli si\u0119 10 sierpnia 1820 roku, po czym poeta wyruszy\u0142 do Rzymu. Tam te\u017c zmar\u0142 23 lutego 1821 roku.<\/p>\n\n\n\n<p>Po jego \u015bmierci Fanny \u015bci\u0119\u0142a w\u0142osy na kr\u00f3tko, nosi\u0142a czarne stroje i pier\u015bcie\u0144 podarowany przez poet\u0119 przy rozstaniu. Jej \u017ca\u0142oba trwa\u0142a a\u017c sze\u015b\u0107 lat. Przez ten czas utrzymywa\u0142a kontakt listowny z siostr\u0105 poety, Frances. Cierpi\u0105ce kobiety szybko si\u0119 zaprzyja\u017ani\u0142y, a Frances niebawem zamieszka\u0142a z rodzin\u0105 Brawne.<\/p>\n\n\n\n<p>W 1827 roku Fanny ponownie zacz\u0119\u0142a pokazywa\u0107 si\u0119 w towarzystwie, ponownie nosz\u0105c jasne, pastelowe kolory. Szcz\u0119\u015bliwszy okres nie trwa\u0142 jednak d\u0142ugo &#8211; 28 marca 1828 roku zmar\u0142 jej brat, Samuel, a p\u00f3\u0142tora roku p\u00f3\u017aniej jej matka.<br>W 1833 roku Fanny przenios\u0142a si\u0119 do Bolonii. 15 czerwca po\u015blubi\u0142a Louisa Lindo, z kt\u00f3rym doczeka\u0142a si\u0119 tr\u00f3jki dzieci &#8211; Edmunda, Herberta i Margaret. Pomaga\u0142a r\u00f3wnie\u017c Thomasowi Medwinowi, kt\u00f3ry pisa\u0142 biografi\u0119 Johna Keatsa, w odtworzeniu jego ostatnich dni. W 1859 roku Fanny i Louis wr\u00f3cili do Anglii. Jesieni\u0105 1865 roku opowiedzia\u0142a swoim dzieciom dzieje swojej mi\u0142o\u015bci do Keatsa, a 4 grudnia zmar\u0142a w wieku 65 lat.<\/p>\n","protected":false},"excerpt":{"rendered":"<p>Fanny Brawne Data i miejsce urodzenia 9 sierpnia 1800 rokuWest End Data i miejsce \u015bmierci 4 grudnia 1865 rokuLondyn Rodzice Samuel (1778-1810)Frances Rodze\u0144stwo Samuel (1804-?)Margaret (1809-?) M\u0105\u017c Louis Lindo (1812\u20131872) Dzieci Edmund (1834-?)Herbert (1838-1909)Margaret (1844-?) Fanny Brawne, narzeczona i muza Johna Keatsa, przysz\u0142a na \u015bwiat na farmie rodzic\u00f3w, Samuela i Frances, nieopodal wioski West End [&hellip;]<\/p>\n","protected":false},"author":1,"featured_media":0,"parent":0,"menu_order":0,"comment_status":"closed","ping_status":"closed","template":"","meta":[],"_links":{"self":[{"href":"https:\/\/paryskiesalonyromantykow.pl\/index.php\/wp-json\/wp\/v2\/pages\/1951"}],"collection":[{"href":"https:\/\/paryskiesalonyromantykow.pl\/index.php\/wp-json\/wp\/v2\/pages"}],"about":[{"href":"https:\/\/paryskiesalonyromantykow.pl\/index.php\/wp-json\/wp\/v2\/types\/page"}],"author":[{"embeddable":true,"href":"https:\/\/paryskiesalonyromantykow.pl\/index.php\/wp-json\/wp\/v2\/users\/1"}],"replies":[{"embeddable":true,"href":"https:\/\/paryskiesalonyromantykow.pl\/index.php\/wp-json\/wp\/v2\/comments?post=1951"}],"version-history":[{"count":1,"href":"https:\/\/paryskiesalonyromantykow.pl\/index.php\/wp-json\/wp\/v2\/pages\/1951\/revisions"}],"predecessor-version":[{"id":1954,"href":"https:\/\/paryskiesalonyromantykow.pl\/index.php\/wp-json\/wp\/v2\/pages\/1951\/revisions\/1954"}],"wp:attachment":[{"href":"https:\/\/paryskiesalonyromantykow.pl\/index.php\/wp-json\/wp\/v2\/media?parent=1951"}],"curies":[{"name":"wp","href":"https:\/\/api.w.org\/{rel}","templated":true}]}}