{"id":1790,"date":"2021-07-14T17:38:28","date_gmt":"2021-07-14T15:38:28","guid":{"rendered":"https:\/\/paryskiesalonyromantykow.pl\/?page_id=1790"},"modified":"2021-07-14T17:38:28","modified_gmt":"2021-07-14T15:38:28","slug":"madame-de-stael","status":"publish","type":"page","link":"https:\/\/paryskiesalonyromantykow.pl\/index.php\/madame-de-stael\/","title":{"rendered":"Madame de Sta\u00ebl"},"content":{"rendered":"\n<figure class=\"wp-block-table aligncenter is-style-stripes\"><table><tbody><tr><td class=\"has-text-align-left\" data-align=\"left\"><img loading=\"lazy\" width=\"1000\" height=\"1000\" class=\"wp-image-1791\" style=\"width: 200px;\" src=\"http:\/\/paryskiesalonyromantykow.pl\/wp-content\/uploads\/2021\/07\/pjimage-1.jpg\" alt=\"\" srcset=\"https:\/\/paryskiesalonyromantykow.pl\/wp-content\/uploads\/2021\/07\/pjimage-1.jpg 1000w, https:\/\/paryskiesalonyromantykow.pl\/wp-content\/uploads\/2021\/07\/pjimage-1-300x300.jpg 300w, https:\/\/paryskiesalonyromantykow.pl\/wp-content\/uploads\/2021\/07\/pjimage-1-150x150.jpg 150w, https:\/\/paryskiesalonyromantykow.pl\/wp-content\/uploads\/2021\/07\/pjimage-1-768x768.jpg 768w\" sizes=\"(max-width: 1000px) 100vw, 1000px\" \/><\/td><td>Anne-Louise Germaine Necker,<br>baronowa de Sta\u00ebl von Holstein<\/td><\/tr><tr><td class=\"has-text-align-left\" data-align=\"left\"><strong>Data i miejsce urodzenia<\/strong><\/td><td>22 kwietnia 1766 roku<br>Pary\u017c<\/td><\/tr><tr><td class=\"has-text-align-left\" data-align=\"left\"><strong>Data i miejsce \u015bmierci<\/strong><\/td><td>14 lipca 1817 roku<br>Pary\u017c<\/td><\/tr><tr><td class=\"has-text-align-left\" data-align=\"left\"><strong>Rodzice<\/strong><\/td><td>Jacques Necker (1732-1804)<br>Suzanne Curchod (1737-1794)<\/td><\/tr><tr><td class=\"has-text-align-left\" data-align=\"left\"><strong>M\u0105\u017c<\/strong><\/td><td>Erik Magnus Sta\u00ebl von Holstein (1749-1802)<br>Albert de Rocca (1788-1818)<\/td><\/tr><tr><td class=\"has-text-align-left\" data-align=\"left\"><strong>Dzieci<\/strong><\/td><td>Gustavine Sofia Magdalena Sta\u00ebl von Holstein (1787-1789)<br>Gustava Hedvig Sta\u00ebl von Holstein (1788-1789)<br>Ludvig August Sta\u00ebl von Holstein (1790-1827)<br>Mattias Albert Sta\u00ebl von Holstein (1792-1813)<br>Albertine de Sta\u00ebl (1797-1838)<br>Th\u00e9odore Gilles Louis Alphonse de Rocca (1812-1842)<\/td><\/tr><\/tbody><\/table><\/figure>\n\n\n\n<p>Madame de Sta\u00ebl, pisarka, dzia\u0142aczka polityczna i prekursorka feminizmu, kt\u00f3ra rozpropagowa\u0142a poj\u0119cie &#8222;romantyzm&#8221;, by\u0142a c\u00f3rk\u0105 Jacquesa Neckera, genewskiego bankiera i ministra finans\u00f3w w rz\u0105dzie kr\u00f3la Ludwika XVI, i Suzanne Curchod, gruntownie wykszta\u0142conej c\u00f3rki kalwi\u0144skiego pastora, kt\u00f3ra prowadzi\u0142a s\u0142ynny salon literacko-polityczny. Matka zadba\u0142a, by i Germaine otrzyma\u0142a staranne domowe wykszta\u0142cenie, a od czternastego roku pozwala\u0142a jej uczestniczy\u0107 w dyskusjach z go\u015b\u0107mi jej salonu. Jednocze\u015bnie jej rodzice rozgl\u0105dali si\u0119 za dobr\u0105 parti\u0105 na jej m\u0119\u017ca, a gdy sko\u0144czy\u0142a dwadzie\u015bcia lat zaaran\u017cowali jej ma\u0142\u017ce\u0144stwo z baronem Erik Magnusem Sta\u00ebl von Holsteinem, ambasadorem Szwecji w Pary\u017cu, niemal dwukrotnie od niej starszym. Para doczeka\u0142a si\u0119 tr\u00f3jki dzieci &#8211; Alberta, Augusta i Augustyny.<\/p>\n\n\n\n<p>W 1788 Germaine opublikowa\u0142a sw\u00f3j pierwszy utw\u00f3r &#8211; &#8222;Lettres sur les ouvrages et le caract\u00e8re de Jean-Jacques Rousseau&#8221;. W tym czasie sytuacja w Pary\u017cu stawa\u0142a si\u0119 coraz bardziej napi\u0119ta, a\u017c 14 lipca szturmem na Bastyli\u0119 rozpocz\u0119\u0142a si\u0119 rewolucja francuska. Madame de Sta\u00ebl \u015bledzi\u0142a z uwag\u0105 zmiany spo\u0142eczne i polityczne, jednocze\u015bnie wspieraj\u0105c przyjaci\u00f3\u0142, kt\u00f3rzy w ostatnich dniach monarchii znale\u017ali si\u0119 w tarapatach. W tym czasie nawi\u0105za\u0142a romans z hrabi\u0105 Louisem de Narbonne, jednym z ministr\u00f3w w rz\u0105dzie Ludwika XVI.<\/p>\n\n\n\n<p>W 1792 roku sytuacja sta\u0142a si\u0119 na tyle powa\u017cna, \u017ce Germaine nie bez utrudnie\u0144 opu\u015bci\u0142a Pary\u017c i przenios\u0142a si\u0119 do Rolle w Szwajcarii. Na kr\u00f3tko odwiedzi\u0142a de Narbonne w Anglii, ich romans jednak coraz bardziej dogasa\u0142. Po powrocie do Rolle napisa\u0142a tekst w obronie Marii Antoniny, &#8222;R\u00e9flexions sur le proc\u00e8s de la Reine&#8221;, w kt\u00f3rym opisa\u0142a tak\u017ce nieciekaw\u0105 sytuacj\u0119 innych kobiet w \u00f3wczesnej Francji. W maju 1795 roku przeprowadzi\u0142a si\u0119 do Pary\u017ca i otwar\u0142a salon, kt\u00f3ry odwiedza\u0142a \u00f3wczesna elita intelektualna i artystyczna. Pozna\u0142a w tym czasie m\u0142odego genera\u0142a Napoleona Bonaparte, kt\u00f3ry niebawem sta\u0142 si\u0119 jej zaciek\u0142ym wrogiem. Po jego zamachu stanu nie przesta\u0142a publikowa\u0107 kolejnych tekst\u00f3w poruszaj\u0105cych kwestie spo\u0142eczne i polityczne, a tak\u017ce kontrowersyjnych powie\u015bci. Wreszcie w 1803 roku Napoleon nakaza\u0142 wygna\u0107 j\u0105 z Pary\u017ca i zabroni\u0142 zbli\u017ca\u0107 si\u0119 do jego granic na bli\u017cej ni\u017c 40 mil.<\/p>\n\n\n\n<p>Madame de Sta\u00ebl osiad\u0142a w rodzinnym pa\u0142acu ojca w Coppet w Szwajcarii, gdzie ponownie prowadzi\u0142a salon. Skupieni wok\u00f3\u0142 niej intelektuali\u015bci tworzyli tzw. &#8222;Grup\u0119 z Coppet&#8221; &#8211; nale\u017celi do niej m.in. J\u00f3zef Bonaparte (starszy brat Napoleona), Alphonse de Lamartine, Fran\u00e7ois-Ren\u00e9 de Chateaubriand, \u00c9lisabeth Vig\u00e9e-Lebrun i lord <a href=\"https:\/\/paryskiesalonyromantykow.pl\/index.php\/george-byron\/\" data-type=\"page\" data-id=\"480\">George Byron<\/a>. Germaine zwi\u0105za\u0142a si\u0119 wtedy z genera\u0142em Albertem Rocca, m\u0142odszym od niej o 25 lat.<\/p>\n\n\n\n<p>W 1813 roku bez koniecznej przepustki opu\u015bci\u0142a Szwajcari\u0119 i uda\u0142a si\u0119 w podr\u00f3\u017c przez Austri\u0119, Polsk\u0119, Rosj\u0119 (gdzie pozna\u0142a cara Aleksandra I) i Szwecj\u0119 a\u017c do Anglii. Rok p\u00f3\u017aniej po upadku Napoleona uda\u0142a si\u0119 do Francji, gdzie na nowo otwar\u0142a sw\u00f3j s\u0142ynny salon. W wieku pi\u0119\u0107dziesi\u0119ciu lat po\u015blubi\u0142a Alberta Rocca, lecz jej zdrowie pogarsza\u0142o si\u0119 coraz bardziej. Pr\u00f3bowa\u0142a ul\u017cy\u0107 sobie za pomoc\u0105 opium, od kt\u00f3rego si\u0119 uzale\u017cni\u0142a. Zmar\u0142a w wyniku wylewu krwi do m\u00f3zgu i zosta\u0142a pochowana w Coppet.<\/p>\n","protected":false},"excerpt":{"rendered":"<p>Anne-Louise Germaine Necker,baronowa de Sta\u00ebl von Holstein Data i miejsce urodzenia 22 kwietnia 1766 rokuPary\u017c Data i miejsce \u015bmierci 14 lipca 1817 rokuPary\u017c Rodzice Jacques Necker (1732-1804)Suzanne Curchod (1737-1794) M\u0105\u017c Erik Magnus Sta\u00ebl von Holstein (1749-1802)Albert de Rocca (1788-1818) Dzieci Gustavine Sofia Magdalena Sta\u00ebl von Holstein (1787-1789)Gustava Hedvig Sta\u00ebl von Holstein (1788-1789)Ludvig August Sta\u00ebl von [&hellip;]<\/p>\n","protected":false},"author":1,"featured_media":0,"parent":0,"menu_order":0,"comment_status":"closed","ping_status":"closed","template":"","meta":[],"_links":{"self":[{"href":"https:\/\/paryskiesalonyromantykow.pl\/index.php\/wp-json\/wp\/v2\/pages\/1790"}],"collection":[{"href":"https:\/\/paryskiesalonyromantykow.pl\/index.php\/wp-json\/wp\/v2\/pages"}],"about":[{"href":"https:\/\/paryskiesalonyromantykow.pl\/index.php\/wp-json\/wp\/v2\/types\/page"}],"author":[{"embeddable":true,"href":"https:\/\/paryskiesalonyromantykow.pl\/index.php\/wp-json\/wp\/v2\/users\/1"}],"replies":[{"embeddable":true,"href":"https:\/\/paryskiesalonyromantykow.pl\/index.php\/wp-json\/wp\/v2\/comments?post=1790"}],"version-history":[{"count":1,"href":"https:\/\/paryskiesalonyromantykow.pl\/index.php\/wp-json\/wp\/v2\/pages\/1790\/revisions"}],"predecessor-version":[{"id":1793,"href":"https:\/\/paryskiesalonyromantykow.pl\/index.php\/wp-json\/wp\/v2\/pages\/1790\/revisions\/1793"}],"wp:attachment":[{"href":"https:\/\/paryskiesalonyromantykow.pl\/index.php\/wp-json\/wp\/v2\/media?parent=1790"}],"curies":[{"name":"wp","href":"https:\/\/api.w.org\/{rel}","templated":true}]}}