{"id":1715,"date":"2021-06-03T17:11:50","date_gmt":"2021-06-03T15:11:50","guid":{"rendered":"https:\/\/paryskiesalonyromantykow.pl\/?page_id=1715"},"modified":"2022-01-18T20:42:41","modified_gmt":"2022-01-18T19:42:41","slug":"antoni-malczewski","status":"publish","type":"page","link":"https:\/\/paryskiesalonyromantykow.pl\/index.php\/antoni-malczewski\/","title":{"rendered":"Antoni Malczewski"},"content":{"rendered":"\n<figure class=\"wp-block-table aligncenter is-style-stripes\"><table><tbody><tr><td class=\"has-text-align-left\" data-align=\"left\"><img loading=\"lazy\" width=\"629\" height=\"796\" class=\"wp-image-1716\" style=\"width: 200px;\" src=\"http:\/\/paryskiesalonyromantykow.pl\/wp-content\/uploads\/2021\/06\/Antoni_Malczewski.png\" alt=\"\" srcset=\"https:\/\/paryskiesalonyromantykow.pl\/wp-content\/uploads\/2021\/06\/Antoni_Malczewski.png 629w, https:\/\/paryskiesalonyromantykow.pl\/wp-content\/uploads\/2021\/06\/Antoni_Malczewski-237x300.png 237w\" sizes=\"(max-width: 629px) 100vw, 629px\" \/><\/td><td>Antoni Malczewski<\/td><\/tr><tr><td class=\"has-text-align-left\" data-align=\"left\"><strong>Data i miejsce urodzenia<\/strong><\/td><td>3 czerwca 1793 roku<br>Warszawa lub Kniahinin<\/td><\/tr><tr><td class=\"has-text-align-left\" data-align=\"left\"><strong>Data i miejsce \u015bmierci<\/strong><\/td><td>2 maja 1826 roku<br>Warszawa<\/td><\/tr><tr><td class=\"has-text-align-left\" data-align=\"left\"><strong>Rodzice<\/strong><\/td><td>Jan J\u00f3zef Malczewski (1768-1808)<br>Konstancja z B\u0142eszy\u0144skich (?-1800)<\/td><\/tr><tr><td class=\"has-text-align-left\" data-align=\"left\"><strong>Rodze\u0144stwo<\/strong><\/td><td>Edward Haumann (1786-?)<br>Filipina Haumann (1790-?)<br>Konstancja Haumann (ok. 1790-?)<br>Konstanty Malczewski (1797-?)<br>J\u00f3zefa Malczewska (ok. 1800-?)<br>Karolina Malczewska (ok. 1806-1854)<\/td><\/tr><tr><td class=\"has-text-align-left\" data-align=\"left\"><strong>Dzieci<\/strong><\/td><td><a href=\"http:\/\/paryskiesalonyromantykow.pl\/index.php\/august-antoni-jakubowski\/\" data-type=\"page\" data-id=\"2084\">August Antoni Jakubowski<\/a> (ok. 1815-1837)<\/td><\/tr><\/tbody><\/table><\/figure>\n\n\n\n<p>Antoni Malczewski, poeta i himalaista, prekursor romantyzmu i autor powie\u015bci poetyckiej &#8222;Maria&#8221;, by\u0142 synem genera\u0142a Jana J\u00f3zefa Malczewskiego, uczestnika konfederacji targowickiej, i jego \u017cony Konstancji z B\u0142eszy\u0144skich. W 1805 roku rozpocz\u0105\u0142 nauk\u0119 w Liceum Krzemienieckim, a wakacje sp\u0119dza\u0142 u ciotek ze strony matki, gdzie mieszka\u0142a tak\u017ce jego przyrodnia siostra, Filipina. M\u0142ody Antoni najprawdopodobniej przez jaki\u015b czas podkochiwa\u0142 si\u0119 w Filipinie.<\/p>\n\n\n\n<p>Po uko\u0144czeniu nauki wst\u0105pi\u0142 do wojska Ksi\u0119stwa Warszawskiego. S\u0142u\u017cb\u0119 w randze podporucznika \u0142\u0105czy\u0142 z ucz\u0119szczaniem na zaj\u0119cia do wojskowej szko\u0142y in\u017cynieryjnej i bywaniem na warszawskich salonach. Zaprzyja\u017ani\u0142 si\u0119 wtedy z Karolin\u0105 z Walewskich Chodkiewiczow\u0105 &#8211; \u017con\u0105 prawnuka hetmana Jana Karola Chodkiewicza. Nie zaniedbywa\u0142 jednak kariery wojskowej &#8211; ws\u0142awi\u0142 si\u0119 w obronie wie\u017cy Modlin w 1813 roku, po kapitulacji przebywa\u0142 jaki\u015b czas w niewoli rosyjskiej.<\/p>\n\n\n\n<p>Nast\u0119pne lata sp\u0119dzi\u0142 na podr\u00f3\u017cach po Szwajcarii, W\u0142oszech i Francji, gdzie oddawa\u0142 si\u0119 pasji alpinistycznej. Zdoby\u0142 szczyty Mont Blanc i Aiguille du Midi, a opis swoich wypraw zawar\u0142 w XIX tomie czasopisma Bibliotheque Universelle wydawanego przez uniwersytet w Genewie. W tym czasie pozna\u0142 lorda <a href=\"https:\/\/paryskiesalonyromantykow.pl\/index.php\/george-byron\/\" data-type=\"page\" data-id=\"480\">George&#8217;a Byrona<\/a>, a tak\u017ce zainteresowa\u0142 si\u0119 mesmeryzmem, popularnym w pierwszej po\u0142owie XIX wieku systemem leczniczym zbli\u017conym do hipnozy.<\/p>\n\n\n\n<p>Po powrocie do kraju osiad\u0142 na Wo\u0142yniu. Mesmerycznymi metodami usi\u0142owa\u0142 uzdrowi\u0107 chor\u0105 psychicznie \u017con\u0119 przyjaciela, Zofi\u0119 z Modzelewskich Ruci\u0144sk\u0105. Leczenie nie przynios\u0142o jednak pozytywnych skutk\u00f3w, a Zofia uzale\u017cni\u0142a si\u0119 od Antoniego. Niebawem po\u0142\u0105czy\u0142 ich burzliwy romans. Aby przerwa\u0107 t\u0119 skomplikowan\u0105 sytuacj\u0119, Malczewski wyjecha\u0142 do Warszawy, gdzie znajomi za\u0142atwili mu prac\u0119 w Ministerium Spraw Wewn\u0119trznych. Tam te\u017c napisa\u0142 &#8222;Mari\u0119&#8221;, sw\u00f3j najs\u0142ynniejszy utw\u00f3r, kt\u00f3ry jednak pocz\u0105tkowo nie wzbudzi\u0142 zainteresowania czytelnik\u00f3w.<\/p>\n\n\n\n<p>Wyniszczony wieloletnimi zmaganiami z chorob\u0105 nowotworow\u0105 Antoni zmar\u0142 w biedzie i samotno\u015bci w wieku niespe\u0142na 33 lat.<\/p>\n","protected":false},"excerpt":{"rendered":"<p>Antoni Malczewski Data i miejsce urodzenia 3 czerwca 1793 rokuWarszawa lub Kniahinin Data i miejsce \u015bmierci 2 maja 1826 rokuWarszawa Rodzice Jan J\u00f3zef Malczewski (1768-1808)Konstancja z B\u0142eszy\u0144skich (?-1800) Rodze\u0144stwo Edward Haumann (1786-?)Filipina Haumann (1790-?)Konstancja Haumann (ok. 1790-?)Konstanty Malczewski (1797-?)J\u00f3zefa Malczewska (ok. 1800-?)Karolina Malczewska (ok. 1806-1854) Dzieci August Antoni Jakubowski (ok. 1815-1837) Antoni Malczewski, poeta i [&hellip;]<\/p>\n","protected":false},"author":1,"featured_media":0,"parent":0,"menu_order":0,"comment_status":"closed","ping_status":"closed","template":"","meta":[],"_links":{"self":[{"href":"https:\/\/paryskiesalonyromantykow.pl\/index.php\/wp-json\/wp\/v2\/pages\/1715"}],"collection":[{"href":"https:\/\/paryskiesalonyromantykow.pl\/index.php\/wp-json\/wp\/v2\/pages"}],"about":[{"href":"https:\/\/paryskiesalonyromantykow.pl\/index.php\/wp-json\/wp\/v2\/types\/page"}],"author":[{"embeddable":true,"href":"https:\/\/paryskiesalonyromantykow.pl\/index.php\/wp-json\/wp\/v2\/users\/1"}],"replies":[{"embeddable":true,"href":"https:\/\/paryskiesalonyromantykow.pl\/index.php\/wp-json\/wp\/v2\/comments?post=1715"}],"version-history":[{"count":2,"href":"https:\/\/paryskiesalonyromantykow.pl\/index.php\/wp-json\/wp\/v2\/pages\/1715\/revisions"}],"predecessor-version":[{"id":2087,"href":"https:\/\/paryskiesalonyromantykow.pl\/index.php\/wp-json\/wp\/v2\/pages\/1715\/revisions\/2087"}],"wp:attachment":[{"href":"https:\/\/paryskiesalonyromantykow.pl\/index.php\/wp-json\/wp\/v2\/media?parent=1715"}],"curies":[{"name":"wp","href":"https:\/\/api.w.org\/{rel}","templated":true}]}}