{"id":167,"date":"2021-01-09T14:02:45","date_gmt":"2021-01-09T13:02:45","guid":{"rendered":"http:\/\/paryskiesalonyromantykow.pl\/?page_id=167"},"modified":"2021-10-17T10:00:26","modified_gmt":"2021-10-17T08:00:26","slug":"fryderyk-chopin","status":"publish","type":"page","link":"https:\/\/paryskiesalonyromantykow.pl\/index.php\/fryderyk-chopin\/","title":{"rendered":"Fryderyk Chopin"},"content":{"rendered":"\n<figure class=\"wp-block-table aligncenter is-style-stripes\"><table><tbody><tr><td class=\"has-text-align-left\" data-align=\"left\"><img loading=\"lazy\" width=\"1000\" height=\"1000\" class=\"wp-image-169\" style=\"width: 200px;\" src=\"http:\/\/paryskiesalonyromantykow.pl\/wp-content\/uploads\/2021\/01\/pjimage-2.jpg\" alt=\"\" srcset=\"https:\/\/paryskiesalonyromantykow.pl\/wp-content\/uploads\/2021\/01\/pjimage-2.jpg 1000w, https:\/\/paryskiesalonyromantykow.pl\/wp-content\/uploads\/2021\/01\/pjimage-2-300x300.jpg 300w, https:\/\/paryskiesalonyromantykow.pl\/wp-content\/uploads\/2021\/01\/pjimage-2-150x150.jpg 150w, https:\/\/paryskiesalonyromantykow.pl\/wp-content\/uploads\/2021\/01\/pjimage-2-768x768.jpg 768w\" sizes=\"(max-width: 1000px) 100vw, 1000px\" \/><\/td><td>Fryderyk Franciszek Chopin<\/td><\/tr><tr><td class=\"has-text-align-left\" data-align=\"left\"><strong>Data i miejsce urodzenia<\/strong><\/td><td>22 lutego lub 1 marca 1810 roku<br>\u017belazowa Wola<\/td><\/tr><tr><td class=\"has-text-align-left\" data-align=\"left\"><strong>Data i miejsce \u015bmierci<\/strong><\/td><td>17 pa\u017adziernika 1849 roku<br>Pary\u017c<\/td><\/tr><tr><td class=\"has-text-align-left\" data-align=\"left\"><strong>Rodzice<\/strong><\/td><td><a href=\"https:\/\/paryskiesalonyromantykow.pl\/index.php\/mikolaj-chopin\/\" data-type=\"page\" data-id=\"540\">Miko\u0142aj Chopin (1771-1844)<\/a><a href=\"https:\/\/paryskiesalonyromantykow.pl\/index.php\/tekla-justyna-chopin\/\" data-type=\"page\" data-id=\"561\"><br>Tekla Justyna z Krzy\u017canowskich (1782-1861)<\/a><\/td><\/tr><tr><td class=\"has-text-align-left\" data-align=\"left\"><strong>Rodze\u0144stwo<\/strong><\/td><td><a href=\"https:\/\/paryskiesalonyromantykow.pl\/index.php\/ludwika-jedrzejewicz\/\" data-type=\"page\" data-id=\"297\">Ludwika (1807-1855)<\/a><br><a href=\"https:\/\/paryskiesalonyromantykow.pl\/index.php\/izabella-barcinska\/\" data-type=\"page\" data-id=\"438\">Izabella (1811-1881)<\/a><br><a href=\"https:\/\/paryskiesalonyromantykow.pl\/index.php\/emilia-chopin\/\" data-type=\"page\" data-id=\"270\">Emilia (1812-1827)<\/a><\/td><\/tr><\/tbody><\/table><\/figure>\n\n\n\n<p>Fryderyk Chopin, jeden z najwybitniejszych polskich kompozytor\u00f3w i pianist\u00f3w, by\u0142 jedynym synem i drugim z czworga dzieci spolszczonego Francuza, <a href=\"https:\/\/paryskiesalonyromantykow.pl\/index.php\/mikolaj-chopin\/\" data-type=\"page\" data-id=\"540\">Miko\u0142aja Chopina<\/a>, i Polki, <a href=\"https:\/\/paryskiesalonyromantykow.pl\/index.php\/tekla-justyna-chopin\/\" data-type=\"page\" data-id=\"561\">Tekli Justyny z Krzy\u017canowskich<\/a>. Jesieni\u0105 1810 roku Chopinowie przenie\u015bli si\u0119 do Warszawy, gdzie zamieszkali na sta\u0142e. Fryderyk ju\u017c jako kilkuletnie dziecko rozpocz\u0105\u0142 nauk\u0119 gry na fortepianie, pocz\u0105tkowo u swojej matki, a od 1816 roku bra\u0142 lekcje u Wojciecha \u017bywnego. Niebawem zabra\u0142 si\u0119 do pisania w\u0142asnych utwor\u00f3w na fortepian, kt\u00f3re budzi\u0142y du\u017cy podziw w\u015br\u00f3d warszawiak\u00f3w. Kilkulatek wyst\u0105pi\u0142 nawet przed wielkim ksi\u0119ciem Konstantym, bratem cara Aleksandra I.<\/p>\n\n\n\n<p>M\u0142ody Fryderyk grywa\u0142 na warszawskich salonach, co przysporzy\u0142o mu sporej s\u0142awy. Po uko\u0144czeniu Liceum Warszawskiego i studi\u00f3w w Szkole G\u0142\u00f3wnej Muzyki postanowi\u0142 wyjecha\u0107 za granic\u0119, by dalej si\u0119 rozwija\u0107 i wyst\u0119powa\u0107 na najwi\u0119kszych salach koncertowych Europy. Opu\u015bci\u0142 Warszaw\u0119 niespe\u0142na miesi\u0105c przed wybuchem powstania listopadowego i uda\u0142 si\u0119 do Pary\u017ca, kt\u00f3ry w tym czasie by\u0142 g\u0142\u00f3wnym o\u015brodkiem Wielkiej Emigracji.<\/p>\n\n\n\n<p>W stolicy Francji szybko uda\u0142o mu si\u0119 zdoby\u0107 uznanie i s\u0142aw\u0119, zar\u00f3wno licznymi koncertami, jak i wydanymi kompozycjami. Utrzymywa\u0142 kontakty zar\u00f3wno z wielkimi Polakami &#8211; <a href=\"https:\/\/paryskiesalonyromantykow.pl\/index.php\/adam-mickiewicz\/\" data-type=\"page\" data-id=\"138\">Adamem Mickiewiczem<\/a>, <a href=\"https:\/\/paryskiesalonyromantykow.pl\/index.php\/juliusz-slowacki\/\" data-type=\"page\" data-id=\"153\">Juliuszem S\u0142owackim<\/a> i <a href=\"https:\/\/paryskiesalonyromantykow.pl\/index.php\/jozef-bohdan-zaleski\/\" data-type=\"page\" data-id=\"513\">J\u00f3zefem Bohdanem Zaleskim<\/a>, jak i z zagranicznymi artystami, takimi jak <a href=\"https:\/\/paryskiesalonyromantykow.pl\/index.php\/ferenc-liszt\/\" data-type=\"page\" data-id=\"309\">Ferenc Liszt<\/a>, <a href=\"https:\/\/paryskiesalonyromantykow.pl\/index.php\/marie-dagoult\/\" data-type=\"page\" data-id=\"1565\">Marie d&#8217;Agoult<\/a> oraz <a href=\"https:\/\/paryskiesalonyromantykow.pl\/index.php\/robert-schumann\/\" data-type=\"page\" data-id=\"1725\">Robert<\/a> i <a href=\"https:\/\/paryskiesalonyromantykow.pl\/index.php\/clara-schumann\/\" data-type=\"page\" data-id=\"345\">Clara<\/a> Schumannowie. Niebawem zacz\u0105\u0142 udziela\u0107 lekcji bogatym arystokratkom &#8211; do jego uczennic nale\u017ca\u0142y baronowa Rothschild, ksi\u0119\u017cna <a href=\"https:\/\/paryskiesalonyromantykow.pl\/index.php\/marcelina-czartoryska\/\" data-type=\"page\" data-id=\"1891\">Marcelina Czartoryska<\/a>, <a href=\"https:\/\/paryskiesalonyromantykow.pl\/index.php\/delfina-potocka\/\" data-type=\"page\" data-id=\"489\">Delfina Potocka<\/a> i ksi\u0119\u017cniczka de Noailles.<\/p>\n\n\n\n<p>W 1836 roku zar\u0119czy\u0142 si\u0119 z <a href=\"https:\/\/paryskiesalonyromantykow.pl\/index.php\/maria-wodzinska\/\" data-type=\"page\" data-id=\"255\">Mari\u0105 Wodzi\u0144sk\u0105<\/a>, jednak z czasem kontakty os\u0142ab\u0142y, a\u017c wreszcie jej rodzice zwolnili kompozytora z danego s\u0142owa. Zwi\u0105za\u0142 si\u0119 wtedy z <a href=\"https:\/\/paryskiesalonyromantykow.pl\/index.php\/george-sand\/\" data-type=\"page\" data-id=\"172\">Auror\u0105 Dudevant<\/a>, pisark\u0105 znan\u0105 pod pseudonimem George Sand. Ich wsp\u00f3lna wycieczka na Majork\u0119 przyczyni\u0142a si\u0119 do pogorszenia stanu zdrowia Fryderyka, u kt\u00f3rego pojawi\u0142y si\u0119 pierwsze objawy gru\u017alicy.<\/p>\n\n\n\n<p>George piel\u0119gnowa\u0142a go w chorobie, jednak ich bliska relacja zaczyna\u0142a przeszkadza\u0107 synowi pisarki, <a href=\"https:\/\/paryskiesalonyromantykow.pl\/index.php\/maurice-sand\/\" data-type=\"page\" data-id=\"502\">Maurycemu<\/a>. Chopin zaprzyja\u017ani\u0142 si\u0119 za to z jego siostr\u0105, <a href=\"https:\/\/paryskiesalonyromantykow.pl\/index.php\/solange-clesinger\/\" data-type=\"page\" data-id=\"340\">Solange<\/a>. Po jej \u015blubie dosz\u0142o do awantury rodzinnej, po kt\u00f3rej pisarka wyrzek\u0142a si\u0119 c\u00f3rki. Fryderyk udzieli\u0142 wtedy pomocy znajduj\u0105cej si\u0119 w potrzebie Solange, co rozw\u015bcieczy\u0142o George. Para rozsta\u0142a si\u0119 w 1847 roku.<\/p>\n\n\n\n<p>Wybuch rewolucji lutowej we Francji sprawi\u0142, \u017ce znacznie zmala\u0142a ilo\u015b\u0107 lekcji dawanych przez Chopina. Aby podreperowa\u0107 finanse, kompozytor przyj\u0105\u0142 propozycj\u0119 swojej uczennicy, <a href=\"https:\/\/paryskiesalonyromantykow.pl\/index.php\/jane-stirling\/\" data-type=\"page\" data-id=\"508\">Jane Stirling<\/a>, i wyjecha\u0142 w tras\u0119 koncertow\u0105 po Wielkiej Brytanii. Ta podr\u00f3\u017c jednak mocno nadwyr\u0119\u017cy\u0142a jego zdrowie.<\/p>\n\n\n\n<p>Po powrocie do Pary\u017ca usi\u0142owa\u0142 powr\u00f3ci\u0107 do dawnego rytmu \u017cycia, lecz jego choroba coraz bardziej mu to utrudnia\u0142a. Wspiera\u0142y go uczennice i przyjaci\u00f3\u0142ki &#8211; <a href=\"https:\/\/paryskiesalonyromantykow.pl\/index.php\/pauline-viardot\/\" data-type=\"page\" data-id=\"416\">Pauline Viardot<\/a>, Solange, Delfina Potocka, Marcelina Czartoryska i Jane Stirling. Z Warszawy przyjecha\u0142a r\u00f3wnie\u017c jego najstarsza siostra, <a href=\"https:\/\/paryskiesalonyromantykow.pl\/index.php\/ludwika-jedrzejewicz\/\" data-type=\"page\" data-id=\"297\">Ludwika<\/a>. Stan jego zdrowia jednak coraz bardziej si\u0119 pogarsza\u0142. Fryderyk zmar\u0142 w swoim mieszkaniu przy placu Vendome w wieku 39 lat w otoczeniu bliskich i przyjaci\u00f3\u0142.<\/p>\n","protected":false},"excerpt":{"rendered":"<p>Fryderyk Franciszek Chopin Data i miejsce urodzenia 22 lutego lub 1 marca 1810 roku\u017belazowa Wola Data i miejsce \u015bmierci 17 pa\u017adziernika 1849 rokuPary\u017c Rodzice Miko\u0142aj Chopin (1771-1844)Tekla Justyna z Krzy\u017canowskich (1782-1861) Rodze\u0144stwo Ludwika (1807-1855)Izabella (1811-1881)Emilia (1812-1827) Fryderyk Chopin, jeden z najwybitniejszych polskich kompozytor\u00f3w i pianist\u00f3w, by\u0142 jedynym synem i drugim z czworga dzieci spolszczonego Francuza, [&hellip;]<\/p>\n","protected":false},"author":1,"featured_media":0,"parent":0,"menu_order":0,"comment_status":"closed","ping_status":"closed","template":"","meta":[],"_links":{"self":[{"href":"https:\/\/paryskiesalonyromantykow.pl\/index.php\/wp-json\/wp\/v2\/pages\/167"}],"collection":[{"href":"https:\/\/paryskiesalonyromantykow.pl\/index.php\/wp-json\/wp\/v2\/pages"}],"about":[{"href":"https:\/\/paryskiesalonyromantykow.pl\/index.php\/wp-json\/wp\/v2\/types\/page"}],"author":[{"embeddable":true,"href":"https:\/\/paryskiesalonyromantykow.pl\/index.php\/wp-json\/wp\/v2\/users\/1"}],"replies":[{"embeddable":true,"href":"https:\/\/paryskiesalonyromantykow.pl\/index.php\/wp-json\/wp\/v2\/comments?post=167"}],"version-history":[{"count":8,"href":"https:\/\/paryskiesalonyromantykow.pl\/index.php\/wp-json\/wp\/v2\/pages\/167\/revisions"}],"predecessor-version":[{"id":1897,"href":"https:\/\/paryskiesalonyromantykow.pl\/index.php\/wp-json\/wp\/v2\/pages\/167\/revisions\/1897"}],"wp:attachment":[{"href":"https:\/\/paryskiesalonyromantykow.pl\/index.php\/wp-json\/wp\/v2\/media?parent=167"}],"curies":[{"name":"wp","href":"https:\/\/api.w.org\/{rel}","templated":true}]}}