{"id":157,"date":"2021-01-09T13:47:38","date_gmt":"2021-01-09T12:47:38","guid":{"rendered":"http:\/\/paryskiesalonyromantykow.pl\/?page_id=157"},"modified":"2021-07-16T10:06:42","modified_gmt":"2021-07-16T08:06:42","slug":"celina-mickiewiczowa","status":"publish","type":"page","link":"https:\/\/paryskiesalonyromantykow.pl\/index.php\/celina-mickiewiczowa\/","title":{"rendered":"Celina Mickiewiczowa"},"content":{"rendered":"\n<figure class=\"wp-block-table aligncenter is-style-stripes\"><table><tbody><tr><td class=\"has-text-align-left\" data-align=\"left\"><img loading=\"lazy\" width=\"1000\" height=\"1000\" class=\"wp-image-161\" style=\"width: 200px;\" src=\"http:\/\/paryskiesalonyromantykow.pl\/wp-content\/uploads\/2021\/01\/pjimage-1.jpg\" alt=\"\" srcset=\"https:\/\/paryskiesalonyromantykow.pl\/wp-content\/uploads\/2021\/01\/pjimage-1.jpg 1000w, https:\/\/paryskiesalonyromantykow.pl\/wp-content\/uploads\/2021\/01\/pjimage-1-300x300.jpg 300w, https:\/\/paryskiesalonyromantykow.pl\/wp-content\/uploads\/2021\/01\/pjimage-1-150x150.jpg 150w, https:\/\/paryskiesalonyromantykow.pl\/wp-content\/uploads\/2021\/01\/pjimage-1-768x768.jpg 768w\" sizes=\"(max-width: 1000px) 100vw, 1000px\" \/><\/td><td>Celina Felicja Franciszka J\u00f3zefa<br>Mickiewicz z Szymanowskich<\/td><\/tr><tr><td class=\"has-text-align-left\" data-align=\"left\"><strong>Data i miejsce urodzenia<\/strong><\/td><td>16 lipca 1812 roku<br>Warszawa<\/td><\/tr><tr><td class=\"has-text-align-left\" data-align=\"left\"><strong>Data i miejsce \u015bmierci<\/strong><\/td><td>5 marca 1855 roku<br>Pary\u017c<\/td><\/tr><tr><td class=\"has-text-align-left\" data-align=\"left\"><strong>Rodzice<\/strong><\/td><td>J\u00f3zef Szymanowski (1785-1832)<br><a href=\"https:\/\/paryskiesalonyromantykow.pl\/index.php\/maria-szymanowska\/\" data-type=\"page\" data-id=\"234\">Maria z Wo\u0142owskich (1789-1831)<\/a><br>El\u017cbieta z M\u0142odzianowskich (1791-1847) &#8211; macocha<\/td><\/tr><tr><td class=\"has-text-align-left\" data-align=\"left\"><strong>Rodze\u0144stwo<\/strong><\/td><td>Romuald (1811-1839)<br><a href=\"https:\/\/paryskiesalonyromantykow.pl\/index.php\/helena-malewska\/\" data-type=\"page\" data-id=\"1699\">Helena (1811-1861)<\/a><br>Aniela (1824-1872) &#8211; przyrodnia siostra<br><a href=\"http:\/\/paryskiesalonyromantykow.pl\/index.php\/zofia-szymanowska\/\" data-type=\"page\" data-id=\"224\">Zofia (1825-1870)<\/a> &#8211; przyrodnia siostra<br>Jan (1827-1836) &#8211; przyrodni brat<br>Leon Micha\u0142 (1828-1916) &#8211; przyrodni brat<br>Feliks Roman (1829-?) &#8211; przyrodni brat<\/td><\/tr><tr><td class=\"has-text-align-left\" data-align=\"left\"><strong>M\u0105\u017c<\/strong><\/td><td><a href=\"https:\/\/paryskiesalonyromantykow.pl\/index.php\/adam-mickiewicz\/\" data-type=\"page\" data-id=\"138\">Adam Mickiewicz (1798-1855)<\/a><\/td><\/tr><tr><td class=\"has-text-align-left\" data-align=\"left\"><strong>Dzieci<\/strong><\/td><td><a href=\"https:\/\/paryskiesalonyromantykow.pl\/index.php\/maria-gorecka\/\" data-type=\"page\" data-id=\"260\">Maria (1835-1922)<\/a><br><a href=\"https:\/\/paryskiesalonyromantykow.pl\/index.php\/wladyslaw-mickiewicz\/\" data-type=\"page\" data-id=\"421\">W\u0142adys\u0142aw (1838-1926)<\/a><br><a href=\"https:\/\/paryskiesalonyromantykow.pl\/index.php\/helena-hryniewiecka\/\" data-type=\"page\" data-id=\"446\">Helena (1840-1897)<\/a><br><a href=\"https:\/\/paryskiesalonyromantykow.pl\/index.php\/aleksander-mickiewicz\/\" data-type=\"page\" data-id=\"470\">Aleksander (1842-1864)<\/a><br><a href=\"https:\/\/paryskiesalonyromantykow.pl\/index.php\/jan-mickiewicz\/\" data-type=\"page\" data-id=\"484\">Jan (1845-1885)<\/a><br><a href=\"https:\/\/paryskiesalonyromantykow.pl\/index.php\/jozef-mickiewicz\/\" data-type=\"page\" data-id=\"184\">J\u00f3zef (1850-1938)<\/a><\/td><\/tr><\/tbody><\/table><\/figure>\n\n\n\n<p>Celina Szymanowska, \u017cona <a href=\"https:\/\/paryskiesalonyromantykow.pl\/index.php\/adam-mickiewicz\/\" data-type=\"page\" data-id=\"138\">Adama Mickiewicza<\/a>, by\u0142a c\u00f3rk\u0105 J\u00f3zefa Szymanowskiego i <a href=\"https:\/\/paryskiesalonyromantykow.pl\/index.php\/maria-szymanowska\/\" data-type=\"page\" data-id=\"234\">Marii z Wo\u0142owskich<\/a>, wybitnej pianistki i kompozytorki. Zar\u00f3wno po k\u0105dzieli, jak i po mieczu pochodzi\u0142a z rodziny frankist\u00f3w, czyli przechrzczonych i uszlachconych \u017byd\u00f3w. Jej rodzice rozwiedli si\u0119, gdy mia\u0142a kilka lat, i od tego czasu wraz z siostr\u0105 <a href=\"https:\/\/paryskiesalonyromantykow.pl\/index.php\/helena-malewska\/\" data-type=\"page\" data-id=\"1699\">Helen\u0105<\/a> chowa\u0142a si\u0119 z matk\u0105, kt\u00f3ra robi\u0142a karier\u0119 jako pierwsza profesjonalna pianistka. Dzi\u0119ki temu panny Szymanowskie pozna\u0142y wybitne postaci swojej epoki \u2013 Goethego, <a href=\"https:\/\/paryskiesalonyromantykow.pl\/index.php\/aleksander-puszkin\/\" data-type=\"page\" data-id=\"426\">Puszkina<\/a>, <a href=\"https:\/\/paryskiesalonyromantykow.pl\/index.php\/karol-lipinski\/\" data-type=\"page\" data-id=\"292\">Karola Lipi\u0144skiego<\/a>, <a href=\"https:\/\/paryskiesalonyromantykow.pl\/index.php\/walenty-wankowicz\/\" data-type=\"page\" data-id=\"1544\">Walentego Wa\u0144kowicza<\/a>, a tak\u017ce Adama Mickiewicza i <a href=\"https:\/\/paryskiesalonyromantykow.pl\/index.php\/franciszek-malewski\/\" data-type=\"page\" data-id=\"375\">Franciszka Malewskiego<\/a>, kt\u00f3rzy w pewnym momencie stali si\u0119 sta\u0142ymi go\u015b\u0107mi ich petersburskiego salonu.<\/p>\n\n\n\n<p>Niestety w 1831 roku, gdy Celina mia\u0142a zaledwie 19 lat, jej matka zmar\u0142a nagle podczas epidemii cholery w Petersburgu. Jej siostra Helena po\u015blubi\u0142a wtedy Franciszka Malewskiego, jednak narzeczony Celiny, Erazm Puchalski, porzuci\u0142 j\u0105, gdy dowiedzia\u0142 si\u0119, \u017ce panna nie ma posagu (zarobki jej matki wystarcza\u0142y zaledwie na bie\u017c\u0105ce wydatki). Dziewczyna przenios\u0142a si\u0119 do Warszawy, do ojca, kt\u00f3ry jednak zmar\u0142 rok p\u00f3\u017aniej. Celina popad\u0142a w depresj\u0119, lecz gdy us\u0142ysza\u0142a, \u017ce mieszkaj\u0105cy w Pary\u017cu Adam Mickiewicz wyrazi\u0142 ch\u0119\u0107 po\u015blubienia jej, natychmiast wyruszy\u0142a do stolicy Francji. Poeta wprawdzie szybko wyja\u015bni\u0142, \u017ce swoj\u0105 deklaracj\u0119 wyg\u0142osi\u0142 p\u00f3\u0142\u017cartem, ale panna tak bardzo mu si\u0119 spodoba\u0142a, \u017ce postanowi\u0142 j\u0105 po\u015blubi\u0107. Mickiewiczowie doczekali si\u0119 sze\u015bciorga dzieci &#8211; <a href=\"https:\/\/paryskiesalonyromantykow.pl\/index.php\/maria-gorecka\/\" data-type=\"page\" data-id=\"260\">Marii<\/a>, <a href=\"https:\/\/paryskiesalonyromantykow.pl\/index.php\/wladyslaw-mickiewicz\/\" data-type=\"page\" data-id=\"421\">W\u0142adys\u0142awa<\/a>, <a href=\"https:\/\/paryskiesalonyromantykow.pl\/index.php\/helena-hryniewiecka\/\" data-type=\"page\" data-id=\"446\">Heleny<\/a>, <a href=\"https:\/\/paryskiesalonyromantykow.pl\/index.php\/aleksander-mickiewicz\/\" data-type=\"page\" data-id=\"470\">Aleksandra<\/a>, <a href=\"https:\/\/paryskiesalonyromantykow.pl\/index.php\/jan-mickiewicz\/\" data-type=\"page\" data-id=\"484\">Jana<\/a> i <a href=\"https:\/\/paryskiesalonyromantykow.pl\/index.php\/jozef-mickiewicz\/\" data-type=\"page\" data-id=\"184\">J\u00f3zefa<\/a>.<\/p>\n\n\n\n<p>Ma\u0142\u017ce\u0144stwo nie da\u0142o szcz\u0119\u015bcia Celinie. Niech\u0119\u0107 emigracji (kt\u00f3ra wypomina\u0142a jej \u017cydowskie pochodzenie ze strony matki), dojmuj\u0105ca bieda, wreszcie nieumiej\u0119tno\u015b\u0107 odnalezienia si\u0119 w roli gospodyni domowej &#8211; wszystko to sprawi\u0142o, \u017ce po urodzeniu drugiego dziecka Mickiewiczowa dosta\u0142a ataku choroby psychicznej, objawiaj\u0105cej si\u0119 urojeniami i irracjonalnym zachowaniem. Kilkakrotnie przebywa\u0142a w zak\u0142adzie w Vanves, a\u017c wreszcie w tajemniczy spos\u00f3b uleczy\u0142 j\u0105 <a href=\"https:\/\/paryskiesalonyromantykow.pl\/index.php\/andrzej-towianski\/\" data-type=\"page\" data-id=\"203\">Andrzej Towia\u0144ski<\/a>.<\/p>\n\n\n\n<p>Nie by\u0142 to jednak koniec cios\u00f3w od losu. Adam bowiem, kt\u00f3ry wraz z Towia\u0144skim za\u0142o\u017cy\u0142 Ko\u0142o Sprawy Bo\u017cej, nawi\u0105za\u0142 romans z <a href=\"https:\/\/paryskiesalonyromantykow.pl\/index.php\/ksawera-deybel\/\" data-type=\"page\" data-id=\"188\">Ksawer\u0105 Deybel<\/a>, wile\u0144sk\u0105 \u015bpiewaczk\u0105 i opiekunk\u0105 dzieci Mickiewicz\u00f3w. Celina widzia\u0142a, \u017ce by\u0142 to zwi\u0105zek dalece g\u0142\u0119bszy ni\u017c to, co \u0142\u0105czy\u0142o j\u0105 z m\u0119\u017cem, nie przesta\u0142a jednak nigdy o niego walczy\u0107. Ksawera urodzi\u0142a r\u00f3wnie\u017c Adamowi c\u00f3rk\u0119, <a href=\"https:\/\/paryskiesalonyromantykow.pl\/index.php\/klara-mainard\/\" data-type=\"page\" data-id=\"192\">Klar\u0119<\/a>, kt\u00f3rej poeta w \u015bwietle francuskiego prawa nie m\u00f3g\u0142 oficjalnie uzna\u0107. Mickiewiczowa sojusznika znalaz\u0142a dopiero w przyrodniej siostrze, <a href=\"https:\/\/paryskiesalonyromantykow.pl\/index.php\/zofia-szymanowska\/\" data-type=\"page\" data-id=\"224\">Zofii<\/a>, kt\u00f3ra pomog\u0142a jej pozby\u0107 si\u0119 z domu Ksawery z Klar\u0105. W tym czasie u Celiny pojawi\u0142y si\u0119 pierwsze objawy choroby nowotworowej. Zmaga\u0142a si\u0119 z ni\u0105 prawie dwa lata, a\u017c na pocz\u0105tku marca 1855 roku ostatecznie zabrak\u0142o jej si\u0142. M\u0105\u017c wspiera\u0142 j\u0105 dzielnie, a choroba na nowo zbli\u017cy\u0142a do siebie Mickiewicz\u00f3w. Celina zmar\u0142a w wieku zaledwie 42 lat. Adam po jej \u015bmierci odrzuci\u0142 awanse Zofii, kt\u00f3ra pragn\u0119\u0142a zast\u0105pi\u0107 siostr\u0119, i wyjecha\u0142 do Turcji, gdzie sam dokona\u0142 \u017cywota. Ma\u0142\u017conkowie spocz\u0119li obok siebie na cmentarzu Les Champeaux w Montmorency.<\/p>\n","protected":false},"excerpt":{"rendered":"<p>Celina Felicja Franciszka J\u00f3zefaMickiewicz z Szymanowskich Data i miejsce urodzenia 16 lipca 1812 rokuWarszawa Data i miejsce \u015bmierci 5 marca 1855 rokuPary\u017c Rodzice J\u00f3zef Szymanowski (1785-1832)Maria z Wo\u0142owskich (1789-1831)El\u017cbieta z M\u0142odzianowskich (1791-1847) &#8211; macocha Rodze\u0144stwo Romuald (1811-1839)Helena (1811-1861)Aniela (1824-1872) &#8211; przyrodnia siostraZofia (1825-1870) &#8211; przyrodnia siostraJan (1827-1836) &#8211; przyrodni bratLeon Micha\u0142 (1828-1916) &#8211; przyrodni bratFeliks [&hellip;]<\/p>\n","protected":false},"author":1,"featured_media":0,"parent":0,"menu_order":0,"comment_status":"closed","ping_status":"closed","template":"","meta":[],"_links":{"self":[{"href":"https:\/\/paryskiesalonyromantykow.pl\/index.php\/wp-json\/wp\/v2\/pages\/157"}],"collection":[{"href":"https:\/\/paryskiesalonyromantykow.pl\/index.php\/wp-json\/wp\/v2\/pages"}],"about":[{"href":"https:\/\/paryskiesalonyromantykow.pl\/index.php\/wp-json\/wp\/v2\/types\/page"}],"author":[{"embeddable":true,"href":"https:\/\/paryskiesalonyromantykow.pl\/index.php\/wp-json\/wp\/v2\/users\/1"}],"replies":[{"embeddable":true,"href":"https:\/\/paryskiesalonyromantykow.pl\/index.php\/wp-json\/wp\/v2\/comments?post=157"}],"version-history":[{"count":12,"href":"https:\/\/paryskiesalonyromantykow.pl\/index.php\/wp-json\/wp\/v2\/pages\/157\/revisions"}],"predecessor-version":[{"id":1797,"href":"https:\/\/paryskiesalonyromantykow.pl\/index.php\/wp-json\/wp\/v2\/pages\/157\/revisions\/1797"}],"wp:attachment":[{"href":"https:\/\/paryskiesalonyromantykow.pl\/index.php\/wp-json\/wp\/v2\/media?parent=157"}],"curies":[{"name":"wp","href":"https:\/\/api.w.org\/{rel}","templated":true}]}}