{"id":1448,"date":"2021-01-20T18:10:27","date_gmt":"2021-01-20T17:10:27","guid":{"rendered":"http:\/\/paryskiesalonyromantykow.pl\/?page_id=1448"},"modified":"2021-01-20T18:10:27","modified_gmt":"2021-01-20T17:10:27","slug":"george-byron-pozegnanie","status":"publish","type":"page","link":"https:\/\/paryskiesalonyromantykow.pl\/index.php\/george-byron-pozegnanie\/","title":{"rendered":"George Byron &#8211; Po\u017cegnanie"},"content":{"rendered":"\n<p>B\u0105d\u017a mi zdrowa, b\u0105d\u017a mi zdrowa,<br>Ju\u017c na wieczny \u017cegnaj czas!<br>Serce wiary ci dochowa,<br>Cho\u0107 twa wzgarda dzieli nas.<br><br>Gdyby\u015b wnik\u0142a w \u0142ono moje,<br>Gdzie ci snu \u0142agodna d\u0142o\u0144<br>K\u0142ad\u0142a w\u0142os\u00f3w mi\u0119kkie zwoje,<br>K\u0142ad\u0142a bia\u0142\u0105, ciep\u0142\u0105 skro\u0144 \u2014<br><br>Gdyby\u015b wnik\u0142a mi do \u0142ona,<br>W kt\u00f3rem szczera bije krew,<br>Ujrza\u0142aby\u015b, zap\u0142oniona,<br>Jak nies\u0142usznym by\u0142 tw\u00f3j gniew.<br><br>C\u00f3\u017c, \u017ce chwalby ci wypowie<br>Z cudzych cierpie\u0144 drwi\u0105cy \u015bwiat?<br>Wszak obrazy kryje w s\u0142owie<br>Ten, co ludzkim \u0142zom jest rad.<br><br>Je\u015bli \u017cywot m\u00f3j skalany,<br>Czy\u017c tu niema innych r\u0105k,<br>By mi krwawe zada\u0107 rany,<br>By przysporzy\u0107 gorzkich m\u0105k?<br><br>Lecz ty nie \u0142ud\u017a si\u0119! Powoli<br>Niszczy mi\u0142o\u015b\u0107 wrogi los!<br>Nag\u0142a krzywda dusz\u0119 boli,<br>Serc nie z\u0142amie nag\u0142y cios.<\/p>\n\n\n\n<p>Twe nie umrze i me serce<br>B\u0119dzie \u017cy\u0142o, mimo krwi,<br>Tylko w wielkiej my rozterce,<br>\u017be min\u0119\u0142y wsp\u00f3lne dni!<br><br>Ach! smutniejsza, ni\u017c \u0142za ludzi,<br>Zraszaj\u0105ca \u015bmierci \u0142\u00f3w,<br>My\u015bl ta codzie\u0144 nas obudzi<br>Z wdowich \u0142o\u017cy, z ci\u0119\u017ckich sn\u00f3w.<br><br>Masz-li wol\u0119 ukojenia<br>Szuka\u0107 w dziecku? Ch\u0119\u0107-li masz<br>Uczy\u0107 ojca go imienia,<br>Cho\u0107 mu wzi\u0119\u0142a\u015b ojca stra\u017c?<br><br>Pomnij, lube pieszcz\u0105c dzieci\u0119,<br>Z warg mu s\u0142odkie pij\u0105c tchy,<br>\u017be ci\u0119 kocha kto\u015b tam w \u015bwiecie,<br>\u017be kocha\u0142a\u015b go i ty!<br><br>Odzwierciedl\u0105 jego lice<br>Moje rysy, w\u00f3wczas, wiem,<br>Serce-\u0107 wyzna tajemnic\u0119,<br>\u017bem ja jeszcze w sercu twem.<br><br>Znane ci s\u0105 moje b\u0142\u0119dy,<br>Ale obcy-\u0107 jest m\u00f3j sza\u0142;<br>Ma nadzieja p\u00f3jdzie wsz\u0119dy,<br>Gdzie i\u015b\u0107 krok tw\u00f3j b\u0119dzie chcia\u0142.<br><br>Cios tw\u00f3j krwawe wyry\u0142 znami\u0119<br>W mych uczuciach! Pani burz,<br>Duma, ju\u017c si\u0119 dzisiaj \u0142amie,<br>Sna\u0107 i dusz\u0119 trac\u0119 ju\u017c!&#8230;<\/p>\n\n\n\n<p>Lecz si\u0119 sta\u0142o! Nadaremn\u0105<br>Dzisiaj wszelka s\u0142\u00f3w mych tre\u015b\u0107!<br>Tylko my\u015bl ma p\u00f3jdzie ze mn\u0105,<br>Ona \u017cal m\u00f3j b\u0119dzie nie\u015b\u0107&#8230;<br><br>\u017begnaj! \u017begnaj! W tej roz\u0142\u0105ce,<br>Co serdeczny niszczy \u015blub,<br>Schnie mi, ga\u015bnie serce wrz\u0105ce,<br>Lecz nie schodzi w zimny gr\u00f3b.<\/p>\n","protected":false},"excerpt":{"rendered":"<p>B\u0105d\u017a mi zdrowa, b\u0105d\u017a mi zdrowa,Ju\u017c na wieczny \u017cegnaj czas!Serce wiary ci dochowa,Cho\u0107 twa wzgarda dzieli nas. Gdyby\u015b wnik\u0142a w \u0142ono moje,Gdzie ci snu \u0142agodna d\u0142o\u0144K\u0142ad\u0142a w\u0142os\u00f3w mi\u0119kkie zwoje,K\u0142ad\u0142a bia\u0142\u0105, ciep\u0142\u0105 skro\u0144 \u2014 Gdyby\u015b wnik\u0142a mi do \u0142ona,W kt\u00f3rem szczera bije krew,Ujrza\u0142aby\u015b, zap\u0142oniona,Jak nies\u0142usznym by\u0142 tw\u00f3j gniew. C\u00f3\u017c, \u017ce chwalby ci wypowieZ cudzych cierpie\u0144 drwi\u0105cy [&hellip;]<\/p>\n","protected":false},"author":1,"featured_media":0,"parent":0,"menu_order":0,"comment_status":"closed","ping_status":"closed","template":"","meta":[],"_links":{"self":[{"href":"https:\/\/paryskiesalonyromantykow.pl\/index.php\/wp-json\/wp\/v2\/pages\/1448"}],"collection":[{"href":"https:\/\/paryskiesalonyromantykow.pl\/index.php\/wp-json\/wp\/v2\/pages"}],"about":[{"href":"https:\/\/paryskiesalonyromantykow.pl\/index.php\/wp-json\/wp\/v2\/types\/page"}],"author":[{"embeddable":true,"href":"https:\/\/paryskiesalonyromantykow.pl\/index.php\/wp-json\/wp\/v2\/users\/1"}],"replies":[{"embeddable":true,"href":"https:\/\/paryskiesalonyromantykow.pl\/index.php\/wp-json\/wp\/v2\/comments?post=1448"}],"version-history":[{"count":1,"href":"https:\/\/paryskiesalonyromantykow.pl\/index.php\/wp-json\/wp\/v2\/pages\/1448\/revisions"}],"predecessor-version":[{"id":1450,"href":"https:\/\/paryskiesalonyromantykow.pl\/index.php\/wp-json\/wp\/v2\/pages\/1448\/revisions\/1450"}],"wp:attachment":[{"href":"https:\/\/paryskiesalonyromantykow.pl\/index.php\/wp-json\/wp\/v2\/media?parent=1448"}],"curies":[{"name":"wp","href":"https:\/\/api.w.org\/{rel}","templated":true}]}}