{"id":1439,"date":"2021-01-20T18:01:40","date_gmt":"2021-01-20T17:01:40","guid":{"rendered":"http:\/\/paryskiesalonyromantykow.pl\/?page_id=1439"},"modified":"2021-01-20T18:01:41","modified_gmt":"2021-01-20T17:01:41","slug":"narcyza-zmichowska-zaplakala-przezegnala","status":"publish","type":"page","link":"https:\/\/paryskiesalonyromantykow.pl\/index.php\/narcyza-zmichowska-zaplakala-przezegnala\/","title":{"rendered":"Narcyza \u017bmichowska &#8211; Zap\u0142aka\u0142a, prze\u017cegna\u0142a"},"content":{"rendered":"\n<p>Pier\u015bcioneczek da\u0142a sw\u00f3j;<br>Jam go schowa\u0142, uca\u0142owa\u0142,<br>I ruszy\u0142em w \u015bwiat.<\/p>\n\n\n\n<p>Jak ruszy\u0142em, nie t\u0119skni\u0142em,<br>Bo \u015bwiat takim pi\u0119knym by\u0142,<br>Cud przy cudzie, kwiaty, ludzie,<br>M\u0142odociane dni.<br>Zrywa\u0142em, och! kocha\u0142em,<br>I m\u00f3wi\u0142em sobie tak:<br>Tu co chwil\u0119 szcz\u0119\u015bcia tyle,<br>Skarb\u00f3w tyle mam.<\/p>\n\n\n\n<p>Kwiat\u00f3w wonie, bratnie d\u0142onie<br>Zewsz\u0105d do mnie garn\u0105 si\u0119,<br>A tam ona, zasmucona,<br>Da\u0142a tylko \u0142z\u0119!<\/p>\n\n\n\n<p>\u0141z\u0119 mi da\u0142a, prze\u017cegna\u0142a,<br>Pier\u015bcioneczek da\u0142a sw\u00f3j,<br>W podr\u00f3\u017c ca\u0142\u0105 to zbyt ma\u0142o,<br>Ja chc\u0119 wi\u0119cej mie\u0107.<\/p>\n\n\n\n<p>Tak m\u00f3wi\u0142em i p\u0119dzi\u0142em<br>Coraz dalej, dalej w \u015bwiat,<br>A\u017c bez si\u0142y u mogi\u0142y<br>Zatrzyma\u0142em si\u0119!<\/p>\n\n\n\n<p>Patrz\u0119 w ko\u0142o, schylam czo\u0142o,<br>Szukam kwiat\u00f3w, zwi\u0119d\u0142y ju\u017c;<br>Szukam ludzi, wzrok si\u0119 trudzi,<br>Nie zosta\u0142o nic.<\/p>\n\n\n\n<p>Tyle wra\u017ce\u0144 i wydarze\u0144<br>Pami\u0119\u0107 tylko mam jej \u0142zy,<br>Ach! i zosta\u0142, ten com dosta\u0142,<br>Pier\u015bcioneczek jej!<\/p>\n","protected":false},"excerpt":{"rendered":"<p>Pier\u015bcioneczek da\u0142a sw\u00f3j;Jam go schowa\u0142, uca\u0142owa\u0142,I ruszy\u0142em w \u015bwiat. Jak ruszy\u0142em, nie t\u0119skni\u0142em,Bo \u015bwiat takim pi\u0119knym by\u0142,Cud przy cudzie, kwiaty, ludzie,M\u0142odociane dni.Zrywa\u0142em, och! kocha\u0142em,I m\u00f3wi\u0142em sobie tak:Tu co chwil\u0119 szcz\u0119\u015bcia tyle,Skarb\u00f3w tyle mam. Kwiat\u00f3w wonie, bratnie d\u0142onieZewsz\u0105d do mnie garn\u0105 si\u0119,A tam ona, zasmucona,Da\u0142a tylko \u0142z\u0119! \u0141z\u0119 mi da\u0142a, prze\u017cegna\u0142a,Pier\u015bcioneczek da\u0142a sw\u00f3j,W podr\u00f3\u017c ca\u0142\u0105 to [&hellip;]<\/p>\n","protected":false},"author":1,"featured_media":0,"parent":0,"menu_order":0,"comment_status":"closed","ping_status":"closed","template":"","meta":[],"_links":{"self":[{"href":"https:\/\/paryskiesalonyromantykow.pl\/index.php\/wp-json\/wp\/v2\/pages\/1439"}],"collection":[{"href":"https:\/\/paryskiesalonyromantykow.pl\/index.php\/wp-json\/wp\/v2\/pages"}],"about":[{"href":"https:\/\/paryskiesalonyromantykow.pl\/index.php\/wp-json\/wp\/v2\/types\/page"}],"author":[{"embeddable":true,"href":"https:\/\/paryskiesalonyromantykow.pl\/index.php\/wp-json\/wp\/v2\/users\/1"}],"replies":[{"embeddable":true,"href":"https:\/\/paryskiesalonyromantykow.pl\/index.php\/wp-json\/wp\/v2\/comments?post=1439"}],"version-history":[{"count":1,"href":"https:\/\/paryskiesalonyromantykow.pl\/index.php\/wp-json\/wp\/v2\/pages\/1439\/revisions"}],"predecessor-version":[{"id":1441,"href":"https:\/\/paryskiesalonyromantykow.pl\/index.php\/wp-json\/wp\/v2\/pages\/1439\/revisions\/1441"}],"wp:attachment":[{"href":"https:\/\/paryskiesalonyromantykow.pl\/index.php\/wp-json\/wp\/v2\/media?parent=1439"}],"curies":[{"name":"wp","href":"https:\/\/api.w.org\/{rel}","templated":true}]}}