{"id":1421,"date":"2021-01-20T17:55:23","date_gmt":"2021-01-20T16:55:23","guid":{"rendered":"http:\/\/paryskiesalonyromantykow.pl\/?page_id=1421"},"modified":"2021-01-20T17:55:23","modified_gmt":"2021-01-20T16:55:23","slug":"narcyza-zmichowska-cobym-ci-chciala-dac","status":"publish","type":"page","link":"https:\/\/paryskiesalonyromantykow.pl\/index.php\/narcyza-zmichowska-cobym-ci-chciala-dac\/","title":{"rendered":"Narcyza \u017bmichowska &#8211; Cobym ci chcia\u0142a da\u0107?"},"content":{"rendered":"\n<p>Co jabym ci chcia\u0142a da\u0107?<br>Chcia\u0142abym ci da\u0107, kochanie,<br>Pyszny pa\u0142ac na mieszkanie,<br>Z kolumnami, kryszta\u0142ami,<br>Z\u0142ociste mi wezg\u0142owiami<br>I mi\u0119kkimi kobiercami<br>Pod twe drobne stopy.<br>Co jabym ci chcia\u0142a da\u0107?<br>Chcia\u0142abym ci da\u0107, kochanie,<br>Ma\u0142y domek na mieszkanie,<br>Z okienkami zielonemi,<br>Z \u0142aweczkami brzozowemi,<br>Z akacyami cienistemi<br>Nad twe bia\u0142e czo\u0142o.<br>Co jabym ci chcia\u0142a da\u0107?<br>Chcia\u0142abym ci da\u0107, kochanie,<br>Szafir z nieba na ubranie,<br>Promie\u0144 s\u0142o\u0144ca na wianeczek,<br>Per\u0142y rosy. na sznureczek,<br>I z gwiazdeczki pier\u015bcioneczek<br>Na tw\u0105 \u015bliczn\u0105 r\u0119k\u0119.<br>Co jabym ci chcia\u0142a da\u0107?<br>Chcia\u0142abym ci da\u0107, kochanic,<br>Bia\u0142y mu\u015blin na ubranie,<br>Wianek z chabru upleciony,<br>Krzy\u017c, z olszynki wyrobiony,<br>J pier\u015bcionek, po\u015bwi\u0119cony<br>W samej Cz\u0119stochowie.<br>Co jabym ci chcia\u0142a da\u0107?<br>Chcia\u0142abym ci da\u0107, kochanie,<\/p>\n\n\n\n<p>Naco tylko Boga stanie:<br>Wiar\u0119 niczem niewzruszon\u0105,<br>Mi\u0142o\u015b\u0107 nigdy niezdradzon\u0105,<br>I szcz\u0119\u015bliwo\u015b\u0107 wymarzon\u0105,<br>A trwa\u0142\u0105 na wieki.<br>Co jabym ci chcia\u0142a da\u0107?<br>Chcia\u0142abym ci da\u0107, kochanie,<br>Naco biedn\u0105 ziemi\u0119 stanie \u2013<br>\u015amiech z pr\u00f3\u017cno\u015bci tego \u015bwiata,<br>Pob\u0142a\u017canie za grzech brata,<br>I modlitw\u0119, co ulata<br>Ku niebu w z\u0142ej doli.<\/p>\n","protected":false},"excerpt":{"rendered":"<p>Co jabym ci chcia\u0142a da\u0107?Chcia\u0142abym ci da\u0107, kochanie,Pyszny pa\u0142ac na mieszkanie,Z kolumnami, kryszta\u0142ami,Z\u0142ociste mi wezg\u0142owiamiI mi\u0119kkimi kobiercamiPod twe drobne stopy.Co jabym ci chcia\u0142a da\u0107?Chcia\u0142abym ci da\u0107, kochanie,Ma\u0142y domek na mieszkanie,Z okienkami zielonemi,Z \u0142aweczkami brzozowemi,Z akacyami cienistemiNad twe bia\u0142e czo\u0142o.Co jabym ci chcia\u0142a da\u0107?Chcia\u0142abym ci da\u0107, kochanie,Szafir z nieba na ubranie,Promie\u0144 s\u0142o\u0144ca na wianeczek,Per\u0142y rosy. na [&hellip;]<\/p>\n","protected":false},"author":1,"featured_media":0,"parent":0,"menu_order":0,"comment_status":"closed","ping_status":"closed","template":"","meta":[],"_links":{"self":[{"href":"https:\/\/paryskiesalonyromantykow.pl\/index.php\/wp-json\/wp\/v2\/pages\/1421"}],"collection":[{"href":"https:\/\/paryskiesalonyromantykow.pl\/index.php\/wp-json\/wp\/v2\/pages"}],"about":[{"href":"https:\/\/paryskiesalonyromantykow.pl\/index.php\/wp-json\/wp\/v2\/types\/page"}],"author":[{"embeddable":true,"href":"https:\/\/paryskiesalonyromantykow.pl\/index.php\/wp-json\/wp\/v2\/users\/1"}],"replies":[{"embeddable":true,"href":"https:\/\/paryskiesalonyromantykow.pl\/index.php\/wp-json\/wp\/v2\/comments?post=1421"}],"version-history":[{"count":1,"href":"https:\/\/paryskiesalonyromantykow.pl\/index.php\/wp-json\/wp\/v2\/pages\/1421\/revisions"}],"predecessor-version":[{"id":1423,"href":"https:\/\/paryskiesalonyromantykow.pl\/index.php\/wp-json\/wp\/v2\/pages\/1421\/revisions\/1423"}],"wp:attachment":[{"href":"https:\/\/paryskiesalonyromantykow.pl\/index.php\/wp-json\/wp\/v2\/media?parent=1421"}],"curies":[{"name":"wp","href":"https:\/\/api.w.org\/{rel}","templated":true}]}}