{"id":1229,"date":"2021-01-17T10:55:58","date_gmt":"2021-01-17T09:55:58","guid":{"rendered":"http:\/\/paryskiesalonyromantykow.pl\/?page_id=1229"},"modified":"2021-01-17T10:55:58","modified_gmt":"2021-01-17T09:55:58","slug":"maria-beatrix-krasinska","status":"publish","type":"page","link":"https:\/\/paryskiesalonyromantykow.pl\/index.php\/maria-beatrix-krasinska\/","title":{"rendered":"Maria Beatrix Krasi\u0144ska"},"content":{"rendered":"\n<figure class=\"wp-block-table aligncenter is-style-stripes\"><table><tbody><tr><td class=\"has-text-align-left\" data-align=\"left\"><img loading=\"lazy\" width=\"1000\" height=\"1000\" class=\"wp-image-1231\" style=\"width: 200px;\" src=\"http:\/\/paryskiesalonyromantykow.pl\/wp-content\/uploads\/2021\/01\/pjimage-12-2.jpg\" alt=\"\" srcset=\"https:\/\/paryskiesalonyromantykow.pl\/wp-content\/uploads\/2021\/01\/pjimage-12-2.jpg 1000w, https:\/\/paryskiesalonyromantykow.pl\/wp-content\/uploads\/2021\/01\/pjimage-12-2-300x300.jpg 300w, https:\/\/paryskiesalonyromantykow.pl\/wp-content\/uploads\/2021\/01\/pjimage-12-2-150x150.jpg 150w, https:\/\/paryskiesalonyromantykow.pl\/wp-content\/uploads\/2021\/01\/pjimage-12-2-768x768.jpg 768w\" sizes=\"(max-width: 1000px) 100vw, 1000px\" \/><\/td><td>Maria Beatrix Raczy\u0144ska z Krasi\u0144skich<\/td><\/tr><tr><td class=\"has-text-align-left\" data-align=\"left\"><strong>Data i miejsce urodzenia<\/strong><\/td><td>24 lipca 1850 roku<br>Warszawa<\/td><\/tr><tr><td class=\"has-text-align-left\" data-align=\"left\"><strong>Data i miejsce \u015bmierci<\/strong><\/td><td>24 sierpnia 1884 roku<br>Trydent<\/td><\/tr><tr><td class=\"has-text-align-left\" data-align=\"left\"><strong>Rodzice<\/strong><\/td><td><a href=\"https:\/\/paryskiesalonyromantykow.pl\/index.php\/zygmunt-krasinski\/\">Zygmunt (1812-1859)<\/a><br><a href=\"http:\/\/paryskiesalonyromantykow.pl\/index.php\/eliza-krasinska\/\" data-type=\"page\" data-id=\"458\">Eliza z Branickich (1820-1876)<\/a><\/td><\/tr><tr><td class=\"has-text-align-left\" data-align=\"left\"><strong>Rodze\u0144stwo<\/strong><\/td><td><a href=\"http:\/\/paryskiesalonyromantykow.pl\/index.php\/wladyslaw-wincenty-krasinski\/\" data-type=\"page\" data-id=\"1225\">W\u0142adys\u0142aw Wincenty (1844-1873)<\/a><br>Zygmunt (1846-1867)<br>El\u017cbieta (1853-1857)<\/td><\/tr><tr><td class=\"has-text-align-left\" data-align=\"left\"><strong>M\u0105\u017c<\/strong><\/td><td>Edward Raczy\u0144ski (1847-1926)<\/td><\/tr><tr><td class=\"has-text-align-left\" data-align=\"left\"><strong>Dzieci<\/strong><\/td><td>Karol Roger (1878-1946)<\/td><\/tr><\/tbody><\/table><\/figure>\n\n\n\n<p>Maria Beatrix Raczy\u0144ska z Krasi\u0144skich, najm\u0142odsza c\u00f3rka hrabiego <a href=\"http:\/\/paryskiesalonyromantykow.pl\/index.php\/zygmunt-krasinski\/\" data-type=\"page\" data-id=\"494\">Zygmunta Krasi\u0144skiego<\/a> i jego \u017cony <a href=\"http:\/\/paryskiesalonyromantykow.pl\/index.php\/eliza-krasinska\/\" data-type=\"page\" data-id=\"458\">Elizy z Branickich<\/a>, nazywana &#8222;Pani\u0105 na Z\u0142otym Potoku&#8221;. Gdy mia\u0142a 8 lat, zmar\u0142 jej ojciec, matka za\u015b niebawem po\u015blubi\u0142a hrabiego Ludwika J\u00f3zefa Krasi\u0144skiego, dalekiego kuzyna zmar\u0142ego poety. Ca\u0142a rodzina przeprowadzi\u0142a si\u0119 do Pary\u017ca.<\/p>\n\n\n\n<p>Gdy Maria mia\u0142a 21 lat, zainteresowa\u0142 si\u0119 ni\u0105 sam kr\u00f3l Szwecji i Norwegii, Karol XV Bernadotte, kt\u00f3ry niedawno straci\u0142 \u017con\u0119, Ludwik\u0119 Ora\u0144sk\u0105. Rozpocz\u0119to przygotowania do zar\u0119czyn. Cho\u0107 dziewczyna nie nale\u017ca\u0142a do rodu kr\u00f3lewskiego, Bernadotte got\u00f3w by\u0142 to obej\u015b\u0107, na co du\u017cy wp\u0142yw mia\u0142a r\u00f3wnie\u017c fortuna wybranki odziedziczona po ojcu. Planowano nadanie tytu\u0142u jej ojczymowi dzi\u0119ki wstawiennictwu jej krewnego, kr\u00f3la Hiszpanii, plany te jednak pokrzy\u017cowa\u0142a \u015bmier\u0107 Karola XV, a tron szwedzi obj\u0105\u0142 jego m\u0142odszy brat, Oskar II.<\/p>\n\n\n\n<p>W 1873 roku na zmar\u0142 jej najstarszy brat, <a href=\"http:\/\/paryskiesalonyromantykow.pl\/index.php\/wladyslaw-wincenty-krasinski\/\" data-type=\"page\" data-id=\"1225\">W\u0142adys\u0142aw<\/a>, ordynat rodzinnej Opinog\u00f3ry, a trzy lata p\u00f3\u017aniej jej matka, Eliza. Pogr\u0105\u017cona w \u017ca\u0142obie Maria pozna\u0142a wtedy hrabiego Edwarda Raczy\u0144skiego, dla kt\u00f3rego straci\u0142a g\u0142ow\u0119. Niebawem m\u0142odzi wzi\u0119li \u015blub, a rok p\u00f3\u017aniej przyszed\u0142 na \u015bwiat ich jedyny syn, Karol Roger.<\/p>\n\n\n\n<p>Maria nie zazna\u0142a jednak szcz\u0119\u015bcia w ma\u0142\u017ce\u0144stwie. Podobnie jak ojciec i brat chorowa\u0142a na gru\u017alic\u0119, w dodatku by\u0142a uzale\u017cniona od morfiny. Uznawana za ekscentryczk\u0119 albo wr\u0119cz dziwaczk\u0119, stale zmienia\u0142a miejsce zamieszkania i \u017cy\u0142a ponad stan. Na pocz\u0105tku lat 80. XIX wieku przez kr\u00f3tki czas pomaga\u0142a w publikowaniu pism swojego ojca w dwutygodniku &#8222;Kronika Rodzinna&#8221;. W 1884 roku by\u0142a ju\u017c tak chora, \u017ce praktycznie ca\u0142e dnie sp\u0119dza\u0142a w \u0142\u00f3\u017cku. Zmar\u0142a w wieku zaledwie 34 lat. Po jej \u015bmierci jej m\u0105\u017c po\u015blubi\u0142 R\u00f3\u017c\u0119 Krasi\u0144sk\u0105 z Potockich, wdow\u0119 po W\u0142adys\u0142awie, bracie Marii.<\/p>\n","protected":false},"excerpt":{"rendered":"<p>Maria Beatrix Raczy\u0144ska z Krasi\u0144skich Data i miejsce urodzenia 24 lipca 1850 rokuWarszawa Data i miejsce \u015bmierci 24 sierpnia 1884 rokuTrydent Rodzice Zygmunt (1812-1859)Eliza z Branickich (1820-1876) Rodze\u0144stwo W\u0142adys\u0142aw Wincenty (1844-1873)Zygmunt (1846-1867)El\u017cbieta (1853-1857) M\u0105\u017c Edward Raczy\u0144ski (1847-1926) Dzieci Karol Roger (1878-1946) Maria Beatrix Raczy\u0144ska z Krasi\u0144skich, najm\u0142odsza c\u00f3rka hrabiego Zygmunta Krasi\u0144skiego i jego \u017cony Elizy [&hellip;]<\/p>\n","protected":false},"author":1,"featured_media":0,"parent":0,"menu_order":0,"comment_status":"closed","ping_status":"closed","template":"","meta":[],"_links":{"self":[{"href":"https:\/\/paryskiesalonyromantykow.pl\/index.php\/wp-json\/wp\/v2\/pages\/1229"}],"collection":[{"href":"https:\/\/paryskiesalonyromantykow.pl\/index.php\/wp-json\/wp\/v2\/pages"}],"about":[{"href":"https:\/\/paryskiesalonyromantykow.pl\/index.php\/wp-json\/wp\/v2\/types\/page"}],"author":[{"embeddable":true,"href":"https:\/\/paryskiesalonyromantykow.pl\/index.php\/wp-json\/wp\/v2\/users\/1"}],"replies":[{"embeddable":true,"href":"https:\/\/paryskiesalonyromantykow.pl\/index.php\/wp-json\/wp\/v2\/comments?post=1229"}],"version-history":[{"count":1,"href":"https:\/\/paryskiesalonyromantykow.pl\/index.php\/wp-json\/wp\/v2\/pages\/1229\/revisions"}],"predecessor-version":[{"id":1233,"href":"https:\/\/paryskiesalonyromantykow.pl\/index.php\/wp-json\/wp\/v2\/pages\/1229\/revisions\/1233"}],"wp:attachment":[{"href":"https:\/\/paryskiesalonyromantykow.pl\/index.php\/wp-json\/wp\/v2\/media?parent=1229"}],"curies":[{"name":"wp","href":"https:\/\/api.w.org\/{rel}","templated":true}]}}